{"id":4606,"date":"2025-06-28T16:47:28","date_gmt":"2025-06-28T14:47:28","guid":{"rendered":"https:\/\/uj.adatbank.ro\/lexikon\/termek\/bethlen-gergely-bethleni-gr-4\/"},"modified":"2025-06-28T16:47:28","modified_gmt":"2025-06-28T14:47:28","slug":"bethlen-gergely-bethleni-gr-4","status":"publish","type":"product","link":"https:\/\/uj.adatbank.ro\/lexikon\/termek\/bethlen-gergely-bethleni-gr-4\/","title":{"rendered":"BETHLEN Gergely, bethleni gr."},"content":{"rendered":"<p>1760. \u2020 Nagyenyed, 1816. m\u00e1rc. 31., Bethlenben a csal\u00e1di s\u00edrboltba temett\u00e9k: guberniumi f\u0151tan\u00e1csos, b. t. t. \u2013 B. Gergely (1717\u20131792) \u00e9s Nal\u00e1czy Borb\u00e1la fia. Feles\u00e9ge: br. B\u00e1nffy Zsuzsanna (1765\u20131840). Le\u00e1nyuk: Borb\u00e1la (1793. szept. 12\u2013). \u2013 A nagyszebeni Kir. T\u00f6rv\u00e9nysz\u00e9k eln\u00f6ke, cs. k. tan\u00e1csos, Guberniumi tan\u00e1csos (1794\u2013). B. t. t.-i ranggal nyugd\u00edj\u00edzt\u00e1k. T\u00e1bornok \u00e9s a husz\u00e1rok parancsnoka a nemesi felkel\u00e9sben (1809). A Nagyenyedi Ref. Koll. f\u0151gondnoka. Az Erd\u00e9lyi Ref. Egyh\u00e1z \u00e9s a kv.-i Ref. Koll. gondnoka. A kor k\u00f6zismert tudom\u00e1nyp\u00e1rtol\u00f3ja. Tulajdon\u00e1ban volt az a mv.-i f\u0151t\u00e9ri h\u00e1z, amelyik a Kir. T\u00e1bla els\u0151 sz\u00e9kh\u00e1za mellett volt (1785\u201387 n\u00e9psz\u00e1ml\u00e1l\u00e1s alkalm\u00e1val m\u00e1r az \u0151 nev\u00e9n volt.), majd br. Bornemisza Lip\u00f3t\u00e9 lett (1816). <br \/><strong>Irod.:<\/strong> Albiz\u00e1l\u00e1s; Gudenus, Gy\u00e1szjelent\u0151; Internet; Lev\u00e9lt\u00e1ri gy\u00e1szj.; Orb\u00e1n J\u00e1nos: A Kir\u00e1lyi T\u00e1bla els\u0151 k\u00e9t mv.-i sz\u00e9kh\u00e1za = St\u00edlusok, m\u0171vek, mesterek<\/br><\/p>\n","protected":false},"excerpt":{"rendered":"<p>1760. \u2020 Nagyenyed, 1816. m\u00e1rc. 31., Bethlenben a csal\u00e1di s\u00edrboltba temett\u00e9k: guberniumi f\u0151tan\u00e1csos, b. t. t. \u2013 B. Gergely (1717\u20131792) \u00e9s Nal\u00e1czy Borb\u00e1la fia. Feles\u00e9ge: br. B\u00e1nffy Zsuzsanna (1765\u20131840). Le\u00e1nyuk: Borb\u00e1la (1793. szept. 12\u2013). \u2013 A nagyszebeni Kir. T\u00f6rv\u00e9nysz\u00e9k eln\u00f6ke, cs. k. tan\u00e1csos, Guberniumi tan\u00e1csos (1794\u2013). B. t. t.-i ranggal nyugd\u00edj\u00edzt\u00e1k. T\u00e1bornok \u00e9s a husz\u00e1rok [&hellip;]<\/p>\n","protected":false},"featured_media":0,"comment_status":"open","ping_status":"closed","template":"","meta":[],"product_brand":[],"product_cat":[137],"product_tag":[],"class_list":{"0":"post-4606","1":"product","2":"type-product","3":"status-publish","5":"product_cat-maros-megyei-eletrajzi-lexikon","7":"first","8":"instock","9":"shipping-taxable","10":"product-type-simple"},"_links":{"self":[{"href":"https:\/\/uj.adatbank.ro\/lexikon\/wp-json\/wp\/v2\/product\/4606","targetHints":{"allow":["GET"]}}],"collection":[{"href":"https:\/\/uj.adatbank.ro\/lexikon\/wp-json\/wp\/v2\/product"}],"about":[{"href":"https:\/\/uj.adatbank.ro\/lexikon\/wp-json\/wp\/v2\/types\/product"}],"replies":[{"embeddable":true,"href":"https:\/\/uj.adatbank.ro\/lexikon\/wp-json\/wp\/v2\/comments?post=4606"}],"wp:attachment":[{"href":"https:\/\/uj.adatbank.ro\/lexikon\/wp-json\/wp\/v2\/media?parent=4606"}],"wp:term":[{"taxonomy":"product_brand","embeddable":true,"href":"https:\/\/uj.adatbank.ro\/lexikon\/wp-json\/wp\/v2\/product_brand?post=4606"},{"taxonomy":"product_cat","embeddable":true,"href":"https:\/\/uj.adatbank.ro\/lexikon\/wp-json\/wp\/v2\/product_cat?post=4606"},{"taxonomy":"product_tag","embeddable":true,"href":"https:\/\/uj.adatbank.ro\/lexikon\/wp-json\/wp\/v2\/product_tag?post=4606"}],"curies":[{"name":"wp","href":"https:\/\/api.w.org\/{rel}","templated":true}]}}

<p>1760. † Nagyenyed, 1816. márc. 31., Bethlenben a családi sírboltba temették: guberniumi főtanácsos, b. t. t. – B. Gergely (1717–1792) és Naláczy Borbála fia. Felesége: br. Bánffy Zsuzsanna (1765–1840). Leányuk: Borbála (1793. szept. 12–). – A nagyszebeni Kir. Törvényszék elnöke, cs. k. tanácsos, Guberniumi tanácsos (1794–). B. t. t.-i ranggal nyugdíjízták. Tábornok és a huszárok parancsnoka a nemesi felkelésben (1809). A Nagyenyedi Ref. Koll. főgondnoka. Az Erdélyi Ref. Egyház és a kv.-i Ref. Koll. gondnoka. A kor közismert tudománypártolója. Tulajdonában volt az a mv.-i főtéri ház, amelyik a Kir. Tábla első székháza mellett volt (1785–87 népszámlálás alkalmával már az ő nevén volt.), majd br. Bornemisza Lipóté lett (1816). <br /><strong>Irod.:</strong> Albizálás; Gudenus, Gyászjelentő; Internet; Levéltári gyászj.; Orbán János: A Királyi Tábla első két mv.-i székháza = Stílusok, művek, mesterek</br></p>

<p>1760. † Nagyenyed, 1816. márc. 31., Bethlenben a családi sírboltba temették: guberniumi főtanácsos, b. t. t. – B. Gergely (1717–1792) és Naláczy Borbála fia. Felesége: br. Bánffy Zsuzsanna (1765–1840). Leányuk: Borbála (1793. szept. 12–). – A nagyszebeni Kir. Törvényszék elnöke, cs. k. tanácsos, Guberniumi tanácsos (1794–). B. t. t.-i ranggal nyugdíjízták. Tábornok és a huszárok [&hellip;]</p>
