{"id":4610,"date":"2025-06-28T16:47:34","date_gmt":"2025-06-28T14:47:34","guid":{"rendered":"https:\/\/uj.adatbank.ro\/lexikon\/termek\/bethlen-gizella-bethleni-gr-apor-gezene\/"},"modified":"2025-06-28T16:47:34","modified_gmt":"2025-06-28T14:47:34","slug":"bethlen-gizella-bethleni-gr-apor-gezene","status":"publish","type":"product","link":"https:\/\/uj.adatbank.ro\/lexikon\/termek\/bethlen-gizella-bethleni-gr-apor-gezene\/","title":{"rendered":"BETHLEN Gizella, bethleni gr., Apor G\u00e9z\u00e9n\u00e9"},"content":{"rendered":"<p>Bonyha, 1843. febr. 25., \u2020 B\u00e9cs, 1863. j\u00fan. 11.: f\u00f6ldbirtokos. \u2013 B. Farkas \u00e9s Teleki R\u00f3za le\u00e1nya, T. S\u00e1ndor unokah\u00faga. Esk\u00fcv\u0151 Apor G\u00e9z\u00e1val (Bonyha, 1861. nov. 17). <br \/><strong>Irod.:<\/strong> Bethlen S\u00e1ndor: Eml\u00e9kezz\u00fcnk r\u00e9giekr\u0151l (Buk., 1973); Gudenus; Kempelen; Kornis<\/br><\/p>\n","protected":false},"excerpt":{"rendered":"<p>Bonyha, 1843. febr. 25., \u2020 B\u00e9cs, 1863. j\u00fan. 11.: f\u00f6ldbirtokos. \u2013 B. Farkas \u00e9s Teleki R\u00f3za le\u00e1nya, T. S\u00e1ndor unokah\u00faga. Esk\u00fcv\u0151 Apor G\u00e9z\u00e1val (Bonyha, 1861. nov. 17). Irod.: Bethlen S\u00e1ndor: Eml\u00e9kezz\u00fcnk r\u00e9giekr\u0151l (Buk., 1973); Gudenus; Kempelen; Kornis<\/p>\n","protected":false},"featured_media":0,"comment_status":"open","ping_status":"closed","template":"","meta":[],"product_brand":[],"product_cat":[137],"product_tag":[],"class_list":{"0":"post-4610","1":"product","2":"type-product","3":"status-publish","5":"product_cat-maros-megyei-eletrajzi-lexikon","7":"first","8":"instock","9":"shipping-taxable","10":"product-type-simple"},"_links":{"self":[{"href":"https:\/\/uj.adatbank.ro\/lexikon\/wp-json\/wp\/v2\/product\/4610","targetHints":{"allow":["GET"]}}],"collection":[{"href":"https:\/\/uj.adatbank.ro\/lexikon\/wp-json\/wp\/v2\/product"}],"about":[{"href":"https:\/\/uj.adatbank.ro\/lexikon\/wp-json\/wp\/v2\/types\/product"}],"replies":[{"embeddable":true,"href":"https:\/\/uj.adatbank.ro\/lexikon\/wp-json\/wp\/v2\/comments?post=4610"}],"wp:attachment":[{"href":"https:\/\/uj.adatbank.ro\/lexikon\/wp-json\/wp\/v2\/media?parent=4610"}],"wp:term":[{"taxonomy":"product_brand","embeddable":true,"href":"https:\/\/uj.adatbank.ro\/lexikon\/wp-json\/wp\/v2\/product_brand?post=4610"},{"taxonomy":"product_cat","embeddable":true,"href":"https:\/\/uj.adatbank.ro\/lexikon\/wp-json\/wp\/v2\/product_cat?post=4610"},{"taxonomy":"product_tag","embeddable":true,"href":"https:\/\/uj.adatbank.ro\/lexikon\/wp-json\/wp\/v2\/product_tag?post=4610"}],"curies":[{"name":"wp","href":"https:\/\/api.w.org\/{rel}","templated":true}]}}