{"id":4613,"date":"2025-06-28T16:47:41","date_gmt":"2025-06-28T14:47:41","guid":{"rendered":"https:\/\/uj.adatbank.ro\/lexikon\/termek\/bethlen-gyorgy-bethleni-gr-3\/"},"modified":"2025-06-28T16:47:41","modified_gmt":"2025-06-28T14:47:41","slug":"bethlen-gyorgy-bethleni-gr-3","status":"publish","type":"product","link":"https:\/\/uj.adatbank.ro\/lexikon\/termek\/bethlen-gyorgy-bethleni-gr-3\/","title":{"rendered":"BETHLEN Gy\u00f6rgy, bethleni gr."},"content":{"rendered":"<p>?\u00a0\u2020 1574., temetve a keresdi temet\u0151 kript\u00e1j\u00e1ban: f\u00f6ldbirtokos, tan\u00e1csos. \u2013 B. Elek \u00e9s B\u00e1nffy Druzsi\u00e1na fia. F\u00e9ltestv\u00e9re: Hainnai Farkas Farkas. Feles\u00e9ge: 1. S\u00fck\u00f6sd Anna, 2. nagyk\u00e1rolyi K\u00e1rolyi Kl\u00e1ra. Gyermekei: Mikl\u00f3s, Ferenc, Mih\u00e1ly. \u2013 Izabella, majd J\u00e1nos Zsigmond fejedelem tan\u00e1csosa (1559\u2013). \u00c1t\u00e9p\u00edtette \u00e9s b\u0151v\u00edtette k\u00e9tsz\u00edntes sz\u00e1rnnyal, renesz\u00e1nsz st\u00edlusban Keresd v\u00e1r\u00e1t (1559), a Bethlen csal\u00e1d \u0151si f\u00e9szk\u00e9t. Megszerezte Szentiv\u00e1nyt \u00e9s Gog\u00e1nv\u00e1ralj\u00e1t. <br \/><strong>Irod.:<\/strong> \u00c1ll\u00f3- \u00e9s mozg\u00f3k\u00e9pek; Bicsok\u2013Orb\u00e1n; Horn Ildik\u00f3: Erd\u00e9lyi unit. 16. sz; Keresztes Gyula: Maros megyei kast\u00e9lyok \u00e9s udvarh\u00e1zak (Mv., 19&#8211;\u2013); Lukinich; Mez\u0151panit; Sz\u00e9pr\u00e9ti: R\u00e9gi \u00e9s \u00faj vil\u00e1g; Keresd= Magy. \u00e9p\u00edtett \u00f6r\u00f6ks\u00e9g,<\/br><\/p>\n","protected":false},"excerpt":{"rendered":"<p>?\u00a0\u2020 1574., temetve a keresdi temet\u0151 kript\u00e1j\u00e1ban: f\u00f6ldbirtokos, tan\u00e1csos. \u2013 B. Elek \u00e9s B\u00e1nffy Druzsi\u00e1na fia. F\u00e9ltestv\u00e9re: Hainnai Farkas Farkas. Feles\u00e9ge: 1. S\u00fck\u00f6sd Anna, 2. nagyk\u00e1rolyi K\u00e1rolyi Kl\u00e1ra. Gyermekei: Mikl\u00f3s, Ferenc, Mih\u00e1ly. \u2013 Izabella, majd J\u00e1nos Zsigmond fejedelem tan\u00e1csosa (1559\u2013). \u00c1t\u00e9p\u00edtette \u00e9s b\u0151v\u00edtette k\u00e9tsz\u00edntes sz\u00e1rnnyal, renesz\u00e1nsz st\u00edlusban Keresd v\u00e1r\u00e1t (1559), a Bethlen csal\u00e1d \u0151si f\u00e9szk\u00e9t. [&hellip;]<\/p>\n","protected":false},"featured_media":0,"comment_status":"open","ping_status":"closed","template":"","meta":[],"product_brand":[],"product_cat":[137],"product_tag":[],"class_list":{"0":"post-4613","1":"product","2":"type-product","3":"status-publish","5":"product_cat-maros-megyei-eletrajzi-lexikon","7":"first","8":"instock","9":"shipping-taxable","10":"product-type-simple"},"_links":{"self":[{"href":"https:\/\/uj.adatbank.ro\/lexikon\/wp-json\/wp\/v2\/product\/4613","targetHints":{"allow":["GET"]}}],"collection":[{"href":"https:\/\/uj.adatbank.ro\/lexikon\/wp-json\/wp\/v2\/product"}],"about":[{"href":"https:\/\/uj.adatbank.ro\/lexikon\/wp-json\/wp\/v2\/types\/product"}],"replies":[{"embeddable":true,"href":"https:\/\/uj.adatbank.ro\/lexikon\/wp-json\/wp\/v2\/comments?post=4613"}],"wp:attachment":[{"href":"https:\/\/uj.adatbank.ro\/lexikon\/wp-json\/wp\/v2\/media?parent=4613"}],"wp:term":[{"taxonomy":"product_brand","embeddable":true,"href":"https:\/\/uj.adatbank.ro\/lexikon\/wp-json\/wp\/v2\/product_brand?post=4613"},{"taxonomy":"product_cat","embeddable":true,"href":"https:\/\/uj.adatbank.ro\/lexikon\/wp-json\/wp\/v2\/product_cat?post=4613"},{"taxonomy":"product_tag","embeddable":true,"href":"https:\/\/uj.adatbank.ro\/lexikon\/wp-json\/wp\/v2\/product_tag?post=4613"}],"curies":[{"name":"wp","href":"https:\/\/api.w.org\/{rel}","templated":true}]}}

BETHLEN György, bethleni gr.

<p>? † 1574., temetve a keresdi temető kriptájában: földbirtokos, tanácsos. – B. Elek és Bánffy Druzsiána fia. Féltestvére: Hainnai Farkas Farkas. Felesége: 1. Sükösd Anna, 2. nagykárolyi Károlyi Klára. Gyermekei: Miklós, Ferenc, Mihály. – Izabella, majd János Zsigmond fejedelem tanácsosa (1559–). Átépítette és bővítette kétszíntes szárnnyal, reneszánsz stílusban Keresd várát (1559), a Bethlen család ősi fészkét. Megszerezte Szentiványt és Gogánváralját. <br /><strong>Irod.:</strong> Álló- és mozgóképek; Bicsok–Orbán; Horn Ildikó: Erdélyi unit. 16. sz; Keresztes Gyula: Maros megyei kastélyok és udvarházak (Mv., 19&#8211;–); Lukinich; Mezőpanit; Szépréti: Régi és új világ; Keresd= Magy. épített örökség,</br></p>

<p>? † 1574., temetve a keresdi temető kriptájában: földbirtokos, tanácsos. – B. Elek és Bánffy Druzsiána fia. Féltestvére: Hainnai Farkas Farkas. Felesége: 1. Sükösd Anna, 2. nagykárolyi Károlyi Klára. Gyermekei: Miklós, Ferenc, Mihály. – Izabella, majd János Zsigmond fejedelem tanácsosa (1559–). Átépítette és bővítette kétszíntes szárnnyal, reneszánsz stílusban Keresd várát (1559), a Bethlen család ősi fészkét. [&hellip;]</p>
