{"id":4614,"date":"2025-06-28T16:47:43","date_gmt":"2025-06-28T14:47:43","guid":{"rendered":"https:\/\/uj.adatbank.ro\/lexikon\/termek\/bethlen-gyorgy-bethleni-gr-4\/"},"modified":"2025-06-28T16:47:43","modified_gmt":"2025-06-28T14:47:43","slug":"bethlen-gyorgy-bethleni-gr-4","status":"publish","type":"product","link":"https:\/\/uj.adatbank.ro\/lexikon\/termek\/bethlen-gyorgy-bethleni-gr-4\/","title":{"rendered":"BETHLEN Gy\u00f6rgy, bethleni gr."},"content":{"rendered":"<p>? \u2020\u00a01730 el\u0151tt: f\u0151isp\u00e1n, v\u00e1rkapit\u00e1ny, f\u0151vez\u00e9r. \u2013 B. S\u00e1muel \u00e9s borsai Nagy Borb\u00e1la fia. Feles\u00e9ge Korlatovith Kata (Vajdaszentiv\u00e1ny, 1754. j\u00fal. 17.). Gyermekeik: L\u00e1szl\u00f3 (1720\u201390), Gy\u00f6rgy (\u2020 1764), Kata (1726\u201396). \u2013 K\u00fck\u00fcll\u0151 v\u00e1rmegye f\u0151isp\u00e1nja, a fogarasi v\u00e1r \u00e9s udvarhelysz\u00e9ki f\u0151kapit\u00e1ny, f\u0151vez\u00e9r (1692). F\u00f6ldbirtokos Vajdaszentiv\u00e1nyon, feles\u00e9ge az erd\u00e9lyi ref. p\u00fcsp\u00f6ks\u00e9g patron\u00e1ja. <br \/><strong>Irod.:<\/strong> \u00c1rva Bethlen K.; Kornis; Kov\u00e1sznai; Vajdaszentiv\u00e1ny<\/br><\/p>\n","protected":false},"excerpt":{"rendered":"<p>? \u2020\u00a01730 el\u0151tt: f\u0151isp\u00e1n, v\u00e1rkapit\u00e1ny, f\u0151vez\u00e9r. \u2013 B. S\u00e1muel \u00e9s borsai Nagy Borb\u00e1la fia. Feles\u00e9ge Korlatovith Kata (Vajdaszentiv\u00e1ny, 1754. j\u00fal. 17.). Gyermekeik: L\u00e1szl\u00f3 (1720\u201390), Gy\u00f6rgy (\u2020 1764), Kata (1726\u201396). \u2013 K\u00fck\u00fcll\u0151 v\u00e1rmegye f\u0151isp\u00e1nja, a fogarasi v\u00e1r \u00e9s udvarhelysz\u00e9ki f\u0151kapit\u00e1ny, f\u0151vez\u00e9r (1692). F\u00f6ldbirtokos Vajdaszentiv\u00e1nyon, feles\u00e9ge az erd\u00e9lyi ref. p\u00fcsp\u00f6ks\u00e9g patron\u00e1ja. Irod.: \u00c1rva Bethlen K.; Kornis; Kov\u00e1sznai; [&hellip;]<\/p>\n","protected":false},"featured_media":0,"comment_status":"open","ping_status":"closed","template":"","meta":[],"product_brand":[],"product_cat":[137],"product_tag":[],"class_list":{"0":"post-4614","1":"product","2":"type-product","3":"status-publish","5":"product_cat-maros-megyei-eletrajzi-lexikon","7":"first","8":"instock","9":"shipping-taxable","10":"product-type-simple"},"_links":{"self":[{"href":"https:\/\/uj.adatbank.ro\/lexikon\/wp-json\/wp\/v2\/product\/4614","targetHints":{"allow":["GET"]}}],"collection":[{"href":"https:\/\/uj.adatbank.ro\/lexikon\/wp-json\/wp\/v2\/product"}],"about":[{"href":"https:\/\/uj.adatbank.ro\/lexikon\/wp-json\/wp\/v2\/types\/product"}],"replies":[{"embeddable":true,"href":"https:\/\/uj.adatbank.ro\/lexikon\/wp-json\/wp\/v2\/comments?post=4614"}],"wp:attachment":[{"href":"https:\/\/uj.adatbank.ro\/lexikon\/wp-json\/wp\/v2\/media?parent=4614"}],"wp:term":[{"taxonomy":"product_brand","embeddable":true,"href":"https:\/\/uj.adatbank.ro\/lexikon\/wp-json\/wp\/v2\/product_brand?post=4614"},{"taxonomy":"product_cat","embeddable":true,"href":"https:\/\/uj.adatbank.ro\/lexikon\/wp-json\/wp\/v2\/product_cat?post=4614"},{"taxonomy":"product_tag","embeddable":true,"href":"https:\/\/uj.adatbank.ro\/lexikon\/wp-json\/wp\/v2\/product_tag?post=4614"}],"curies":[{"name":"wp","href":"https:\/\/api.w.org\/{rel}","templated":true}]}}

BETHLEN György, bethleni gr.

<p>? † 1730 előtt: főispán, várkapitány, fővezér. – B. Sámuel és borsai Nagy Borbála fia. Felesége Korlatovith Kata (Vajdaszentivány, 1754. júl. 17.). Gyermekeik: László (1720–90), György († 1764), Kata (1726–96). – Küküllő vármegye főispánja, a fogarasi vár és udvarhelyszéki főkapitány, fővezér (1692). Földbirtokos Vajdaszentiványon, felesége az erdélyi ref. püspökség patronája. <br /><strong>Irod.:</strong> Árva Bethlen K.; Kornis; Kovásznai; Vajdaszentivány</br></p>

<p>? † 1730 előtt: főispán, várkapitány, fővezér. – B. Sámuel és borsai Nagy Borbála fia. Felesége Korlatovith Kata (Vajdaszentivány, 1754. júl. 17.). Gyermekeik: László (1720–90), György († 1764), Kata (1726–96). – Küküllő vármegye főispánja, a fogarasi vár és udvarhelyszéki főkapitány, fővezér (1692). Földbirtokos Vajdaszentiványon, felesége az erdélyi ref. püspökség patronája. Irod.: Árva Bethlen K.; Kornis; Kovásznai; [&hellip;]</p>
