{"id":4615,"date":"2025-06-28T16:47:44","date_gmt":"2025-06-28T14:47:44","guid":{"rendered":"https:\/\/uj.adatbank.ro\/lexikon\/termek\/bethlen-gyorgy-keresdi\/"},"modified":"2025-06-28T16:47:44","modified_gmt":"2025-06-28T14:47:44","slug":"bethlen-gyorgy-keresdi","status":"publish","type":"product","link":"https:\/\/uj.adatbank.ro\/lexikon\/termek\/bethlen-gyorgy-keresdi\/","title":{"rendered":"BETHLEN Gy\u00f6rgy, keresdi."},"content":{"rendered":"<p>?\u00a0\u2020 1636.: f\u0151\u00far, f\u00f6ldbirtokos. \u2013 B. Gy\u00f6rgy (\u2020 1589) \u00e9s Thoroczkay Kata fia. B. Zs\u00f3fia testv\u00e9re, aki neki adom\u00e1ny\u00edozta a mez\u0151paniti udvarh\u00e1zat \u00e9s a malmot. T\u0151le le\u00e1nya Judit, Macsk\u00e1sy Mih\u00e1lyn\u00e9 \u00f6r\u00f6k\u00f6lte. \u2013 Tagja volt annak a bizotts\u00e1gnak, amelyik Apaffi Gy\u00f6rgy eln\u00f6klete alatt a Maros-sz\u00e9ki B\u00f6z\u00f6d \u00e9s Monyasd falvakba \u00e9rkezett, R\u00e1k\u00f3czi Gy\u00f6rgy fejedelem megb\u00edz\u00e1s\u00e1val, hogy a vall\u00e1s szakad\u00e1s miatt keletkezett villong\u00e1st lecsendes\u00edts\u00e9k \u00e9s a k\u00e9t felekezet h\u00edveit megsz\u00e1ml\u00e1lva, a t\u00f6bbs\u00e9gnek adj\u00e1k \u00e1t a templomot s az egyh\u00e1zi h\u00e1zakat \u00e9s f\u00f6ldeket (1634. febr. 12). <br \/><strong>Irod.:<\/strong> Gudenus; Lukinich; Keresztes 1995; SzOkl, 6, Veress Endre 1917<\/br><\/p>\n","protected":false},"excerpt":{"rendered":"<p>?\u00a0\u2020 1636.: f\u0151\u00far, f\u00f6ldbirtokos. \u2013 B. Gy\u00f6rgy (\u2020 1589) \u00e9s Thoroczkay Kata fia. B. Zs\u00f3fia testv\u00e9re, aki neki adom\u00e1ny\u00edozta a mez\u0151paniti udvarh\u00e1zat \u00e9s a malmot. T\u0151le le\u00e1nya Judit, Macsk\u00e1sy Mih\u00e1lyn\u00e9 \u00f6r\u00f6k\u00f6lte. \u2013 Tagja volt annak a bizotts\u00e1gnak, amelyik Apaffi Gy\u00f6rgy eln\u00f6klete alatt a Maros-sz\u00e9ki B\u00f6z\u00f6d \u00e9s Monyasd falvakba \u00e9rkezett, R\u00e1k\u00f3czi Gy\u00f6rgy fejedelem megb\u00edz\u00e1s\u00e1val, hogy a [&hellip;]<\/p>\n","protected":false},"featured_media":0,"comment_status":"open","ping_status":"closed","template":"","meta":[],"product_brand":[],"product_cat":[137],"product_tag":[],"class_list":{"0":"post-4615","1":"product","2":"type-product","3":"status-publish","5":"product_cat-maros-megyei-eletrajzi-lexikon","7":"first","8":"instock","9":"shipping-taxable","10":"product-type-simple"},"_links":{"self":[{"href":"https:\/\/uj.adatbank.ro\/lexikon\/wp-json\/wp\/v2\/product\/4615","targetHints":{"allow":["GET"]}}],"collection":[{"href":"https:\/\/uj.adatbank.ro\/lexikon\/wp-json\/wp\/v2\/product"}],"about":[{"href":"https:\/\/uj.adatbank.ro\/lexikon\/wp-json\/wp\/v2\/types\/product"}],"replies":[{"embeddable":true,"href":"https:\/\/uj.adatbank.ro\/lexikon\/wp-json\/wp\/v2\/comments?post=4615"}],"wp:attachment":[{"href":"https:\/\/uj.adatbank.ro\/lexikon\/wp-json\/wp\/v2\/media?parent=4615"}],"wp:term":[{"taxonomy":"product_brand","embeddable":true,"href":"https:\/\/uj.adatbank.ro\/lexikon\/wp-json\/wp\/v2\/product_brand?post=4615"},{"taxonomy":"product_cat","embeddable":true,"href":"https:\/\/uj.adatbank.ro\/lexikon\/wp-json\/wp\/v2\/product_cat?post=4615"},{"taxonomy":"product_tag","embeddable":true,"href":"https:\/\/uj.adatbank.ro\/lexikon\/wp-json\/wp\/v2\/product_tag?post=4615"}],"curies":[{"name":"wp","href":"https:\/\/api.w.org\/{rel}","templated":true}]}}

BETHLEN György, keresdi.

<p>? † 1636.: főúr, földbirtokos. – B. György († 1589) és Thoroczkay Kata fia. B. Zsófia testvére, aki neki adományíozta a mezőpaniti udvarházat és a malmot. Tőle leánya Judit, Macskásy Mihályné örökölte. – Tagja volt annak a bizottságnak, amelyik Apaffi György elnöklete alatt a Maros-széki Bözöd és Monyasd falvakba érkezett, Rákóczi György fejedelem megbízásával, hogy a vallás szakadás miatt keletkezett villongást lecsendesítsék és a két felekezet híveit megszámlálva, a többségnek adják át a templomot s az egyházi házakat és földeket (1634. febr. 12). <br /><strong>Irod.:</strong> Gudenus; Lukinich; Keresztes 1995; SzOkl, 6, Veress Endre 1917</br></p>

<p>? † 1636.: főúr, földbirtokos. – B. György († 1589) és Thoroczkay Kata fia. B. Zsófia testvére, aki neki adományíozta a mezőpaniti udvarházat és a malmot. Tőle leánya Judit, Macskásy Mihályné örökölte. – Tagja volt annak a bizottságnak, amelyik Apaffi György elnöklete alatt a Maros-széki Bözöd és Monyasd falvakba érkezett, Rákóczi György fejedelem megbízásával, hogy a [&hellip;]</p>
