{"id":4618,"date":"2025-06-28T16:47:49","date_gmt":"2025-06-28T14:47:49","guid":{"rendered":"https:\/\/uj.adatbank.ro\/lexikon\/termek\/bethlen-ilona-bethleni-gr-gr-haller-gyorgyne\/"},"modified":"2025-06-28T16:47:49","modified_gmt":"2025-06-28T14:47:49","slug":"bethlen-ilona-bethleni-gr-gr-haller-gyorgyne","status":"publish","type":"product","link":"https:\/\/uj.adatbank.ro\/lexikon\/termek\/bethlen-ilona-bethleni-gr-gr-haller-gyorgyne\/","title":{"rendered":"BETHLEN Ilona, bethleni gr., gr. Haller Gy\u00f6rgyn\u00e9"},"content":{"rendered":"<p>Gernyeszeg, 1872. j\u00fan. 2., \u2020 Bp., 1924. \u00e1pr. 9. Kerel\u0151szentp\u00e1lon a kriptak\u00e1poln\u00e1ba temett\u00e9k el \u00fajra (1993. j\u00fan. 14.).: f\u00f6ldbirtokos. \u2013 B. Istv\u00e1n (1839\u20131881) \u00e9s gr. Teleki Ilona le\u00e1nya. Testv\u00e9re Bethlen Istv\u00e1n, Mo. minisztereln\u00f6ke (1921\u20131931). F\u00e9rje gr. Haller Gy\u00f6rgy (Marosugra, 1861. szept. 17-Kerel\u0151szentp\u00e1l, 1944. jan. 1). Esk\u00fcv\u0151 (Mez\u0151s\u00e1msond 1891. j\u00fal. 11). Gyermekei: Ferenc, Istv\u00e1n, Margit. \u2013 Kerel\u0151szentp\u00e1lon kb. 50 holdas d\u00edszkertet l\u00e9tes\u00edtett (1890-es \u00e9vekben), vir\u00e1gos gruppokkal, kavicsos \u00f6sv\u00e9nyekkel, bokrokkal \u00e9s k\u00fcl\u00f6nleges d\u00edszf\u00e1kkal. Ott is temett\u00e9k el. A s\u00edrt egyenl\u0151v\u00e9 tett\u00e9k a f\u00f6lddel (1949 ut\u00e1n). <br \/><strong>Irod.:<\/strong> \u00c1ll\u00f3- \u00e9s mozg\u00f3k\u00e9pek; Gudenus, Harmath Ferenc: Bethlen Ilona gr\u00f3fn\u0151 \u00fajrateremt\u00e9se; Kempelen<\/br><\/p>\n","protected":false},"excerpt":{"rendered":"<p>Gernyeszeg, 1872. j\u00fan. 2., \u2020 Bp., 1924. \u00e1pr. 9. Kerel\u0151szentp\u00e1lon a kriptak\u00e1poln\u00e1ba temett\u00e9k el \u00fajra (1993. j\u00fan. 14.).: f\u00f6ldbirtokos. \u2013 B. Istv\u00e1n (1839\u20131881) \u00e9s gr. Teleki Ilona le\u00e1nya. Testv\u00e9re Bethlen Istv\u00e1n, Mo. minisztereln\u00f6ke (1921\u20131931). F\u00e9rje gr. Haller Gy\u00f6rgy (Marosugra, 1861. szept. 17-Kerel\u0151szentp\u00e1l, 1944. jan. 1). Esk\u00fcv\u0151 (Mez\u0151s\u00e1msond 1891. j\u00fal. 11). Gyermekei: Ferenc, Istv\u00e1n, Margit. \u2013 [&hellip;]<\/p>\n","protected":false},"featured_media":0,"comment_status":"open","ping_status":"closed","template":"","meta":[],"product_brand":[],"product_cat":[137],"product_tag":[],"class_list":{"0":"post-4618","1":"product","2":"type-product","3":"status-publish","5":"product_cat-maros-megyei-eletrajzi-lexikon","7":"first","8":"instock","9":"shipping-taxable","10":"product-type-simple"},"_links":{"self":[{"href":"https:\/\/uj.adatbank.ro\/lexikon\/wp-json\/wp\/v2\/product\/4618","targetHints":{"allow":["GET"]}}],"collection":[{"href":"https:\/\/uj.adatbank.ro\/lexikon\/wp-json\/wp\/v2\/product"}],"about":[{"href":"https:\/\/uj.adatbank.ro\/lexikon\/wp-json\/wp\/v2\/types\/product"}],"replies":[{"embeddable":true,"href":"https:\/\/uj.adatbank.ro\/lexikon\/wp-json\/wp\/v2\/comments?post=4618"}],"wp:attachment":[{"href":"https:\/\/uj.adatbank.ro\/lexikon\/wp-json\/wp\/v2\/media?parent=4618"}],"wp:term":[{"taxonomy":"product_brand","embeddable":true,"href":"https:\/\/uj.adatbank.ro\/lexikon\/wp-json\/wp\/v2\/product_brand?post=4618"},{"taxonomy":"product_cat","embeddable":true,"href":"https:\/\/uj.adatbank.ro\/lexikon\/wp-json\/wp\/v2\/product_cat?post=4618"},{"taxonomy":"product_tag","embeddable":true,"href":"https:\/\/uj.adatbank.ro\/lexikon\/wp-json\/wp\/v2\/product_tag?post=4618"}],"curies":[{"name":"wp","href":"https:\/\/api.w.org\/{rel}","templated":true}]}}

BETHLEN Ilona, bethleni gr., gr. Haller Györgyné

<p>Gernyeszeg, 1872. jún. 2., † Bp., 1924. ápr. 9. Kerelőszentpálon a kriptakápolnába temették el újra (1993. jún. 14.).: földbirtokos. – B. István (1839–1881) és gr. Teleki Ilona leánya. Testvére Bethlen István, Mo. miniszterelnöke (1921–1931). Férje gr. Haller György (Marosugra, 1861. szept. 17-Kerelőszentpál, 1944. jan. 1). Esküvő (Mezősámsond 1891. júl. 11). Gyermekei: Ferenc, István, Margit. – Kerelőszentpálon kb. 50 holdas díszkertet létesített (1890-es években), virágos gruppokkal, kavicsos ösvényekkel, bokrokkal és különleges díszfákkal. Ott is temették el. A sírt egyenlővé tették a földdel (1949 után). <br /><strong>Irod.:</strong> Álló- és mozgóképek; Gudenus, Harmath Ferenc: Bethlen Ilona grófnő újrateremtése; Kempelen</br></p>

<p>Gernyeszeg, 1872. jún. 2., † Bp., 1924. ápr. 9. Kerelőszentpálon a kriptakápolnába temették el újra (1993. jún. 14.).: földbirtokos. – B. István (1839–1881) és gr. Teleki Ilona leánya. Testvére Bethlen István, Mo. miniszterelnöke (1921–1931). Férje gr. Haller György (Marosugra, 1861. szept. 17-Kerelőszentpál, 1944. jan. 1). Esküvő (Mezősámsond 1891. júl. 11). Gyermekei: Ferenc, István, Margit. – [&hellip;]</p>
