{"id":4619,"date":"2025-06-28T16:47:51","date_gmt":"2025-06-28T14:47:51","guid":{"rendered":"https:\/\/uj.adatbank.ro\/lexikon\/termek\/bethlen-ilona-bethleni-gr-polanyi-laszlone\/"},"modified":"2025-06-28T16:47:51","modified_gmt":"2025-06-28T14:47:51","slug":"bethlen-ilona-bethleni-gr-polanyi-laszlone","status":"publish","type":"product","link":"https:\/\/uj.adatbank.ro\/lexikon\/termek\/bethlen-ilona-bethleni-gr-polanyi-laszlone\/","title":{"rendered":"BETHLEN Ilona, bethleni gr., Pol\u00e1nyi L\u00e1szl\u00f3n\u00e9"},"content":{"rendered":"<p>Bp., 1927. febr. 27., \u2020 ?: f\u00f6ldbirtokos. \u2013 Apja B. B\u00e1lint, anyja Arz Alice. Testv\u00e9re: Mikl\u00f3s. F\u00e9rje: Pol\u00e1nyi L\u00e1szl\u00f3 dr. t\u00f6rt. \u00e9s filoz\u00f3fia. Gyermek\u00fck Ezs\u00e9bet (1955\u2013), fi\u00fak Tam\u00e1s. \u2013 -Gyermekkorukban apja keresdi kast\u00e9ly\u00e1ban \u00e9ltek, \u00e9s a nagymam\u00e1n\u00e1l Bp.-en. Bp.-en a Ba\u00e1r-Madas Ref. Le\u00e1nygimn.-ban tanult \u00e9s \u00e9retts\u00e9gizett. Egyetemre nem vett\u00e9k fel. Munk\u00e1s, titk\u00e1rn\u0151. Ausztri\u00e1ba disszid\u00e1ltak (1956). <br \/><strong>Irod.:<\/strong> \u00c1ll\u00f3- \u00e9s mozg\u00f3k\u00e9pek<\/br><\/p>\n","protected":false},"excerpt":{"rendered":"<p>Bp., 1927. febr. 27., \u2020 ?: f\u00f6ldbirtokos. \u2013 Apja B. B\u00e1lint, anyja Arz Alice. Testv\u00e9re: Mikl\u00f3s. F\u00e9rje: Pol\u00e1nyi L\u00e1szl\u00f3 dr. t\u00f6rt. \u00e9s filoz\u00f3fia. Gyermek\u00fck Ezs\u00e9bet (1955\u2013), fi\u00fak Tam\u00e1s. \u2013 -Gyermekkorukban apja keresdi kast\u00e9ly\u00e1ban \u00e9ltek, \u00e9s a nagymam\u00e1n\u00e1l Bp.-en. Bp.-en a Ba\u00e1r-Madas Ref. Le\u00e1nygimn.-ban tanult \u00e9s \u00e9retts\u00e9gizett. Egyetemre nem vett\u00e9k fel. Munk\u00e1s, titk\u00e1rn\u0151. Ausztri\u00e1ba disszid\u00e1ltak (1956). [&hellip;]<\/p>\n","protected":false},"featured_media":0,"comment_status":"open","ping_status":"closed","template":"","meta":[],"product_brand":[],"product_cat":[137],"product_tag":[],"class_list":{"0":"post-4619","1":"product","2":"type-product","3":"status-publish","5":"product_cat-maros-megyei-eletrajzi-lexikon","7":"first","8":"instock","9":"shipping-taxable","10":"product-type-simple"},"_links":{"self":[{"href":"https:\/\/uj.adatbank.ro\/lexikon\/wp-json\/wp\/v2\/product\/4619","targetHints":{"allow":["GET"]}}],"collection":[{"href":"https:\/\/uj.adatbank.ro\/lexikon\/wp-json\/wp\/v2\/product"}],"about":[{"href":"https:\/\/uj.adatbank.ro\/lexikon\/wp-json\/wp\/v2\/types\/product"}],"replies":[{"embeddable":true,"href":"https:\/\/uj.adatbank.ro\/lexikon\/wp-json\/wp\/v2\/comments?post=4619"}],"wp:attachment":[{"href":"https:\/\/uj.adatbank.ro\/lexikon\/wp-json\/wp\/v2\/media?parent=4619"}],"wp:term":[{"taxonomy":"product_brand","embeddable":true,"href":"https:\/\/uj.adatbank.ro\/lexikon\/wp-json\/wp\/v2\/product_brand?post=4619"},{"taxonomy":"product_cat","embeddable":true,"href":"https:\/\/uj.adatbank.ro\/lexikon\/wp-json\/wp\/v2\/product_cat?post=4619"},{"taxonomy":"product_tag","embeddable":true,"href":"https:\/\/uj.adatbank.ro\/lexikon\/wp-json\/wp\/v2\/product_tag?post=4619"}],"curies":[{"name":"wp","href":"https:\/\/api.w.org\/{rel}","templated":true}]}}

BETHLEN Ilona, bethleni gr., Polányi Lászlóné

<p>Bp., 1927. febr. 27., † ?: földbirtokos. – Apja B. Bálint, anyja Arz Alice. Testvére: Miklós. Férje: Polányi László dr. tört. és filozófia. Gyermekük Ezsébet (1955–), fiúk Tamás. – -Gyermekkorukban apja keresdi kastélyában éltek, és a nagymamánál Bp.-en. Bp.-en a Baár-Madas Ref. Leánygimn.-ban tanult és érettségizett. Egyetemre nem vették fel. Munkás, titkárnő. Ausztriába disszidáltak (1956). <br /><strong>Irod.:</strong> Álló- és mozgóképek</br></p>

<p>Bp., 1927. febr. 27., † ?: földbirtokos. – Apja B. Bálint, anyja Arz Alice. Testvére: Miklós. Férje: Polányi László dr. tört. és filozófia. Gyermekük Ezsébet (1955–), fiúk Tamás. – -Gyermekkorukban apja keresdi kastélyában éltek, és a nagymamánál Bp.-en. Bp.-en a Baár-Madas Ref. Leánygimn.-ban tanult és érettségizett. Egyetemre nem vették fel. Munkás, titkárnő. Ausztriába disszidáltak (1956). [&hellip;]</p>
