{"id":4620,"date":"2025-06-28T16:47:52","date_gmt":"2025-06-28T14:47:52","guid":{"rendered":"https:\/\/uj.adatbank.ro\/lexikon\/termek\/bethlen-imre-bethlenii-gr\/"},"modified":"2025-07-14T09:16:49","modified_gmt":"2025-07-14T07:16:49","slug":"bethlen-imre-bethlenii-gr","status":"publish","type":"product","link":"https:\/\/uj.adatbank.ro\/lexikon\/termek\/bethlen-imre-bethlenii-gr\/","title":{"rendered":"BETHLEN Imre, bethleni gr."},"content":{"rendered":"<p>Mv., 1776.? , \u2020 Kv., 1834. \u00e1pr. 22.: f\u0151isp\u00e1n, cs. kir. kamar\u00e1s, b. t. t. \u2013 B. S\u00e1ndor (1741\u20131793) \u00e9s gr. B. Karolina fia. Testv\u00e9re: S\u00e1ndor. Feles\u00e9ge gr. B. Roz\u00e1lia (1779. m\u00e1rc. 12. \u2013 Nagyenyed, 1832. febr. 6. Szentimr\u00e9n temett\u00e9k: B. Lajos (\u2020 1787) \u00e9s Wessel\u00e9nyi Anna (1757\u20131807. nov.) le\u00e1nya. Gyermekeik: Imre, Mikl\u00f3s (G\u00e1ldt\u0151, 1817v. 19., \u2013 1900. jan 20.), Anna, Roz\u00e1lia, Lujza. \u2013 A mv-i Ref. Koll.-ban tanult. Di\u00e1k\u00e9vei alatt testv\u00e9r\u00e9vel, S\u00e1ndorral kieszk\u00f6z\u00f6lte a di\u00e1ksz\u00ednj\u00e1tsz\u00e1s \u00fajraind\u00edt\u00e1s\u00e1t. A j\u00e9nai \u00e9s g\u00f6ttingai egyetemeken tanult (1795\u201397). Fest\u00e9szeti \u00e9s zenei oktat\u00e1s\u00e1t Avenarius fest\u0151m\u0171v\u00e9szre b\u00edzta. Hazat\u00e9rve hivatali p\u00e1ly\u00e1ra l\u00e9pett: a kir. t\u00e1bl\u00e1n sz\u00e1mfeletti \u00fcln\u00f6k (1807), majd Kis-K\u00fck\u00fcll\u0151 vm. f\u0151isp\u00e1nja (1811\u201317), Als\u00f3-Feh\u00e9rmegye f\u0151isp\u00e1nj\u00e1v\u00e1 nevezt\u00e9k ki lemond\u00e1s\u00e1ig (1817. szept. \u2013 1822. szept. 11.) A nagyenyedi Ref. Koll. f\u0151kur\u00e1tora. A k\u00fck\u00fcll\u0151i ev. ref. traktus f\u0151kur\u00e1tora. Avenarius fest\u0151t t\u00f6bb \u00e9vig tartotta a h\u00e1z\u00e1ban \u00e9s gazdagon fizetette, aki a gyermekeit is tan\u00edtotta festeni, zen\u00e9lni. Mv. kir\u00e1lyi biztosa (1818. nov. \u2013), felsz\u00f3l\u00edtotta a v\u00e1rost, hogy n\u00e9gy k\u00fcl\u00f6nb\u00f6z\u0151 ker\u00fclet\u00e9b\u0151l 10\u201312 \u00e9rtelmes polg\u00e1r a tan\u00e1csh\u00e1z\u00e1ban jelenjen meg, akiket a k\u00e9pvisel\u0151test\u00fclet jelenl\u00e9t\u00e9ben kik\u00e9rdezni akart a v\u00e1ros \u00fcgyes bajos dolgair\u00f3l. A gy\u0171l\u00e9sen maga a gr. eln\u00f6k\u00f6lt a kihallgat\u00e1sokat megtartotta, a lev\u00e9lt\u00e1rat megvizsg\u00e1lta, Szil\u00e1gyi D\u00e1nielt bizta meg a levelek lajstromoz\u00e1s\u00e1val \u00e9s m\u00e1s int\u00e9zked\u00e9seket foganatos\u00edtott. T\u00f6bbnyire G\u00e1ldt\u0151n lakott ahol Kazinczy Ferenc is megl\u00e1togatta, majd Bethlenszentmikl\u00f3son \u00e9lt. \u00c9l\u00e9nk levelez\u00e9st folytatott Aranka Gy\u00f6rggyel. A Szent Istv\u00e1n rend kiskeresztj\u00e9nek kit\u00fcntetettje, b. t. t. Sz\u00ednm\u0171ve a kv.-i R. K. L\u00edc. k\u00f6nyvt\u00e1r\u00e1ban, k\u00e9zirata: A sz\u00e9p Abelina, vagy a b\u00f6lts \u00f6reg. (egyetlen el\u0151ad\u00e1sa, Mv. 1804. szept. 14.). \u2013 <strong>F. m.:<\/strong> A posta-tz\u00fag, vagy a nemes uralkod\u00f3 indulatok (ford. Mv., 1793); M\u00e1sodik R\u00e1k\u00f3czy Gy\u00f6rgy ideje (Nagyenyed, 1829).<br \/>\n<strong>Irod.:<\/strong> Benk\u0151 K.: Mv.; Fogarasi; Er\u0151sdi Mih\u00e1ly: Halotti besz\u00e9dek. B. R. (1833); Guly\u00e1s; Gy\u00e1szjelent\u0151; Heged\u00fcs S\u00e1muel: Eml\u00e9ke boldog eml\u00e9kezet\u0171 B. R&#8230; (Nagyenyed, 1832); Id\u0151t\u00e1r 1; Kr\u00f3n. F\u00fcz. (1939. 4\/6, 4\/9); Lukinich; Mo. f\u0151isp\u00e1njai; Szinnyei<\/p>\n","protected":false},"excerpt":{"rendered":"<p>Mv., 1776.? , \u2020 Kv., 1834. \u00e1pr. 22.: f\u0151isp\u00e1n, cs. kir. kamar\u00e1s, b. t. t. \u2013 B. S\u00e1ndor (1741\u20131793) \u00e9s gr. B. Karolina fia. Testv\u00e9re: S\u00e1ndor. Feles\u00e9ge gr. B. Roz\u00e1lia (1779. m\u00e1rc. 12. \u2013 Nagyenyed, 1832. febr. 6. Szentimr\u00e9n temett\u00e9k: B. Lajos (\u2020 1787) \u00e9s Wessel\u00e9nyi Anna (1757\u20131807. nov.) le\u00e1nya. Gyermekeik: Imre, Mikl\u00f3s (G\u00e1ldt\u0151, 1817v. [&hellip;]<\/p>\n","protected":false},"featured_media":0,"comment_status":"open","ping_status":"closed","template":"","meta":[],"product_brand":[],"product_cat":[137],"product_tag":[],"class_list":{"0":"post-4620","1":"product","2":"type-product","3":"status-publish","5":"product_cat-maros-megyei-eletrajzi-lexikon","7":"first","8":"instock","9":"shipping-taxable","10":"product-type-simple"},"_links":{"self":[{"href":"https:\/\/uj.adatbank.ro\/lexikon\/wp-json\/wp\/v2\/product\/4620","targetHints":{"allow":["GET"]}}],"collection":[{"href":"https:\/\/uj.adatbank.ro\/lexikon\/wp-json\/wp\/v2\/product"}],"about":[{"href":"https:\/\/uj.adatbank.ro\/lexikon\/wp-json\/wp\/v2\/types\/product"}],"replies":[{"embeddable":true,"href":"https:\/\/uj.adatbank.ro\/lexikon\/wp-json\/wp\/v2\/comments?post=4620"}],"wp:attachment":[{"href":"https:\/\/uj.adatbank.ro\/lexikon\/wp-json\/wp\/v2\/media?parent=4620"}],"wp:term":[{"taxonomy":"product_brand","embeddable":true,"href":"https:\/\/uj.adatbank.ro\/lexikon\/wp-json\/wp\/v2\/product_brand?post=4620"},{"taxonomy":"product_cat","embeddable":true,"href":"https:\/\/uj.adatbank.ro\/lexikon\/wp-json\/wp\/v2\/product_cat?post=4620"},{"taxonomy":"product_tag","embeddable":true,"href":"https:\/\/uj.adatbank.ro\/lexikon\/wp-json\/wp\/v2\/product_tag?post=4620"}],"curies":[{"name":"wp","href":"https:\/\/api.w.org\/{rel}","templated":true}]}}

<p>Mv., 1776.? , † Kv., 1834. ápr. 22.: főispán, cs. kir. kamarás, b. t. t. – B. Sándor (1741–1793) és gr. B. Karolina fia. Testvére: Sándor. Felesége gr. B. Rozália (1779. márc. 12. – Nagyenyed, 1832. febr. 6. Szentimrén temették: B. Lajos († 1787) és Wesselényi Anna (1757–1807. nov.) leánya. Gyermekeik: Imre, Miklós (Gáldtő, 1817v. 19., – 1900. jan 20.), Anna, Rozália, Lujza. – A mv-i Ref. Koll.-ban tanult. Diákévei alatt testvérével, Sándorral kieszközölte a diákszínjátszás újraindítását. A jénai és göttingai egyetemeken tanult (1795–97). Festészeti és zenei oktatását Avenarius festőművészre bízta. Hazatérve hivatali pályára lépett: a kir. táblán számfeletti ülnök (1807), majd Kis-Küküllő vm. főispánja (1811–17), Alsó-Fehérmegye főispánjává nevezték ki lemondásáig (1817. szept. – 1822. szept. 11.) A nagyenyedi Ref. Koll. főkurátora. A küküllői ev. ref. traktus főkurátora. Avenarius festőt több évig tartotta a házában és gazdagon fizetette, aki a gyermekeit is tanította festeni, zenélni. Mv. királyi biztosa (1818. nov. –), felszólította a várost, hogy négy különböző kerületéből 10–12 értelmes polgár a tanácsházában jelenjen meg, akiket a képviselőtestület jelenlétében kikérdezni akart a város ügyes bajos dolgairól. A gyűlésen maga a gr. elnökölt a kihallgatásokat megtartotta, a levéltárat megvizsgálta, Szilágyi Dánielt bizta meg a levelek lajstromozásával és más intézkedéseket foganatosított. Többnyire Gáldtőn lakott ahol Kazinczy Ferenc is meglátogatta, majd Bethlenszentmiklóson élt. Élénk levelezést folytatott Aranka Györggyel. A Szent István rend kiskeresztjének kitüntetettje, b. t. t. Színműve a kv.-i R. K. Líc. könyvtárában, kézirata: A szép Abelina, vagy a bölts öreg. (egyetlen előadása, Mv. 1804. szept. 14.). – <strong>F. m.:</strong> A posta-tzúg, vagy a nemes uralkodó indulatok (ford. Mv., 1793); Második Rákóczy György ideje (Nagyenyed, 1829).<br />
<strong>Irod.:</strong> Benkő K.: Mv.; Fogarasi; Erősdi Mihály: Halotti beszédek. B. R. (1833); Gulyás; Gyászjelentő; Hegedüs Sámuel: Emléke boldog emlékezetű B. R&#8230; (Nagyenyed, 1832); Időtár 1; Krón. Füz. (1939. 4/6, 4/9); Lukinich; Mo. főispánjai; Szinnyei</p>

<p>Mv., 1776.? , † Kv., 1834. ápr. 22.: főispán, cs. kir. kamarás, b. t. t. – B. Sándor (1741–1793) és gr. B. Karolina fia. Testvére: Sándor. Felesége gr. B. Rozália (1779. márc. 12. – Nagyenyed, 1832. febr. 6. Szentimrén temették: B. Lajos († 1787) és Wesselényi Anna (1757–1807. nov.) leánya. Gyermekeik: Imre, Miklós (Gáldtő, 1817v. [&hellip;]</p>
