{"id":4622,"date":"2025-06-28T16:47:54","date_gmt":"2025-06-28T14:47:54","guid":{"rendered":"https:\/\/uj.adatbank.ro\/lexikon\/termek\/bethlen-istvan-%c2%a7-iktari-gr\/"},"modified":"2025-06-28T16:47:54","modified_gmt":"2025-06-28T14:47:54","slug":"bethlen-istvan-%c2%a7-iktari-gr","status":"publish","type":"product","link":"https:\/\/uj.adatbank.ro\/lexikon\/termek\/bethlen-istvan-%c2%a7-iktari-gr\/","title":{"rendered":"BETHLEN Istv\u00e1n, \u00a7 ikt\u00e1ri gr."},"content":{"rendered":"<p>1584, \u2020 Ecsed, 1648. jan. 10., Gyulafeh\u00e9rv\u00e1ron temett\u00e9k el: Erd\u00e9ly korm\u00e1nyz\u00f3ja, fejedelem. \u2013 B. Farkas \u00e9s sz\u00e1rhegyi L\u00e1z\u00e1r Druzsiana fia. B. G\u00e1bor fejedelem testv\u00e9re. Feles\u00e9ge: 1. Cs\u00e1ky Krisztina, gyermekeik: G\u00e1bor \u2020; Istv\u00e1n (1606\u20131633); P\u00e9ter (?\u20131646); Katalin Zolyomi D\u00e1vidn\u00e9; Anna, Th\u00f6k\u00f6li Imre nagyanyja; Druzsi\u00e1na Rh\u00e9dey Ferenc fejedelem feles\u00e9ge; 2. K\u00e1rolyi Katalin \u00f6zv. Rh\u00e9dei Ferencn\u00e9 (1588\u20131635). Ut\u00f3daival az ikt\u00e1ri B. fejedelmi csal\u00e1d kihalt. Mint b\u00e1tyja helyettese, Erd\u00e9ly korm\u00e1nyz\u00f3ja (1620\u201330), M\u00e1ramaros vm. f\u0151isp\u00e1nja (1616\u201348), majd megv\u00e1lasztott\u00e1k Erd\u00e9ly fejedelm\u00e9v\u00e9 (1630. szept. 28.- 1630. nov. 26.), Segesv\u00e1ron mondott le a fejedelems\u00e9gr\u0151l I. R\u00e1k\u00f3czi Gy\u00f6rgy jav\u00e1ra. Megszerezte II. Ferdin\u00e1ndt\u00f3l csal\u00e1dja sz\u00e1m\u00e1ra a gr\u00f3fi rangot (1623. \u00e1pr. 14.). <br \/><strong>Irod.:<\/strong> Benk\u0151 K.: Mv.; Id\u0151t\u00e1r 1; K\u00e9nosi\u2013Uzoni 2.; Kov\u00e1cs Andr\u00e1s; Kraus: Erd\u00e9lyi kr\u00f3nika; Lukinich; Marossz\u00e9ki kr\u00f3nik\u00e1k 1.; M\u00c9L; Mo. f\u0151isp\u00e1njai; \u00daM\u00c9L, Wikip\u00e9dia<\/br><\/p>\n","protected":false},"excerpt":{"rendered":"<p>1584, \u2020 Ecsed, 1648. jan. 10., Gyulafeh\u00e9rv\u00e1ron temett\u00e9k el: Erd\u00e9ly korm\u00e1nyz\u00f3ja, fejedelem. \u2013 B. Farkas \u00e9s sz\u00e1rhegyi L\u00e1z\u00e1r Druzsiana fia. B. G\u00e1bor fejedelem testv\u00e9re. Feles\u00e9ge: 1. Cs\u00e1ky Krisztina, gyermekeik: G\u00e1bor \u2020; Istv\u00e1n (1606\u20131633); P\u00e9ter (?\u20131646); Katalin Zolyomi D\u00e1vidn\u00e9; Anna, Th\u00f6k\u00f6li Imre nagyanyja; Druzsi\u00e1na Rh\u00e9dey Ferenc fejedelem feles\u00e9ge; 2. K\u00e1rolyi Katalin \u00f6zv. Rh\u00e9dei Ferencn\u00e9 (1588\u20131635). Ut\u00f3daival [&hellip;]<\/p>\n","protected":false},"featured_media":0,"comment_status":"open","ping_status":"closed","template":"","meta":[],"product_brand":[],"product_cat":[137],"product_tag":[],"class_list":{"0":"post-4622","1":"product","2":"type-product","3":"status-publish","5":"product_cat-maros-megyei-eletrajzi-lexikon","7":"first","8":"instock","9":"shipping-taxable","10":"product-type-simple"},"_links":{"self":[{"href":"https:\/\/uj.adatbank.ro\/lexikon\/wp-json\/wp\/v2\/product\/4622","targetHints":{"allow":["GET"]}}],"collection":[{"href":"https:\/\/uj.adatbank.ro\/lexikon\/wp-json\/wp\/v2\/product"}],"about":[{"href":"https:\/\/uj.adatbank.ro\/lexikon\/wp-json\/wp\/v2\/types\/product"}],"replies":[{"embeddable":true,"href":"https:\/\/uj.adatbank.ro\/lexikon\/wp-json\/wp\/v2\/comments?post=4622"}],"wp:attachment":[{"href":"https:\/\/uj.adatbank.ro\/lexikon\/wp-json\/wp\/v2\/media?parent=4622"}],"wp:term":[{"taxonomy":"product_brand","embeddable":true,"href":"https:\/\/uj.adatbank.ro\/lexikon\/wp-json\/wp\/v2\/product_brand?post=4622"},{"taxonomy":"product_cat","embeddable":true,"href":"https:\/\/uj.adatbank.ro\/lexikon\/wp-json\/wp\/v2\/product_cat?post=4622"},{"taxonomy":"product_tag","embeddable":true,"href":"https:\/\/uj.adatbank.ro\/lexikon\/wp-json\/wp\/v2\/product_tag?post=4622"}],"curies":[{"name":"wp","href":"https:\/\/api.w.org\/{rel}","templated":true}]}}

BETHLEN István, § iktári gr.

<p>1584, † Ecsed, 1648. jan. 10., Gyulafehérváron temették el: Erdély kormányzója, fejedelem. – B. Farkas és szárhegyi Lázár Druzsiana fia. B. Gábor fejedelem testvére. Felesége: 1. Csáky Krisztina, gyermekeik: Gábor †; István (1606–1633); Péter (?–1646); Katalin Zolyomi Dávidné; Anna, Thököli Imre nagyanyja; Druzsiána Rhédey Ferenc fejedelem felesége; 2. Károlyi Katalin özv. Rhédei Ferencné (1588–1635). Utódaival az iktári B. fejedelmi család kihalt. Mint bátyja helyettese, Erdély kormányzója (1620–30), Máramaros vm. főispánja (1616–48), majd megválasztották Erdély fejedelmévé (1630. szept. 28.- 1630. nov. 26.), Segesváron mondott le a fejedelemségről I. Rákóczi György javára. Megszerezte II. Ferdinándtól családja számára a grófi rangot (1623. ápr. 14.). <br /><strong>Irod.:</strong> Benkő K.: Mv.; Időtár 1; Kénosi–Uzoni 2.; Kovács András; Kraus: Erdélyi krónika; Lukinich; Marosszéki krónikák 1.; MÉL; Mo. főispánjai; ÚMÉL, Wikipédia</br></p>

<p>1584, † Ecsed, 1648. jan. 10., Gyulafehérváron temették el: Erdély kormányzója, fejedelem. – B. Farkas és szárhegyi Lázár Druzsiana fia. B. Gábor fejedelem testvére. Felesége: 1. Csáky Krisztina, gyermekeik: Gábor †; István (1606–1633); Péter (?–1646); Katalin Zolyomi Dávidné; Anna, Thököli Imre nagyanyja; Druzsiána Rhédey Ferenc fejedelem felesége; 2. Károlyi Katalin özv. Rhédei Ferencné (1588–1635). Utódaival [&hellip;]</p>
