{"id":4623,"date":"2025-06-28T16:47:55","date_gmt":"2025-06-28T14:47:55","guid":{"rendered":"https:\/\/uj.adatbank.ro\/lexikon\/termek\/bethlen-istvan-bethleni-gr\/"},"modified":"2025-06-28T16:47:55","modified_gmt":"2025-06-28T14:47:55","slug":"bethlen-istvan-bethleni-gr","status":"publish","type":"product","link":"https:\/\/uj.adatbank.ro\/lexikon\/termek\/bethlen-istvan-bethleni-gr\/","title":{"rendered":"BETHLEN Istv\u00e1n, bethleni gr."},"content":{"rendered":"<p>? \u2020 1737. m\u00e1j., B\u00e9ny\u00e9n nyugszik: f\u00f6ldbirtokos. \u2013 B. Mih\u00e1ly (1673\u20131706) \u00e9s Vay Erzs\u00e9bet fia. Feles\u00e9ge Macsk\u00e1ssy Krisztina, elv\u00e1ltak (1734), meghalt (1760). Gyermekeik: L\u00e1szl\u00f3 (1729\u20131783. j\u00fan. 11), Mih\u00e1ly (?\u20131780 el\u0151tt), Istv\u00e1n (?\u20131780 el\u0151tt), J\u00falia, F\u00f6ldv\u00e1ri Gy\u00f6rgyn\u00e9, majd D\u00f3sa Mih\u00e1lyn\u00e9. \u2013 Gubern\u00e1tor volt (1690-es \u00e9vekben). A mez\u0151paniti birtokot \u00e9s udvarh\u00e1zat \u00f6r\u00f6k\u00f6lte feles\u00e9ge r\u00e9v\u00e9n (1732\u2013), majd fi\u00e1ra L\u00e1szl\u00f3ra maradt. <br \/><strong>Irod.:<\/strong> Verest\u00f3i Gy\u00f6rgy: Holtakkal val\u00f3 bar\u00e1ts\u00e1g (Kv., 1783); Mez\u0151panit; Tr\u00f3cs\u00e1nyi 1988<\/br><\/p>\n","protected":false},"excerpt":{"rendered":"<p>? \u2020 1737. m\u00e1j., B\u00e9ny\u00e9n nyugszik: f\u00f6ldbirtokos. \u2013 B. Mih\u00e1ly (1673\u20131706) \u00e9s Vay Erzs\u00e9bet fia. Feles\u00e9ge Macsk\u00e1ssy Krisztina, elv\u00e1ltak (1734), meghalt (1760). Gyermekeik: L\u00e1szl\u00f3 (1729\u20131783. j\u00fan. 11), Mih\u00e1ly (?\u20131780 el\u0151tt), Istv\u00e1n (?\u20131780 el\u0151tt), J\u00falia, F\u00f6ldv\u00e1ri Gy\u00f6rgyn\u00e9, majd D\u00f3sa Mih\u00e1lyn\u00e9. \u2013 Gubern\u00e1tor volt (1690-es \u00e9vekben). A mez\u0151paniti birtokot \u00e9s udvarh\u00e1zat \u00f6r\u00f6k\u00f6lte feles\u00e9ge r\u00e9v\u00e9n (1732\u2013), majd fi\u00e1ra [&hellip;]<\/p>\n","protected":false},"featured_media":0,"comment_status":"open","ping_status":"closed","template":"","meta":[],"product_brand":[],"product_cat":[137],"product_tag":[],"class_list":{"0":"post-4623","1":"product","2":"type-product","3":"status-publish","5":"product_cat-maros-megyei-eletrajzi-lexikon","7":"first","8":"instock","9":"shipping-taxable","10":"product-type-simple"},"_links":{"self":[{"href":"https:\/\/uj.adatbank.ro\/lexikon\/wp-json\/wp\/v2\/product\/4623","targetHints":{"allow":["GET"]}}],"collection":[{"href":"https:\/\/uj.adatbank.ro\/lexikon\/wp-json\/wp\/v2\/product"}],"about":[{"href":"https:\/\/uj.adatbank.ro\/lexikon\/wp-json\/wp\/v2\/types\/product"}],"replies":[{"embeddable":true,"href":"https:\/\/uj.adatbank.ro\/lexikon\/wp-json\/wp\/v2\/comments?post=4623"}],"wp:attachment":[{"href":"https:\/\/uj.adatbank.ro\/lexikon\/wp-json\/wp\/v2\/media?parent=4623"}],"wp:term":[{"taxonomy":"product_brand","embeddable":true,"href":"https:\/\/uj.adatbank.ro\/lexikon\/wp-json\/wp\/v2\/product_brand?post=4623"},{"taxonomy":"product_cat","embeddable":true,"href":"https:\/\/uj.adatbank.ro\/lexikon\/wp-json\/wp\/v2\/product_cat?post=4623"},{"taxonomy":"product_tag","embeddable":true,"href":"https:\/\/uj.adatbank.ro\/lexikon\/wp-json\/wp\/v2\/product_tag?post=4623"}],"curies":[{"name":"wp","href":"https:\/\/api.w.org\/{rel}","templated":true}]}}