{"id":4624,"date":"2025-06-28T16:47:56","date_gmt":"2025-06-28T14:47:56","guid":{"rendered":"https:\/\/uj.adatbank.ro\/lexikon\/termek\/bethlen-istvan-gr-bethleni\/"},"modified":"2025-06-28T16:47:56","modified_gmt":"2025-06-28T14:47:56","slug":"bethlen-istvan-gr-bethleni","status":"publish","type":"product","link":"https:\/\/uj.adatbank.ro\/lexikon\/termek\/bethlen-istvan-gr-bethleni\/","title":{"rendered":"BETHLEN Istv\u00e1n, gr, bethleni"},"content":{"rendered":"<p>Gernyeszeg, 1874. okt. 8., \u2020 1946 okt. 5. Szovjet\u00fani\u00f3ban el\u00edt\u00e9lt\u00e9k,. kiv\u00e9gezt\u00e9k.- Feles\u00e9ge gr\u00f3f Bethlen Margit (1882\u20131970), \u00edr\u00f3n\u0151. Gyermekeik: Andr\u00e1s, Istv\u00e1n \u00e9s G\u00e1bor.- K\u00f6z\u00e9piskolai tanulm\u00e1nyait a b\u00e9csi Collegium Theresianumban v\u00e9gezte, majd a B.-pesti tudom\u00e1nyegyetem jog- \u00e9s \u00e1llamtudom\u00e1ny kar\u00e1n v\u00e9gzett (1893\u201396). Jog\u00e1sz Bp.-en (1897\u201398), katonai szolg\u00e1lat (1898\u20131900), a magyar\u00f3v\u00e1ri magyar kir\u00e1lyi Gazdas\u00e1gi Akad\u00e9mia hallgat\u00f3ja, mez\u0151gazdas\u00e1gi oklevelet kapott. Nagybirtokos, politikus. A cs\u00e1sz\u00e1ri \u00e9s kir\u00e1lyi hadsereg k\u00f6tel\u00e9keiben harcolt. Akt\u00edvan politiz\u00e1lt, orsz\u00e1ggy\u0171l\u00e9si k\u00e9pvisel\u0151 a Szabadelv\u0171 P\u00e1rt\u00e9 (1901\u20131903), a F\u00fcggetlens\u00e9gi \u00e9s Negyvennyolcas P\u00e1rt\u00e9 (1904\u20131913), a 48-as Alkotm\u00e1nyp\u00e1rt\u00e9 (1913\u20131918), a Kereszt\u00e9ny Nemzeti Egyes\u00fcl\u00e9s P\u00e1rtj\u00e1\u00e9 (1922\u20131935) \u00e9s a fels\u0151h\u00e1z tagja a magyar orsz\u00e1ggy\u0171l\u00e9snek (1939 \u2013 Magyarorsz\u00e1got romba d\u00f6nt\u00f6tte az \u0151szir\u00f3zs\u00e1s forradalom, a tan\u00e1csk\u00f6zt\u00e1rsas\u00e1g, a rom\u00e1n megsz\u00e1ll\u00e1s.). Korm\u00e1nyz\u00f3v\u00e1 v\u00e1lasztott\u00e1k Horthy Mikl\u00f3st, aki vissza\u00e1ll\u00edtotta a parlamentarizmust. A trianoni b\u00e9kedikt\u00e1tum ut\u00e1n minisztereln\u00f6k lett Teleki P\u00e1l, az \u0151 idej\u00e9nben volt az 1920-as f\u00f6ldreform \u00e9s lemondott 1921 tavasz\u00e1n. Horthy Mikl\u00f3s korm\u00e1nyz\u00f3 minisztereln\u00f6knek nevezt\u00e9k ki (1921. \u00e1pr. 14 -.), fontos feladat\u00e1nak tartotta a gazdas\u00e1g helyre\u00e1ll\u00edt\u00e1s\u00e1t. Kiegyezett a Kisgazda P\u00e1rttal megnyerte a v\u00e1laszt\u00e1sokat, l\u00e9trehozta az Egys\u00e9ges P\u00e1rtot, amelynek vezet\u0151je (1931-ig). Korm\u00e1nya 250 milli\u00f3 n\u00e9psz\u00f6vets\u00e9gi hitelt vett fel (1922) \u00e9s megalap\u00edtotta a Nemzeti Bankot (1924). A gazdas\u00e1g er\u0151s\u00f6dni kezdett, a koron\u00e1t felv\u00e1ltotta a peng\u0151 (1927). Miniszter-eln\u00f6knek, j\u00f3 volt mivel jog\u00e1sz \u00e9s mez\u0151gazd\u00e1sz is volt. Fejl\u0151d\u00f6tt az oktat\u00e1s \u00e9s a kult\u00fara, a vall\u00e1s- \u00e9s k\u00f6zoktat\u00e1s\u00fcgyi miniszter gr\u00f3f thumburgi Klebelsberg Kuno, kidolgozta a n\u00e9piskolai h\u00e1l\u00f3zat programj\u00e1t. A Bethleni konszolid\u00e1ci\u00f3nak nevezett t\u00edz \u00e9ves korszak sikeres: helyre\u00e1ll\u00edtotta a gazdas\u00e1got, stabil lett a politikai k\u00f6rnyezet, az Egys\u00e9ges P\u00e1rt vezet\u0151je volt 1931-ig. Lemondott minisztereln\u00f6ki tiszts\u00e9g\u00e9r\u0151l (1931. aug.), de tov\u00e1bb is akt\u00edv \u00e9lete volt. A h\u00e1bor\u00fab\u00f3l val\u00f3 kiugr\u00e1st t\u00e1mogatta, a zsid\u00f3t\u00f6rv\u00e9nyeket \u00e9s az antiszemitizmust el\u00edt\u00e9lte. Tan\u00e1csad\u00f3k\u00e9nt tev\u00e9kenykedett. Mv.-en a mez\u0151s\u00e9gi f\u00f6ldbirtokos t\u00e1rsaival javasolt\u00e1k \u00e9s k\u00e9rtek koncesszi\u00f3t a vas\u00fat\u00e9p\u00edt\u00e9shez (1904. j\u00fal.), a kisvas\u00fat vonala Mez\u0151b\u00e1nd \u2013 Mv. \u00e9s Radn\u00f3t legyen. Mv.-en besz\u00e1molt a parlamentben v\u00e9gzett munk\u00e1j\u00e1r\u00f3l (1905. jan. 6. a Transzylv\u00e1nia sz\u00e1l\u00f3ban). A Marosi Ref. Egyh\u00e1zmegye gondnoka, Ref. Koll\u00e9gium \u00e9s a Kolozsv\u00e1ri Takar\u00e9kp\u00e9nzt\u00e1r \u00e9s Hitelbank mv.-i fi\u00f3kj\u00e1nak \u00e9s a K\u00f6zhaszn\u00fa Takar\u00e9kp\u00e9nzt\u00e1rnak gondnoka. K\u00e9pvisel\u0151, minisztereln\u00f6k (1931. m\u00e1j. 6., okt. 27\u201329., 1941. m\u00e1rc. 20.). Bp. n\u00e9met megsz\u00e1ll\u00e1s\u00e9nak (1944. m\u00e1rc. 19.) ut\u00e1n bujk\u00e1lnia kellett, beteg, k\u00e9tszer volt agyv\u00e9rz\u00e9se. Szovjet fogs\u00e1gba ker\u00fclt, a moszkvai Butirszkaja b\u00f6rt\u00f6n k\u00f3rh\u00e1z\u00e1ban halt meg sz\u00edvb\u00e9nul\u00e1s k\u00f6vetkezt\u00e9ben. Bp.-en a Kerepesi temet\u0151ben jelk\u00e9pes hamvai nyugszanak (1994).-<br \/><strong>Irod.:<\/strong> Riti J\u00f3zsef Attila: Helyt\u00e1ll\u00e1s neh\u00e9z id\u0151ben: 150. \u00e9ve sz\u00fcletett Bethlen Istv\u00e1n minisztereln\u00f6k; Erd\u00e9lyi Reform\u00e1tus Kalend\u00e1rium, 2024\u00ad; Id\u0151t\u00e1r V \/3<\/br><\/p>\n","protected":false},"excerpt":{"rendered":"<p>Gernyeszeg, 1874. okt. 8., \u2020 1946 okt. 5. Szovjet\u00fani\u00f3ban el\u00edt\u00e9lt\u00e9k,. kiv\u00e9gezt\u00e9k.- Feles\u00e9ge gr\u00f3f Bethlen Margit (1882\u20131970), \u00edr\u00f3n\u0151. Gyermekeik: Andr\u00e1s, Istv\u00e1n \u00e9s G\u00e1bor.- K\u00f6z\u00e9piskolai tanulm\u00e1nyait a b\u00e9csi Collegium Theresianumban v\u00e9gezte, majd a B.-pesti tudom\u00e1nyegyetem jog- \u00e9s \u00e1llamtudom\u00e1ny kar\u00e1n v\u00e9gzett (1893\u201396). Jog\u00e1sz Bp.-en (1897\u201398), katonai szolg\u00e1lat (1898\u20131900), a magyar\u00f3v\u00e1ri magyar kir\u00e1lyi Gazdas\u00e1gi Akad\u00e9mia hallgat\u00f3ja, mez\u0151gazdas\u00e1gi oklevelet kapott. [&hellip;]<\/p>\n","protected":false},"featured_media":0,"comment_status":"open","ping_status":"closed","template":"","meta":[],"product_brand":[],"product_cat":[137],"product_tag":[],"class_list":{"0":"post-4624","1":"product","2":"type-product","3":"status-publish","5":"product_cat-maros-megyei-eletrajzi-lexikon","7":"first","8":"instock","9":"shipping-taxable","10":"product-type-simple"},"_links":{"self":[{"href":"https:\/\/uj.adatbank.ro\/lexikon\/wp-json\/wp\/v2\/product\/4624","targetHints":{"allow":["GET"]}}],"collection":[{"href":"https:\/\/uj.adatbank.ro\/lexikon\/wp-json\/wp\/v2\/product"}],"about":[{"href":"https:\/\/uj.adatbank.ro\/lexikon\/wp-json\/wp\/v2\/types\/product"}],"replies":[{"embeddable":true,"href":"https:\/\/uj.adatbank.ro\/lexikon\/wp-json\/wp\/v2\/comments?post=4624"}],"wp:attachment":[{"href":"https:\/\/uj.adatbank.ro\/lexikon\/wp-json\/wp\/v2\/media?parent=4624"}],"wp:term":[{"taxonomy":"product_brand","embeddable":true,"href":"https:\/\/uj.adatbank.ro\/lexikon\/wp-json\/wp\/v2\/product_brand?post=4624"},{"taxonomy":"product_cat","embeddable":true,"href":"https:\/\/uj.adatbank.ro\/lexikon\/wp-json\/wp\/v2\/product_cat?post=4624"},{"taxonomy":"product_tag","embeddable":true,"href":"https:\/\/uj.adatbank.ro\/lexikon\/wp-json\/wp\/v2\/product_tag?post=4624"}],"curies":[{"name":"wp","href":"https:\/\/api.w.org\/{rel}","templated":true}]}}

BETHLEN István, gr, bethleni

<p>Gernyeszeg, 1874. okt. 8., † 1946 okt. 5. Szovjetúnióban elítélték,. kivégezték.- Felesége gróf Bethlen Margit (1882–1970), írónő. Gyermekeik: András, István és Gábor.- Középiskolai tanulmányait a bécsi Collegium Theresianumban végezte, majd a B.-pesti tudományegyetem jog- és államtudomány karán végzett (1893–96). Jogász Bp.-en (1897–98), katonai szolgálat (1898–1900), a magyaróvári magyar királyi Gazdasági Akadémia hallgatója, mezőgazdasági oklevelet kapott. Nagybirtokos, politikus. A császári és királyi hadsereg kötelékeiben harcolt. Aktívan politizált, országgyűlési képviselő a Szabadelvű Párté (1901–1903), a Függetlenségi és Negyvennyolcas Párté (1904–1913), a 48-as Alkotmánypárté (1913–1918), a Keresztény Nemzeti Egyesülés Pártjáé (1922–1935) és a felsőház tagja a magyar országgyűlésnek (1939 – Magyarországot romba döntötte az őszirózsás forradalom, a tanácsköztársaság, a román megszállás.). Kormányzóvá választották Horthy Miklóst, aki visszaállította a parlamentarizmust. A trianoni békediktátum után miniszterelnök lett Teleki Pál, az ő idejénben volt az 1920-as földreform és lemondott 1921 tavaszán. Horthy Miklós kormányzó miniszterelnöknek nevezték ki (1921. ápr. 14 -.), fontos feladatának tartotta a gazdaság helyreállítását. Kiegyezett a Kisgazda Párttal megnyerte a választásokat, létrehozta az Egységes Pártot, amelynek vezetője (1931-ig). Kormánya 250 millió népszövetségi hitelt vett fel (1922) és megalapította a Nemzeti Bankot (1924). A gazdaság erősödni kezdett, a koronát felváltotta a pengő (1927). Miniszter-elnöknek, jó volt mivel jogász és mezőgazdász is volt. Fejlődött az oktatás és a kultúra, a vallás- és közoktatásügyi miniszter gróf thumburgi Klebelsberg Kuno, kidolgozta a népiskolai hálózat programját. A Bethleni konszolidációnak nevezett tíz éves korszak sikeres: helyreállította a gazdaságot, stabil lett a politikai környezet, az Egységes Párt vezetője volt 1931-ig. Lemondott miniszterelnöki tisztségéről (1931. aug.), de tovább is aktív élete volt. A háborúból való kiugrást támogatta, a zsidótörvényeket és az antiszemitizmust elítélte. Tanácsadóként tevékenykedett. Mv.-en a mezőségi földbirtokos társaival javasolták és kértek koncessziót a vasútépítéshez (1904. júl.), a kisvasút vonala Mezőbánd – Mv. és Radnót legyen. Mv.-en beszámolt a parlamentben végzett munkájáról (1905. jan. 6. a Transzylvánia szálóban). A Marosi Ref. Egyházmegye gondnoka, Ref. Kollégium és a Kolozsvári Takarékpénztár és Hitelbank mv.-i fiókjának és a Közhasznú Takarékpénztárnak gondnoka. Képviselő, miniszterelnök (1931. máj. 6., okt. 27–29., 1941. márc. 20.). Bp. német megszállásénak (1944. márc. 19.) után bujkálnia kellett, beteg, kétszer volt agyvérzése. Szovjet fogságba került, a moszkvai Butirszkaja börtön kórházában halt meg szívbénulás következtében. Bp.-en a Kerepesi temetőben jelképes hamvai nyugszanak (1994).-<br /><strong>Irod.:</strong> Riti József Attila: Helytállás nehéz időben: 150. éve született Bethlen István miniszterelnök; Erdélyi Református Kalendárium, 2024­; Időtár V /3</br></p>

<p>Gernyeszeg, 1874. okt. 8., † 1946 okt. 5. Szovjetúnióban elítélték,. kivégezték.- Felesége gróf Bethlen Margit (1882–1970), írónő. Gyermekeik: András, István és Gábor.- Középiskolai tanulmányait a bécsi Collegium Theresianumban végezte, majd a B.-pesti tudományegyetem jog- és államtudomány karán végzett (1893–96). Jogász Bp.-en (1897–98), katonai szolgálat (1898–1900), a magyaróvári magyar királyi Gazdasági Akadémia hallgatója, mezőgazdasági oklevelet kapott. [&hellip;]</p>
