{"id":4625,"date":"2025-06-28T16:47:58","date_gmt":"2025-06-28T14:47:58","guid":{"rendered":"https:\/\/uj.adatbank.ro\/lexikon\/termek\/bethlen-janos-%c2%a7-bethleni-gr\/"},"modified":"2025-06-28T16:47:58","modified_gmt":"2025-06-28T14:47:58","slug":"bethlen-janos-%c2%a7-bethleni-gr","status":"publish","type":"product","link":"https:\/\/uj.adatbank.ro\/lexikon\/termek\/bethlen-janos-%c2%a7-bethleni-gr\/","title":{"rendered":"BETHLEN J\u00e1nos, \u00a7 bethleni gr."},"content":{"rendered":"<p>Pest, 1792. febr. 9., \u2020 Pest, 1851. m\u00e1rc. 15, : politikus, k\u00e9pvisel\u0151. \u2013 Feles\u00e9ge: 1. gr. B\u00e9ldi Roz\u00e1lia (1797\u20131836), gyermekeik: R\u00f3z\u00e1lia (1824), J\u00e1nos (1826\u20131891), Oliv\u00e9r (1825\u20131894), Mikl\u00f3s (1831\u20131899); 2. br. Wesel\u00e9nyi Zsuzsanna (1808\u20131891. okt. 6.), gyermekeik: D\u00e1niel (1838\u20131893), Istv\u00e1n (1839\u20131881), Aurel (1843\u20131906). \u2013 Tanulm\u00e1nyait a nagyenyedi ref. koll.-ban v\u00e9gezte. Harcolt a nap\u00f3leoni h\u00e1\u00adbor\u00fakban, ennek sor\u00e1n kapit\u00e1nyi rangot \u00e9rt el. A b\u00e9csi erd\u00e9lyi udvari kancel\u00adl\u00e1ria titk\u00e1ra (1814\u201322), a b\u00e9csi t\u00e1rsas\u00e1gi \u00e9let ismert alakja volt, k\u00f6lts\u00e9ges \u00e9letm\u00f3dja eg\u00e9sz vagyon\u00e1t fel\u00adem\u00e9sztette. Csak az egyik nagyb\u00e1tyj\u00e1t\u00f3l, gr. B. D\u00e1nielt\u0151l r\u00e1maradt \u00f6r\u00f6ks\u00e9g mentette meg a teljes anyagi cs\u0151dt\u0151l. Visszavonult erd\u00e9lyi birtok\u00e1ra (1822), de hova? Kir\u00e1lyi hivatalos az erd\u00e9lyi ogy.-eken (1834-, \u201337-, 41-, 46-, \u201348). R\u00e9szt vett a helyi politikai \u00e9letben, \u00e9s az erd\u00e9lyi reformellenz\u00e9k egyik vezet\u0151 egy\u00e9nis\u00e9ge lett. Az 1848. \u00e9vi kv.-i ogy.-en a Mo.-gal val\u00f3 uni\u00f3 kimond\u00e1s\u00e1nak legf\u0151bb k\u00e9pvisel\u0151je volt. Az els\u0151 n\u00e9pk\u00e9pviseleti ogy. k\u00e9pvise\u00adl\u0151je, szorgalmazta a k\u00f6zt\u00e1rsas\u00e1gi \u00e1llamforma elfogad\u00e1s\u00e1t (1849). <br \/><strong>Irod.:<\/strong> \u00c1ll\u00f3- \u00e9s mozg\u00f3k\u00e9pek; Apor \u2013 Ol\u00e1h-G\u00e1l; Kazinczy G\u00e1bor: Id. gr. B. J. (Pesti Napl\u00f3, 1851. 308. sz. Benk\u0151 K.: Mv.; Lev\u00e9lt\u00e1ri gy\u00e1szj.; Lukinich; Paget; P\u00e1lffy; \u00daM\u00c9L<\/br><\/p>\n","protected":false},"excerpt":{"rendered":"<p>Pest, 1792. febr. 9., \u2020 Pest, 1851. m\u00e1rc. 15, : politikus, k\u00e9pvisel\u0151. \u2013 Feles\u00e9ge: 1. gr. B\u00e9ldi Roz\u00e1lia (1797\u20131836), gyermekeik: R\u00f3z\u00e1lia (1824), J\u00e1nos (1826\u20131891), Oliv\u00e9r (1825\u20131894), Mikl\u00f3s (1831\u20131899); 2. br. Wesel\u00e9nyi Zsuzsanna (1808\u20131891. okt. 6.), gyermekeik: D\u00e1niel (1838\u20131893), Istv\u00e1n (1839\u20131881), Aurel (1843\u20131906). \u2013 Tanulm\u00e1nyait a nagyenyedi ref. koll.-ban v\u00e9gezte. Harcolt a nap\u00f3leoni h\u00e1\u00adbor\u00fakban, ennek sor\u00e1n [&hellip;]<\/p>\n","protected":false},"featured_media":0,"comment_status":"open","ping_status":"closed","template":"","meta":[],"product_brand":[],"product_cat":[137],"product_tag":[],"class_list":{"0":"post-4625","1":"product","2":"type-product","3":"status-publish","5":"product_cat-maros-megyei-eletrajzi-lexikon","7":"first","8":"instock","9":"shipping-taxable","10":"product-type-simple"},"_links":{"self":[{"href":"https:\/\/uj.adatbank.ro\/lexikon\/wp-json\/wp\/v2\/product\/4625","targetHints":{"allow":["GET"]}}],"collection":[{"href":"https:\/\/uj.adatbank.ro\/lexikon\/wp-json\/wp\/v2\/product"}],"about":[{"href":"https:\/\/uj.adatbank.ro\/lexikon\/wp-json\/wp\/v2\/types\/product"}],"replies":[{"embeddable":true,"href":"https:\/\/uj.adatbank.ro\/lexikon\/wp-json\/wp\/v2\/comments?post=4625"}],"wp:attachment":[{"href":"https:\/\/uj.adatbank.ro\/lexikon\/wp-json\/wp\/v2\/media?parent=4625"}],"wp:term":[{"taxonomy":"product_brand","embeddable":true,"href":"https:\/\/uj.adatbank.ro\/lexikon\/wp-json\/wp\/v2\/product_brand?post=4625"},{"taxonomy":"product_cat","embeddable":true,"href":"https:\/\/uj.adatbank.ro\/lexikon\/wp-json\/wp\/v2\/product_cat?post=4625"},{"taxonomy":"product_tag","embeddable":true,"href":"https:\/\/uj.adatbank.ro\/lexikon\/wp-json\/wp\/v2\/product_tag?post=4625"}],"curies":[{"name":"wp","href":"https:\/\/api.w.org\/{rel}","templated":true}]}}

BETHLEN János, § bethleni gr.

<p>Pest, 1792. febr. 9., † Pest, 1851. márc. 15, : politikus, képviselő. – Felesége: 1. gr. Béldi Rozália (1797–1836), gyermekeik: Rózália (1824), János (1826–1891), Olivér (1825–1894), Miklós (1831–1899); 2. br. Weselényi Zsuzsanna (1808–1891. okt. 6.), gyermekeik: Dániel (1838–1893), István (1839–1881), Aurel (1843–1906). – Tanulmányait a nagyenyedi ref. koll.-ban végezte. Harcolt a napóleoni há­borúkban, ennek során kapitányi rangot ért el. A bécsi erdélyi udvari kancel­lária titkára (1814–22), a bécsi társasági élet ismert alakja volt, költséges életmódja egész vagyonát fel­emésztette. Csak az egyik nagybátyjától, gr. B. Dánieltől rámaradt örökség mentette meg a teljes anyagi csődtől. Visszavonult erdélyi birtokára (1822), de hova? Királyi hivatalos az erdélyi ogy.-eken (1834-, –37-, 41-, 46-, –48). Részt vett a helyi politikai életben, és az erdélyi reformellenzék egyik vezető egyénisége lett. Az 1848. évi kv.-i ogy.-en a Mo.-gal való unió kimondásának legfőbb képviselője volt. Az első népképviseleti ogy. képvise­lője, szorgalmazta a köztársasági államforma elfogadását (1849). <br /><strong>Irod.:</strong> Álló- és mozgóképek; Apor – Oláh-Gál; Kazinczy Gábor: Id. gr. B. J. (Pesti Napló, 1851. 308. sz. Benkő K.: Mv.; Levéltári gyászj.; Lukinich; Paget; Pálffy; ÚMÉL</br></p>

<p>Pest, 1792. febr. 9., † Pest, 1851. márc. 15, : politikus, képviselő. – Felesége: 1. gr. Béldi Rozália (1797–1836), gyermekeik: Rózália (1824), János (1826–1891), Olivér (1825–1894), Miklós (1831–1899); 2. br. Weselényi Zsuzsanna (1808–1891. okt. 6.), gyermekeik: Dániel (1838–1893), István (1839–1881), Aurel (1843–1906). – Tanulmányait a nagyenyedi ref. koll.-ban végezte. Harcolt a napóleoni há­borúkban, ennek során [&hellip;]</p>
