{"id":4626,"date":"2025-06-28T16:48:00","date_gmt":"2025-06-28T14:48:00","guid":{"rendered":"https:\/\/uj.adatbank.ro\/lexikon\/termek\/bethlen-janos-%c2%a7-bethleni-gr-2\/"},"modified":"2025-06-29T11:33:11","modified_gmt":"2025-06-29T09:33:11","slug":"bethlen-janos-%c2%a7-bethleni-gr-2","status":"publish","type":"product","link":"https:\/\/uj.adatbank.ro\/lexikon\/termek\/bethlen-janos-%c2%a7-bethleni-gr-2\/","title":{"rendered":"BETHLEN J\u00e1nos, \u00a7 bethleni gr."},"content":{"rendered":"<p>Kisb\u00fan, 1811. okt. 18., \u2020 Kv., 1879. szept. 2. a H\u00e1zsong\u00e1rdi temet\u0151ben a csal\u00e1di kript\u00e1ba temett\u00e9k: reformpolitikus, cs. kir. kamar\u00e1s. \u2013 Br. B. S\u00e1ndor (1778\u20131863. j\u00fan. 8.) \u00e9s br. Kem\u00e9ny M\u00e1ria (1781\u20131854. dec. 28.) fia. Feles\u00e9ge gr. Teleki Zs\u00f3fia (1815. okt. 14. \u2013 Pest, 1852. nov. 6.). Esk\u00fcv\u0151: Gernyeszeg (1835). Kisb\u00fanon \u00e9ltek. Gyermekeik: G\u00e9za (1838\u20131911), feles\u00e9ge ka\u00e1li Nagy Berta; Domokos (1839\u20131875), feles\u00e9ge gr. Mikes Sarolta; B\u00e9la (1841\u20131897); J\u00e1nos (1843\u20131881), feles\u00e9ge gr. L\u00e1z\u00e1r M\u00e1ria; J\u00f3zsef (1846\u20131927), S\u00e1ndor (1850\u20131910). \u2013 A sz\u00e1szerkedi birtok \u00e9s kast\u00e9ly tulajdonosa. Nagyenyeden tanult, majd k\u00fclf\u00f6ldi tanulm\u00e1ny\u00fatja ut\u00e1n Mv.-en jogi vizsg\u00e1t tett (1833). Kor\u00e1n bekapcsol\u00f3dott az erd\u00e9lyi ellenz\u00e9ki, majd reformozgalomba. Ahhoz a nemzeti liber\u00e1lis csoporthoz tartozott, amely \u00e9l\u00e9n id. Bethlen J\u00e1nos \u00e1llt. Csatlakozott az un. v\u00e1ndorpatri\u00f3t\u00e1k kezdem\u00e9nyez\u00e9s\u00e9hez, Wessel\u00e9nyi Mikl\u00f3ssal egy\u00fctt bej\u00e1rta Erd\u00e9ly vm.-it \u00e9s v\u00e1rosait, k\u00f6vetelve az ogy. \u00f6sszeh\u00edv\u00e1s\u00e1t \u00e9s az alkotm\u00e1nyos jogok vissza\u00e1ll\u00edt\u00e1s\u00e1t. El\u0151sz\u00f6r Udvarhelysz\u00e9k k\u00f6vetek\u00e9nt ker\u00fclt az erd\u00e9lyi ogy.-be (1841\u2013), azut\u00e1n r\u00e9szt vett az 1846\u201347, 1848-as erd\u00e9lyi di\u00e9t\u00e1kon. A Mv.-i Kaszin\u00f3 alap\u00edt\u00f3tagja (1832). A Kaszin\u00f3 sz\u00e1m\u00e1ra ir\u00e1sbeli tud\u00f3s\u00edt\u00e1sokat szerkesztett a t\u00f6rv\u00e9nyhat\u00f3s\u00e1gok munk\u00e1j\u00e1r\u00f3l. Az\u00e9rt k\u00fczd\u00f6tt hogy a mo.-i \u00farb\u00e9ri t\u00f6rv\u00e9nyhez hasonl\u00f3 jobb\u00e1gyt\u00f6rv\u00e9nyt fogadjon el az ogy.; t\u00e1mogatta a Mo.-gal val\u00f3 uni\u00f3t. Jobb\u00e1gyai egy r\u00e9sz\u00e9t \u00f6r\u00f6k v\u00e1lts\u00e1ggal felszabad\u00edtotta (1847). Tagja volt az els\u0151 egyes\u00fclt m. ogy.-nek, ahol 16 pontb\u00f3l \u00e1ll\u00f3 tervezetet ny\u00fajtott be a sz\u00e9kely hat\u00e1r\u0151rs\u00e9g helyzet\u00e9nek rendez\u00e9s\u00e9re. Vay Mikl\u00f3s kir. biz\u00adtos mellett erd\u00e9lyi korm\u00e1nybiztos (1848. szept., okt. 16.), Mv. korm\u00e1nybiztosa (1848. okt.). Felsz\u00f3lalt, \u00e9s vezet\u0151 szerepet j\u00e1tszott az agyag\u00adfalvi sz\u00e9kely nagygy\u0171l\u00e9sen. Tagja volt a nagygy\u0171l\u00e9s vezet\u0151 tan\u00e1cs\u00e1nak, amely mindent elk\u00f6vetett hogy elker\u00fclj\u00e9k a fegyveres konfliktust mind a hivatalos fegyveres er\u0151kkel mind a rom\u00e1n \u00e9s sz\u00e1sz felkel\u0151kkel, \u0151szinte hang\u00fa felsz\u00f3l\u00edt\u00e1st int\u00e9zetek a rom\u00e1nokhoz \u00e9s a sz\u00e1szokhoz, a mely megfogalmaz\u00e1sa t\u0151le sz\u00e1rmazik. A fegyveres felkel\u00e9s kudarca ut\u00e1n Kv.-ra ment ahonnan hossz\u00fa \u00edr\u00e1st k\u00f6z\u00f6lt a Pesti H\u00edrlapnak Erd\u00e9ly hellyzet\u00e9r\u0151l. A debreceni ogy.-ben a B\u00e9kep\u00e1rthoz csatlakozott (1849 elej\u00e9n). A forradalom lever\u00e9s\u00e9t k\u00f6vet\u0151en 3 h\u00f3napi bujdos\u00e1s ut\u00e1n jelentkezett a hat\u00f3s\u00e1gokn\u00e1l. Perbe fogt\u00e1k ugyan, de az uralkod\u00f3t\u00f3l kegyelmet kapott (1850). Pesten maradt (\u20131853), majd feles\u00e9ge gr. Teleki Zs\u00f3fia hal\u00e1la ut\u00e1n, a fiaival visszat\u00e9rt Kv.-ra (1853\u2013). Fiainak nevel\u0151jek\u00e9nt ker\u00fclt Erd\u00e9lybe Fin\u00e1ly Henrik, klasszika filol\u00f3gus, k\u00e9s\u0151bb az MTA levelez\u0151 tagja. Sokat tett a Nemzeti Sz\u00ednh\u00e1z \u00fajj\u00e1teremt\u00e9s\u00e9\u00e9rt, mint a kv.-i nemzeti sz\u00ednh\u00e1zi bizotts\u00e1g tagja; r\u00e9szt vett az EME alap\u00edt\u00e1s\u00e1ban, \u00e9s az erd\u00e9lyi ref. iskol\u00e1k helyzet\u00e9nek a rendez\u00e9s\u00e9\u00e9rt is sokat tett. Udvarhelysz\u00e9k k\u00e9pvisel\u0151je (1865-; 1869\u201372), k\u00f6zrem\u0171k\u00f6d\u00f6tt a kiegyez\u00e9s el\u0151k\u00e9sz\u00edt\u00e9s\u00e9ben. A sz\u00e9kelyudvarhelyi ref. f\u0151iskola \u00e9s ref. egyh\u00e1zmegye gondnoka, az erd\u00e9lyi ref. egyh\u00e1zker\u00fclet igazgat\u00f3 tan\u00e1csosa volt. F\u00e9nyk\u00e9pez\u00e9ssel is foglalkozott (1850-es \u00e9vekben). Jelent\u0151s a publicisztikai tev\u00e9kenys\u00e9ge is. Egyik alap\u00edt\u00f3ja Kv.-i K\u00f6zl. (1856), a Korunk (1865), a Kelet (1870) c. lapoknak. A kisbuni csal\u00e1di kript\u00e1t a forradalom alatt t\u00f6nkretett\u00e9k, helyette Kv.-on \u00e9p\u00edtettetett s\u00edrboltot (1870 k.), ide ker\u00fcltek sz\u00fclei kopors\u00f3i is.<br \/>\n<strong>Irod.:<\/strong> Apor \u2013 Ol\u00e1h-G\u00e1l; Bi\u00e1s Istv\u00e1n; Bicsok\u2013Orb\u00e1n; Egyed \u00c1. 2001; Egyed \u00c1. 2004.; EME t\u00f6rt.; Gudenus; Gy\u00e1szjelent\u0151; H\u00e1zsong\u00e1rd; Id\u0151t\u00e1r 2; Lukinich, Nagy Iv\u00e1n; P\u00e1lffy<\/p>\n","protected":false},"excerpt":{"rendered":"<p>Kisb\u00fan, 1811. okt. 18., \u2020 Kv., 1879. szept. 2. a H\u00e1zsong\u00e1rdi temet\u0151ben a csal\u00e1di kript\u00e1ba temett\u00e9k: reformpolitikus, cs. kir. kamar\u00e1s. \u2013 Br. B. S\u00e1ndor (1778\u20131863. j\u00fan. 8.) \u00e9s br. Kem\u00e9ny M\u00e1ria (1781\u20131854. dec. 28.) fia. Feles\u00e9ge gr. Teleki Zs\u00f3fia (1815. okt. 14. \u2013 Pest, 1852. nov. 6.). Esk\u00fcv\u0151: Gernyeszeg (1835). Kisb\u00fanon \u00e9ltek. Gyermekeik: G\u00e9za (1838\u20131911), [&hellip;]<\/p>\n","protected":false},"featured_media":0,"comment_status":"open","ping_status":"closed","template":"","meta":[],"product_brand":[],"product_cat":[137],"product_tag":[],"class_list":{"0":"post-4626","1":"product","2":"type-product","3":"status-publish","5":"product_cat-maros-megyei-eletrajzi-lexikon","7":"first","8":"instock","9":"shipping-taxable","10":"product-type-simple"},"_links":{"self":[{"href":"https:\/\/uj.adatbank.ro\/lexikon\/wp-json\/wp\/v2\/product\/4626","targetHints":{"allow":["GET"]}}],"collection":[{"href":"https:\/\/uj.adatbank.ro\/lexikon\/wp-json\/wp\/v2\/product"}],"about":[{"href":"https:\/\/uj.adatbank.ro\/lexikon\/wp-json\/wp\/v2\/types\/product"}],"replies":[{"embeddable":true,"href":"https:\/\/uj.adatbank.ro\/lexikon\/wp-json\/wp\/v2\/comments?post=4626"}],"wp:attachment":[{"href":"https:\/\/uj.adatbank.ro\/lexikon\/wp-json\/wp\/v2\/media?parent=4626"}],"wp:term":[{"taxonomy":"product_brand","embeddable":true,"href":"https:\/\/uj.adatbank.ro\/lexikon\/wp-json\/wp\/v2\/product_brand?post=4626"},{"taxonomy":"product_cat","embeddable":true,"href":"https:\/\/uj.adatbank.ro\/lexikon\/wp-json\/wp\/v2\/product_cat?post=4626"},{"taxonomy":"product_tag","embeddable":true,"href":"https:\/\/uj.adatbank.ro\/lexikon\/wp-json\/wp\/v2\/product_tag?post=4626"}],"curies":[{"name":"wp","href":"https:\/\/api.w.org\/{rel}","templated":true}]}}

BETHLEN János, § bethleni gr.

<p>Kisbún, 1811. okt. 18., † Kv., 1879. szept. 2. a Házsongárdi temetőben a családi kriptába temették: reformpolitikus, cs. kir. kamarás. – Br. B. Sándor (1778–1863. jún. 8.) és br. Kemény Mária (1781–1854. dec. 28.) fia. Felesége gr. Teleki Zsófia (1815. okt. 14. – Pest, 1852. nov. 6.). Esküvő: Gernyeszeg (1835). Kisbúnon éltek. Gyermekeik: Géza (1838–1911), felesége kaáli Nagy Berta; Domokos (1839–1875), felesége gr. Mikes Sarolta; Béla (1841–1897); János (1843–1881), felesége gr. Lázár Mária; József (1846–1927), Sándor (1850–1910). – A szászerkedi birtok és kastély tulajdonosa. Nagyenyeden tanult, majd külföldi tanulmányútja után Mv.-en jogi vizsgát tett (1833). Korán bekapcsolódott az erdélyi ellenzéki, majd reformozgalomba. Ahhoz a nemzeti liberális csoporthoz tartozott, amely élén id. Bethlen János állt. Csatlakozott az un. vándorpatrióták kezdeményezéséhez, Wesselényi Miklóssal együtt bejárta Erdély vm.-it és városait, követelve az ogy. összehívását és az alkotmányos jogok visszaállítását. Először Udvarhelyszék követeként került az erdélyi ogy.-be (1841–), azután részt vett az 1846–47, 1848-as erdélyi diétákon. A Mv.-i Kaszinó alapítótagja (1832). A Kaszinó számára irásbeli tudósításokat szerkesztett a törvényhatóságok munkájáról. Azért küzdött hogy a mo.-i úrbéri törvényhez hasonló jobbágytörvényt fogadjon el az ogy.; támogatta a Mo.-gal való uniót. Jobbágyai egy részét örök váltsággal felszabadította (1847). Tagja volt az első egyesült m. ogy.-nek, ahol 16 pontból álló tervezetet nyújtott be a székely határőrség helyzetének rendezésére. Vay Miklós kir. biz­tos mellett erdélyi kormánybiztos (1848. szept., okt. 16.), Mv. kormánybiztosa (1848. okt.). Felszólalt, és vezető szerepet játszott az agyag­falvi székely nagygyűlésen. Tagja volt a nagygyűlés vezető tanácsának, amely mindent elkövetett hogy elkerüljék a fegyveres konfliktust mind a hivatalos fegyveres erőkkel mind a román és szász felkelőkkel, őszinte hangú felszólítást intézetek a románokhoz és a szászokhoz, a mely megfogalmazása tőle származik. A fegyveres felkelés kudarca után Kv.-ra ment ahonnan hosszú írást közölt a Pesti Hírlapnak Erdély hellyzetéről. A debreceni ogy.-ben a Békepárthoz csatlakozott (1849 elején). A forradalom leverését követően 3 hónapi bujdosás után jelentkezett a hatóságoknál. Perbe fogták ugyan, de az uralkodótól kegyelmet kapott (1850). Pesten maradt (–1853), majd felesége gr. Teleki Zsófia halála után, a fiaival visszatért Kv.-ra (1853–). Fiainak nevelőjeként került Erdélybe Finály Henrik, klasszika filológus, később az MTA levelező tagja. Sokat tett a Nemzeti Színház újjáteremtéséért, mint a kv.-i nemzeti színházi bizottság tagja; részt vett az EME alapításában, és az erdélyi ref. iskolák helyzetének a rendezéséért is sokat tett. Udvarhelyszék képviselője (1865-; 1869–72), közreműködött a kiegyezés előkészítésében. A székelyudvarhelyi ref. főiskola és ref. egyházmegye gondnoka, az erdélyi ref. egyházkerület igazgató tanácsosa volt. Fényképezéssel is foglalkozott (1850-es években). Jelentős a publicisztikai tevékenysége is. Egyik alapítója Kv.-i Közl. (1856), a Korunk (1865), a Kelet (1870) c. lapoknak. A kisbuni családi kriptát a forradalom alatt tönkretették, helyette Kv.-on építettetett sírboltot (1870 k.), ide kerültek szülei koporsói is.<br />
<strong>Irod.:</strong> Apor – Oláh-Gál; Biás István; Bicsok–Orbán; Egyed Á. 2001; Egyed Á. 2004.; EME tört.; Gudenus; Gyászjelentő; Házsongárd; Időtár 2; Lukinich, Nagy Iván; Pálffy</p>

<p>Kisbún, 1811. okt. 18., † Kv., 1879. szept. 2. a Házsongárdi temetőben a családi kriptába temették: reformpolitikus, cs. kir. kamarás. – Br. B. Sándor (1778–1863. jún. 8.) és br. Kemény Mária (1781–1854. dec. 28.) fia. Felesége gr. Teleki Zsófia (1815. okt. 14. – Pest, 1852. nov. 6.). Esküvő: Gernyeszeg (1835). Kisbúnon éltek. Gyermekeik: Géza (1838–1911), [&hellip;]</p>
