{"id":4627,"date":"2025-06-28T16:48:02","date_gmt":"2025-06-28T14:48:02","guid":{"rendered":"https:\/\/uj.adatbank.ro\/lexikon\/termek\/bethlen-janos-bethleni-gr\/"},"modified":"2025-06-28T16:48:02","modified_gmt":"2025-06-28T14:48:02","slug":"bethlen-janos-bethleni-gr","status":"publish","type":"product","link":"https:\/\/uj.adatbank.ro\/lexikon\/termek\/bethlen-janos-bethleni-gr\/","title":{"rendered":"BETHLEN J\u00e1nos, bethleni gr."},"content":{"rendered":"<p>1670., \u2020 Kisb\u00fan, 1716. m\u00e1rc. 30.: f\u00f6ldbirtokos. \u2013 B. P\u00e1l (1648\u20131686) \u00e9s Tordai Margit fia, apja hal\u00e1la ut\u00e1n B. Mikl\u00f3s kancell\u00e1r nevelte. Feles\u00e9ge: 1. L\u00f3nyai Erzs\u00e9bet, 2. gr. Alviczi Erzs\u00e9bet. Gr\u00f3fi rangi rangot kapott (1697. nov. 13.). A kurucok el\u0151l Brass\u00f3ba menek\u00fclt (1705), majd \u00e1t\u00e1llt R\u00e1k\u00f3czi oldal\u00e1ra. A b\u00fani kast\u00e9ly \u00e9s uradalom tulajdonosa. \u00c1tt\u00e9rt a ref. vall\u00e1sra A b\u00fani par\u00f3ki\u00e1r\u00f3l elkergette az unit. papokat. <br \/><strong>Irod.:<\/strong> \u00c1ll\u00f3- \u00e9s mozg\u00f3k\u00e9pek; K\u00e9nosi\u2013Uzoni 1, 2.; Lev\u00e9lt\u00e1ri gy\u00e1szj.; <\/br><\/p>\n","protected":false},"excerpt":{"rendered":"<p>1670., \u2020 Kisb\u00fan, 1716. m\u00e1rc. 30.: f\u00f6ldbirtokos. \u2013 B. P\u00e1l (1648\u20131686) \u00e9s Tordai Margit fia, apja hal\u00e1la ut\u00e1n B. Mikl\u00f3s kancell\u00e1r nevelte. Feles\u00e9ge: 1. L\u00f3nyai Erzs\u00e9bet, 2. gr. Alviczi Erzs\u00e9bet. Gr\u00f3fi rangi rangot kapott (1697. nov. 13.). A kurucok el\u0151l Brass\u00f3ba menek\u00fclt (1705), majd \u00e1t\u00e1llt R\u00e1k\u00f3czi oldal\u00e1ra. A b\u00fani kast\u00e9ly \u00e9s uradalom tulajdonosa. \u00c1tt\u00e9rt a [&hellip;]<\/p>\n","protected":false},"featured_media":0,"comment_status":"open","ping_status":"closed","template":"","meta":[],"product_brand":[],"product_cat":[137],"product_tag":[],"class_list":{"0":"post-4627","1":"product","2":"type-product","3":"status-publish","5":"product_cat-maros-megyei-eletrajzi-lexikon","7":"first","8":"instock","9":"shipping-taxable","10":"product-type-simple"},"_links":{"self":[{"href":"https:\/\/uj.adatbank.ro\/lexikon\/wp-json\/wp\/v2\/product\/4627","targetHints":{"allow":["GET"]}}],"collection":[{"href":"https:\/\/uj.adatbank.ro\/lexikon\/wp-json\/wp\/v2\/product"}],"about":[{"href":"https:\/\/uj.adatbank.ro\/lexikon\/wp-json\/wp\/v2\/types\/product"}],"replies":[{"embeddable":true,"href":"https:\/\/uj.adatbank.ro\/lexikon\/wp-json\/wp\/v2\/comments?post=4627"}],"wp:attachment":[{"href":"https:\/\/uj.adatbank.ro\/lexikon\/wp-json\/wp\/v2\/media?parent=4627"}],"wp:term":[{"taxonomy":"product_brand","embeddable":true,"href":"https:\/\/uj.adatbank.ro\/lexikon\/wp-json\/wp\/v2\/product_brand?post=4627"},{"taxonomy":"product_cat","embeddable":true,"href":"https:\/\/uj.adatbank.ro\/lexikon\/wp-json\/wp\/v2\/product_cat?post=4627"},{"taxonomy":"product_tag","embeddable":true,"href":"https:\/\/uj.adatbank.ro\/lexikon\/wp-json\/wp\/v2\/product_tag?post=4627"}],"curies":[{"name":"wp","href":"https:\/\/api.w.org\/{rel}","templated":true}]}}

BETHLEN János, bethleni gr.

<p>1670., † Kisbún, 1716. márc. 30.: földbirtokos. – B. Pál (1648–1686) és Tordai Margit fia, apja halála után B. Miklós kancellár nevelte. Felesége: 1. Lónyai Erzsébet, 2. gr. Alviczi Erzsébet. Grófi rangi rangot kapott (1697. nov. 13.). A kurucok elől Brassóba menekült (1705), majd átállt Rákóczi oldalára. A búni kastély és uradalom tulajdonosa. Áttért a ref. vallásra A búni parókiáról elkergette az unit. papokat. <br /><strong>Irod.:</strong> Álló- és mozgóképek; Kénosi–Uzoni 1, 2.; Levéltári gyászj.; </br></p>

<p>1670., † Kisbún, 1716. márc. 30.: földbirtokos. – B. Pál (1648–1686) és Tordai Margit fia, apja halála után B. Miklós kancellár nevelte. Felesége: 1. Lónyai Erzsébet, 2. gr. Alviczi Erzsébet. Grófi rangi rangot kapott (1697. nov. 13.). A kurucok elől Brassóba menekült (1705), majd átállt Rákóczi oldalára. A búni kastély és uradalom tulajdonosa. Áttért a [&hellip;]</p>
