{"id":4630,"date":"2025-06-28T16:48:13","date_gmt":"2025-06-28T14:48:13","guid":{"rendered":"https:\/\/uj.adatbank.ro\/lexikon\/termek\/bethlen-janos-bethleni-kisbuni\/"},"modified":"2025-06-28T16:48:13","modified_gmt":"2025-06-28T14:48:13","slug":"bethlen-janos-bethleni-kisbuni","status":"publish","type":"product","link":"https:\/\/uj.adatbank.ro\/lexikon\/termek\/bethlen-janos-bethleni-kisbuni\/","title":{"rendered":"BETHLEN J\u00e1nos, bethleni, kisbuni"},"content":{"rendered":"<p>? \u2020 1589 k.: birtokos. \u2013 Apja Bethlen Gergely tan\u00e1cs\u00far. Feles\u00e9ge: S\u00fck\u00f6sd Katalin. Gyermekeik: B. Farkas (1560\u20131618), S\u00e1ra (\u20201601) K\u00e1rolyi Istv\u00e1n kapit\u00e1nyn\u00e9, J\u00e1nos (\u20201602), Erzs\u00e9bet. \u2013 A csal\u00e1d egyik legn\u00e9pszer\u00fctlenebb tagja, rosszul gazd\u00e1lkod\u00f3, felel\u0151tlen birtokpolitikus. H\u00e1zass\u00e1ga ut\u00e1n apja megosztozott vele a birtokokon, de perrel t\u00e1madta meg \u00e9s er\u0151szakkal elfoglalta j\u00f3sz\u00e1gait. \u00c1lland\u00f3 p\u00e9nzhi\u00e1nya miatt \u0151si birtokait elz\u00e1logos\u00edtotta, nagyb\u00e1tyja, B. Gy\u00f6rgy igyekezet megg\u00e1tolni a felel\u0151tlen d\u00f6nt\u00e9seket, de hal\u00e1la v\u00e9get vetett ennek. R\u00e9szj\u00f3sz\u00e1gokat z\u00e1logos\u00edtott el Bornemisza Farkasnak, B\u00e1thori Krist\u00f3fnak (1576). <br \/><strong>Irod.:<\/strong> Egyed \u00c1. 2013; Horn Ildik\u00f3: Erd\u00e9lyi unit. 16. sz.<\/br><\/p>\n","protected":false},"excerpt":{"rendered":"<p>? \u2020 1589 k.: birtokos. \u2013 Apja Bethlen Gergely tan\u00e1cs\u00far. Feles\u00e9ge: S\u00fck\u00f6sd Katalin. Gyermekeik: B. Farkas (1560\u20131618), S\u00e1ra (\u20201601) K\u00e1rolyi Istv\u00e1n kapit\u00e1nyn\u00e9, J\u00e1nos (\u20201602), Erzs\u00e9bet. \u2013 A csal\u00e1d egyik legn\u00e9pszer\u00fctlenebb tagja, rosszul gazd\u00e1lkod\u00f3, felel\u0151tlen birtokpolitikus. H\u00e1zass\u00e1ga ut\u00e1n apja megosztozott vele a birtokokon, de perrel t\u00e1madta meg \u00e9s er\u0151szakkal elfoglalta j\u00f3sz\u00e1gait. \u00c1lland\u00f3 p\u00e9nzhi\u00e1nya miatt \u0151si birtokait [&hellip;]<\/p>\n","protected":false},"featured_media":0,"comment_status":"open","ping_status":"closed","template":"","meta":[],"product_brand":[],"product_cat":[137],"product_tag":[],"class_list":{"0":"post-4630","1":"product","2":"type-product","3":"status-publish","5":"product_cat-maros-megyei-eletrajzi-lexikon","7":"first","8":"instock","9":"shipping-taxable","10":"product-type-simple"},"_links":{"self":[{"href":"https:\/\/uj.adatbank.ro\/lexikon\/wp-json\/wp\/v2\/product\/4630","targetHints":{"allow":["GET"]}}],"collection":[{"href":"https:\/\/uj.adatbank.ro\/lexikon\/wp-json\/wp\/v2\/product"}],"about":[{"href":"https:\/\/uj.adatbank.ro\/lexikon\/wp-json\/wp\/v2\/types\/product"}],"replies":[{"embeddable":true,"href":"https:\/\/uj.adatbank.ro\/lexikon\/wp-json\/wp\/v2\/comments?post=4630"}],"wp:attachment":[{"href":"https:\/\/uj.adatbank.ro\/lexikon\/wp-json\/wp\/v2\/media?parent=4630"}],"wp:term":[{"taxonomy":"product_brand","embeddable":true,"href":"https:\/\/uj.adatbank.ro\/lexikon\/wp-json\/wp\/v2\/product_brand?post=4630"},{"taxonomy":"product_cat","embeddable":true,"href":"https:\/\/uj.adatbank.ro\/lexikon\/wp-json\/wp\/v2\/product_cat?post=4630"},{"taxonomy":"product_tag","embeddable":true,"href":"https:\/\/uj.adatbank.ro\/lexikon\/wp-json\/wp\/v2\/product_tag?post=4630"}],"curies":[{"name":"wp","href":"https:\/\/api.w.org\/{rel}","templated":true}]}}

BETHLEN János, bethleni, kisbuni

<p>? † 1589 k.: birtokos. – Apja Bethlen Gergely tanácsúr. Felesége: Sükösd Katalin. Gyermekeik: B. Farkas (1560–1618), Sára (†1601) Károlyi István kapitányné, János (†1602), Erzsébet. – A család egyik legnépszerütlenebb tagja, rosszul gazdálkodó, felelőtlen birtokpolitikus. Házassága után apja megosztozott vele a birtokokon, de perrel támadta meg és erőszakkal elfoglalta jószágait. Állandó pénzhiánya miatt ősi birtokait elzálogosította, nagybátyja, B. György igyekezet meggátolni a felelőtlen döntéseket, de halála véget vetett ennek. Részjószágokat zálogosított el Bornemisza Farkasnak, Báthori Kristófnak (1576). <br /><strong>Irod.:</strong> Egyed Á. 2013; Horn Ildikó: Erdélyi unit. 16. sz.</br></p>

<p>? † 1589 k.: birtokos. – Apja Bethlen Gergely tanácsúr. Felesége: Sükösd Katalin. Gyermekeik: B. Farkas (1560–1618), Sára (†1601) Károlyi István kapitányné, János (†1602), Erzsébet. – A család egyik legnépszerütlenebb tagja, rosszul gazdálkodó, felelőtlen birtokpolitikus. Házassága után apja megosztozott vele a birtokokon, de perrel támadta meg és erőszakkal elfoglalta jószágait. Állandó pénzhiánya miatt ősi birtokait [&hellip;]</p>
