{"id":4636,"date":"2025-06-28T16:48:29","date_gmt":"2025-06-28T14:48:29","guid":{"rendered":"https:\/\/uj.adatbank.ro\/lexikon\/termek\/bethlen-karolina-bethleni-gr-bethlen-sandorne\/"},"modified":"2025-06-28T16:48:29","modified_gmt":"2025-06-28T14:48:29","slug":"bethlen-karolina-bethleni-gr-bethlen-sandorne","status":"publish","type":"product","link":"https:\/\/uj.adatbank.ro\/lexikon\/termek\/bethlen-karolina-bethleni-gr-bethlen-sandorne\/","title":{"rendered":"BETHLEN Karolina, bethleni gr., Bethlen S\u00e1ndorn\u00e9"},"content":{"rendered":"<p>1753, \u2020 Mv., 1826. m\u00e1rc. 4. Berkenyesen temett\u00e9k, f\u00e9rje mell\u00e9: adom\u00e1nyoz\u00f3. \u2013 B. L\u00e1szl\u00f3 (1729\u20131783) \u00e9s B\u00e1nffy Kl\u00e1ra (1730 \u2013 1804) le\u00e1nya. F\u00e9rje: 1.: Bethlen S\u00e1ndor (B\u00fan, 1741.- Kv., 1793. okt. 3.). Gyermekeik: Borb\u00e1la (1770\u20131852), Karolina, Imre (\u2020 1834), S\u00e1ndor (1777\u20131863. j\u00fan. 8.), 2. Feldmarschal Leutinant Generalis gr. Bey K\u00e1roly. \u2013 A mez\u0151paniti birtok \u00f6r\u00f6k\u00f6se. Erd\u00e9lyi vadonterm\u0151 vir\u00e1gokat festett. Aranyozott ez\u00fcst serleget (Nagyszeben, 17. sz. m\u00e1sodik harmada) adom\u00e1nyozott a v\u00e1mosg\u00e1lfalvi ref. templomnak. <br \/><strong>Irod.:<\/strong> Gy\u00e1szjelent\u0151; K\u00fck\u00fcll\u0151i Ref. Egyh\u00e1zm. 4.; Lev\u00e9lt\u00e1ri gy\u00e1szj.; Mez\u0151panit; Szab\u00f3\u2013K\u00e1llai<\/br><\/p>\n","protected":false},"excerpt":{"rendered":"<p>1753, \u2020 Mv., 1826. m\u00e1rc. 4. Berkenyesen temett\u00e9k, f\u00e9rje mell\u00e9: adom\u00e1nyoz\u00f3. \u2013 B. L\u00e1szl\u00f3 (1729\u20131783) \u00e9s B\u00e1nffy Kl\u00e1ra (1730 \u2013 1804) le\u00e1nya. F\u00e9rje: 1.: Bethlen S\u00e1ndor (B\u00fan, 1741.- Kv., 1793. okt. 3.). Gyermekeik: Borb\u00e1la (1770\u20131852), Karolina, Imre (\u2020 1834), S\u00e1ndor (1777\u20131863. j\u00fan. 8.), 2. Feldmarschal Leutinant Generalis gr. Bey K\u00e1roly. \u2013 A mez\u0151paniti birtok \u00f6r\u00f6k\u00f6se. [&hellip;]<\/p>\n","protected":false},"featured_media":0,"comment_status":"open","ping_status":"closed","template":"","meta":[],"product_brand":[],"product_cat":[137],"product_tag":[],"class_list":{"0":"post-4636","1":"product","2":"type-product","3":"status-publish","5":"product_cat-maros-megyei-eletrajzi-lexikon","7":"first","8":"instock","9":"shipping-taxable","10":"product-type-simple"},"_links":{"self":[{"href":"https:\/\/uj.adatbank.ro\/lexikon\/wp-json\/wp\/v2\/product\/4636","targetHints":{"allow":["GET"]}}],"collection":[{"href":"https:\/\/uj.adatbank.ro\/lexikon\/wp-json\/wp\/v2\/product"}],"about":[{"href":"https:\/\/uj.adatbank.ro\/lexikon\/wp-json\/wp\/v2\/types\/product"}],"replies":[{"embeddable":true,"href":"https:\/\/uj.adatbank.ro\/lexikon\/wp-json\/wp\/v2\/comments?post=4636"}],"wp:attachment":[{"href":"https:\/\/uj.adatbank.ro\/lexikon\/wp-json\/wp\/v2\/media?parent=4636"}],"wp:term":[{"taxonomy":"product_brand","embeddable":true,"href":"https:\/\/uj.adatbank.ro\/lexikon\/wp-json\/wp\/v2\/product_brand?post=4636"},{"taxonomy":"product_cat","embeddable":true,"href":"https:\/\/uj.adatbank.ro\/lexikon\/wp-json\/wp\/v2\/product_cat?post=4636"},{"taxonomy":"product_tag","embeddable":true,"href":"https:\/\/uj.adatbank.ro\/lexikon\/wp-json\/wp\/v2\/product_tag?post=4636"}],"curies":[{"name":"wp","href":"https:\/\/api.w.org\/{rel}","templated":true}]}}