{"id":4640,"date":"2025-06-28T16:48:37","date_gmt":"2025-06-28T14:48:37","guid":{"rendered":"https:\/\/uj.adatbank.ro\/lexikon\/termek\/bethlen-kata-bethlen-katalin-iktari-gr-gr-teleki-lajosne\/"},"modified":"2025-06-28T16:48:37","modified_gmt":"2025-06-28T14:48:37","slug":"bethlen-kata-bethlen-katalin-iktari-gr-gr-teleki-lajosne","status":"publish","type":"product","link":"https:\/\/uj.adatbank.ro\/lexikon\/termek\/bethlen-kata-bethlen-katalin-iktari-gr-gr-teleki-lajosne\/","title":{"rendered":"BETHLEN Kata, Bethlen Katalin, ikt\u00e1ri, gr.; gr. Teleki Lajosn\u00e9"},"content":{"rendered":"<p>1734.? \u2020\u00a0S\u00e1rpatak, 1790. m\u00e1j. 17.: f\u00f6ldbirtokos. \u2013 Gr. B. S\u00e1muel (\u2020\u00a01767) \u00e9s gr. Keresztes Borb\u00e1la (\u2020\u00a01774) le\u00e1nya. F\u00e9rje: gr. Teleki Lajos (1716. nov. 11. \u2013 1758. dec. 3.). Gyermekeik: Lajos, Domokos (\u2020\u00a01824), S\u00e1muel, Mih\u00e1ly, Borb\u00e1la, Kata, Eszter. \u2013 Maross\u00e1rpataki birtokos. A Teleki csal\u00e1d s\u00e1rpataki \u00e1g\u00e1nak megalap\u00edt\u00f3i. Mv.-en h\u00e1zat v\u00e1s\u00e1rolt a Szentgy\u00f6rgy utc\u00e1ban, polg\u00e1ri esk\u00fct tett (1759. m\u00e1j. 23, 1760. jan. 29.). Ez\u00fcst keny\u00e9roszt\u00f3 t\u00e1ny\u00e9rt aj\u00e1nd\u00e9kozott a g\u00f3g\u00e1ni ref. egyh\u00e1zk\u00f6zs\u00e9gnek (1721). Maross\u00e1rpatakon megjav\u00edtatta az \u0151sr\u00e9gi ref. templom boltozat\u00e1t (1762). <br \/><strong>Irod.:<\/strong> \u00c1rva Bethlen K.; B\u00f6jthe Andor; K\u00fck\u00fcll\u0151i Ref. Egyh\u00e1zm. 2.; Lev\u00e9lt\u00e1ri gy\u00e1szj.; Orb\u00e1n J\u00e1nos: T\u00e1blab\u00edr\u00e1k, f\u0151nemesek, pall\u00e9rok \u00e9s h\u00e1zak: V\u00e1rosk\u00e9p \u00e9s t\u00e1rsadalom v\u00e1ltoz\u00e1sai Mv.-en a Kir\u00e1lyi T\u00e1bla bek\u00f6lt\u00f6z\u00e9se ut\u00e1n [1754] = K\u00f6nyvek \u00e1ltal<\/br><\/p>\n","protected":false},"excerpt":{"rendered":"<p>1734.? \u2020\u00a0S\u00e1rpatak, 1790. m\u00e1j. 17.: f\u00f6ldbirtokos. \u2013 Gr. B. S\u00e1muel (\u2020\u00a01767) \u00e9s gr. Keresztes Borb\u00e1la (\u2020\u00a01774) le\u00e1nya. F\u00e9rje: gr. Teleki Lajos (1716. nov. 11. \u2013 1758. dec. 3.). Gyermekeik: Lajos, Domokos (\u2020\u00a01824), S\u00e1muel, Mih\u00e1ly, Borb\u00e1la, Kata, Eszter. \u2013 Maross\u00e1rpataki birtokos. A Teleki csal\u00e1d s\u00e1rpataki \u00e1g\u00e1nak megalap\u00edt\u00f3i. Mv.-en h\u00e1zat v\u00e1s\u00e1rolt a Szentgy\u00f6rgy utc\u00e1ban, polg\u00e1ri esk\u00fct tett [&hellip;]<\/p>\n","protected":false},"featured_media":0,"comment_status":"open","ping_status":"closed","template":"","meta":[],"product_brand":[],"product_cat":[137],"product_tag":[],"class_list":{"0":"post-4640","1":"product","2":"type-product","3":"status-publish","5":"product_cat-maros-megyei-eletrajzi-lexikon","7":"first","8":"instock","9":"shipping-taxable","10":"product-type-simple"},"_links":{"self":[{"href":"https:\/\/uj.adatbank.ro\/lexikon\/wp-json\/wp\/v2\/product\/4640","targetHints":{"allow":["GET"]}}],"collection":[{"href":"https:\/\/uj.adatbank.ro\/lexikon\/wp-json\/wp\/v2\/product"}],"about":[{"href":"https:\/\/uj.adatbank.ro\/lexikon\/wp-json\/wp\/v2\/types\/product"}],"replies":[{"embeddable":true,"href":"https:\/\/uj.adatbank.ro\/lexikon\/wp-json\/wp\/v2\/comments?post=4640"}],"wp:attachment":[{"href":"https:\/\/uj.adatbank.ro\/lexikon\/wp-json\/wp\/v2\/media?parent=4640"}],"wp:term":[{"taxonomy":"product_brand","embeddable":true,"href":"https:\/\/uj.adatbank.ro\/lexikon\/wp-json\/wp\/v2\/product_brand?post=4640"},{"taxonomy":"product_cat","embeddable":true,"href":"https:\/\/uj.adatbank.ro\/lexikon\/wp-json\/wp\/v2\/product_cat?post=4640"},{"taxonomy":"product_tag","embeddable":true,"href":"https:\/\/uj.adatbank.ro\/lexikon\/wp-json\/wp\/v2\/product_tag?post=4640"}],"curies":[{"name":"wp","href":"https:\/\/api.w.org\/{rel}","templated":true}]}}

BETHLEN Kata, Bethlen Katalin, iktári, gr.; gr. Teleki Lajosné

<p>1734.? † Sárpatak, 1790. máj. 17.: földbirtokos. – Gr. B. Sámuel († 1767) és gr. Keresztes Borbála († 1774) leánya. Férje: gr. Teleki Lajos (1716. nov. 11. – 1758. dec. 3.). Gyermekeik: Lajos, Domokos († 1824), Sámuel, Mihály, Borbála, Kata, Eszter. – Marossárpataki birtokos. A Teleki család sárpataki ágának megalapítói. Mv.-en házat vásárolt a Szentgyörgy utcában, polgári esküt tett (1759. máj. 23, 1760. jan. 29.). Ezüst kenyérosztó tányért ajándékozott a gógáni ref. egyházközségnek (1721). Marossárpatakon megjavítatta az ősrégi ref. templom boltozatát (1762). <br /><strong>Irod.:</strong> Árva Bethlen K.; Böjthe Andor; Küküllői Ref. Egyházm. 2.; Levéltári gyászj.; Orbán János: Táblabírák, főnemesek, pallérok és házak: Városkép és társadalom változásai Mv.-en a Királyi Tábla beköltözése után [1754] = Könyvek által</br></p>

<p>1734.? † Sárpatak, 1790. máj. 17.: földbirtokos. – Gr. B. Sámuel († 1767) és gr. Keresztes Borbála († 1774) leánya. Férje: gr. Teleki Lajos (1716. nov. 11. – 1758. dec. 3.). Gyermekeik: Lajos, Domokos († 1824), Sámuel, Mihály, Borbála, Kata, Eszter. – Marossárpataki birtokos. A Teleki család sárpataki ágának megalapítói. Mv.-en házat vásárolt a Szentgyörgy utcában, polgári esküt tett [&hellip;]</p>
