{"id":4641,"date":"2025-06-28T16:48:39","date_gmt":"2025-06-28T14:48:39","guid":{"rendered":"https:\/\/uj.adatbank.ro\/lexikon\/termek\/bethlen-kata-gr-bethleni-gr-iktari-bethlen-domokosne\/"},"modified":"2025-06-28T16:48:39","modified_gmt":"2025-06-28T14:48:39","slug":"bethlen-kata-gr-bethleni-gr-iktari-bethlen-domokosne","status":"publish","type":"product","link":"https:\/\/uj.adatbank.ro\/lexikon\/termek\/bethlen-kata-gr-bethleni-gr-iktari-bethlen-domokosne\/","title":{"rendered":"BETHLEN Kata, gr. bethleni, gr. ikt\u00e1ri Bethlen Domokosn\u00e9"},"content":{"rendered":"<p>1726., \u2020\u00a0Vajdaszentiv\u00e1ny, 1796. m\u00e1j. 16.: birtokos. \u2013 Vajdaszentiv\u00e1nyon volt birtokos. Sz\u00fclei: B. Gy\u00f6rgy (\u2020\u00a01730 el\u0151tt) \u00e9s Kollatovich \/Korlatovith Kata (\u2020\u00a01754), tesv\u00e9re B. L\u00e1szl\u00f3 \u00e9s B. Gy\u00f6rgy. F\u00e9rje: ikt\u00e1ri gr. Bethlen Domokos (1726\u20131791), h\u00e9derf\u00e1ji birtokos, h\u00e1zass\u00e1g (1758. aug. 3.), \u00edgy gr. sz\u00e9ki Teleki S\u00e1mueln\u00e9 (gr. ikt\u00e1ri B. Zsuzsanna mostoha anyja lett). Le\u00e1nya: Juli\u00e1nna (\u2020\u00a0H\u00e9derf\u00e1ja, 1766. dec. 7.); B. Kata. Testv\u00e9r\u00e9vel L\u00e1szl\u00f3val anyagilag hozz\u00e1j\u00e1rult a vajdaszentiv\u00e1nyi le\u00e9gett ref. templom \u00fajj\u00e1\u00e9p\u00edt\u00e9s\u00e9hez, \u00faj haj\u00f3val, toronnyal \u00e9s v\u00e1rszer\u0171 k\u0151ker\u00edt\u00e9ssel b\u0151v\u00edtett\u00e9k (1795). <br \/><strong>Irod.:<\/strong> Bicsok\u2013Orb\u00e1n; Keresztes; Keresztes Gyula: Vajdaszentiv\u00e1ny k\u00f6z\u00e9pkori templom\u00e1r\u00f3l (N. \u00fa. 1999. nov. 6); Lev\u00e9lt\u00e1ri gy\u00e1szj.; Lukinich; Nagy-Bod\u00f3 Tibor: Gyermektelen kisasszonyok kast\u00e9lya (Kr\u00f3nika, 2016. m\u00e1j. 26.-j\u00fan. 1.); \u00d6tv\u00f6s; Vajdaszentiv\u00e1ny<\/br><\/p>\n","protected":false},"excerpt":{"rendered":"<p>1726., \u2020\u00a0Vajdaszentiv\u00e1ny, 1796. m\u00e1j. 16.: birtokos. \u2013 Vajdaszentiv\u00e1nyon volt birtokos. Sz\u00fclei: B. Gy\u00f6rgy (\u2020\u00a01730 el\u0151tt) \u00e9s Kollatovich \/Korlatovith Kata (\u2020\u00a01754), tesv\u00e9re B. L\u00e1szl\u00f3 \u00e9s B. Gy\u00f6rgy. F\u00e9rje: ikt\u00e1ri gr. Bethlen Domokos (1726\u20131791), h\u00e9derf\u00e1ji birtokos, h\u00e1zass\u00e1g (1758. aug. 3.), \u00edgy gr. sz\u00e9ki Teleki S\u00e1mueln\u00e9 (gr. ikt\u00e1ri B. Zsuzsanna mostoha anyja lett). Le\u00e1nya: Juli\u00e1nna (\u2020\u00a0H\u00e9derf\u00e1ja, 1766. dec. [&hellip;]<\/p>\n","protected":false},"featured_media":0,"comment_status":"open","ping_status":"closed","template":"","meta":[],"product_brand":[],"product_cat":[137],"product_tag":[],"class_list":{"0":"post-4641","1":"product","2":"type-product","3":"status-publish","5":"product_cat-maros-megyei-eletrajzi-lexikon","7":"first","8":"instock","9":"shipping-taxable","10":"product-type-simple"},"_links":{"self":[{"href":"https:\/\/uj.adatbank.ro\/lexikon\/wp-json\/wp\/v2\/product\/4641","targetHints":{"allow":["GET"]}}],"collection":[{"href":"https:\/\/uj.adatbank.ro\/lexikon\/wp-json\/wp\/v2\/product"}],"about":[{"href":"https:\/\/uj.adatbank.ro\/lexikon\/wp-json\/wp\/v2\/types\/product"}],"replies":[{"embeddable":true,"href":"https:\/\/uj.adatbank.ro\/lexikon\/wp-json\/wp\/v2\/comments?post=4641"}],"wp:attachment":[{"href":"https:\/\/uj.adatbank.ro\/lexikon\/wp-json\/wp\/v2\/media?parent=4641"}],"wp:term":[{"taxonomy":"product_brand","embeddable":true,"href":"https:\/\/uj.adatbank.ro\/lexikon\/wp-json\/wp\/v2\/product_brand?post=4641"},{"taxonomy":"product_cat","embeddable":true,"href":"https:\/\/uj.adatbank.ro\/lexikon\/wp-json\/wp\/v2\/product_cat?post=4641"},{"taxonomy":"product_tag","embeddable":true,"href":"https:\/\/uj.adatbank.ro\/lexikon\/wp-json\/wp\/v2\/product_tag?post=4641"}],"curies":[{"name":"wp","href":"https:\/\/api.w.org\/{rel}","templated":true}]}}