{"id":4642,"date":"2025-06-28T16:48:41","date_gmt":"2025-06-28T14:48:41","guid":{"rendered":"https:\/\/uj.adatbank.ro\/lexikon\/termek\/bethlen-kata-iktari-kemeny-samuelne\/"},"modified":"2025-06-28T16:48:41","modified_gmt":"2025-06-28T14:48:41","slug":"bethlen-kata-iktari-kemeny-samuelne","status":"publish","type":"product","link":"https:\/\/uj.adatbank.ro\/lexikon\/termek\/bethlen-kata-iktari-kemeny-samuelne\/","title":{"rendered":"BETHLEN Kata, ikt\u00e1ri, Kem\u00e9ny S\u00e1mueln\u00e9"},"content":{"rendered":"<p>1764.?, \u2020 Gerend, 1836. febr. 5.: birtokos. \u2013 Ikt\u00e1ri gr. Bethlen Domokos (\u2020\u00a01791) \u00e9s B. Kata (1726\u20131796) le\u00e1nya. F\u00e9rje: Kem\u00e9ny S\u00e1muel (\u2020\u00a01817), a kir. t\u00e1bla eln\u00f6ke. Gyermekeik: S\u00e1muel; Kata (\u2020\u00a01816) osdolai Kun J\u00f3zsefn\u00e9; Mikl\u00f3s (\u2020\u00a01729). \u2013 A tulajdon\u00e1ba ker\u00fcltek a sz\u00fclei vajdaszentiv\u00e1nyi birtokai. A Zichy \u2013 kast\u00e9ly Vajdaszentiv\u00e1nyon (18. sz.) az \u201eA\u201d kateg\u00f3ri\u00e1ba tartoz\u00f3 m\u0171eml\u00e9k, k\u00e9tsz\u00edntes \u00e9p\u00fclet, a 18. sz. k\u00e9s\u0151i erd\u00e9lyi barokk sz\u00e9p p\u00e9ld\u00e1ja. gr. Kem\u00e9ny S\u00e1muel kezdte meg az \u00e9p\u00edt\u00e9st majd f\u00e9rje hal\u00e1la ut\u00e1n korintoszi oszlopos fedett portikuszt \u00e9p\u00edttetett, amelynek h\u00e1romsz\u00f6g\u0171 oromfal\u00e1t a bethlenek hatty\u00fas c\u00edmere \u00e9s egy urna d\u00edsz\u00edtette. F\u00e9rj\u00e9vel egy\u00fctt a ref. egyh\u00e1z patr\u00f3nusai voltak, nagyharangot \u00f6ntettek a templom sz\u00e1m\u00e1ra (1805). <br \/><strong>Irod.:<\/strong> Barta Zolt\u00e1n; Bics\u00f3k-Orb\u00e1n; B\u00edr\u00f3 Don\u00e1t 2006; Bir\u00f3 J\u00f3zsef; Keresztes, 1995; Lev\u00e9lt\u00e1ri gy\u00e1szj.; Maros megye; Nagy Iv\u00e1n; Vajdaszentiv\u00e1ny<\/br><\/p>\n","protected":false},"excerpt":{"rendered":"<p>1764.?, \u2020 Gerend, 1836. febr. 5.: birtokos. \u2013 Ikt\u00e1ri gr. Bethlen Domokos (\u2020\u00a01791) \u00e9s B. Kata (1726\u20131796) le\u00e1nya. F\u00e9rje: Kem\u00e9ny S\u00e1muel (\u2020\u00a01817), a kir. t\u00e1bla eln\u00f6ke. Gyermekeik: S\u00e1muel; Kata (\u2020\u00a01816) osdolai Kun J\u00f3zsefn\u00e9; Mikl\u00f3s (\u2020\u00a01729). \u2013 A tulajdon\u00e1ba ker\u00fcltek a sz\u00fclei vajdaszentiv\u00e1nyi birtokai. A Zichy \u2013 kast\u00e9ly Vajdaszentiv\u00e1nyon (18. sz.) az \u201eA\u201d kateg\u00f3ri\u00e1ba tartoz\u00f3 m\u0171eml\u00e9k, [&hellip;]<\/p>\n","protected":false},"featured_media":0,"comment_status":"open","ping_status":"closed","template":"","meta":[],"product_brand":[],"product_cat":[137],"product_tag":[],"class_list":{"0":"post-4642","1":"product","2":"type-product","3":"status-publish","5":"product_cat-maros-megyei-eletrajzi-lexikon","7":"first","8":"instock","9":"shipping-taxable","10":"product-type-simple"},"_links":{"self":[{"href":"https:\/\/uj.adatbank.ro\/lexikon\/wp-json\/wp\/v2\/product\/4642","targetHints":{"allow":["GET"]}}],"collection":[{"href":"https:\/\/uj.adatbank.ro\/lexikon\/wp-json\/wp\/v2\/product"}],"about":[{"href":"https:\/\/uj.adatbank.ro\/lexikon\/wp-json\/wp\/v2\/types\/product"}],"replies":[{"embeddable":true,"href":"https:\/\/uj.adatbank.ro\/lexikon\/wp-json\/wp\/v2\/comments?post=4642"}],"wp:attachment":[{"href":"https:\/\/uj.adatbank.ro\/lexikon\/wp-json\/wp\/v2\/media?parent=4642"}],"wp:term":[{"taxonomy":"product_brand","embeddable":true,"href":"https:\/\/uj.adatbank.ro\/lexikon\/wp-json\/wp\/v2\/product_brand?post=4642"},{"taxonomy":"product_cat","embeddable":true,"href":"https:\/\/uj.adatbank.ro\/lexikon\/wp-json\/wp\/v2\/product_cat?post=4642"},{"taxonomy":"product_tag","embeddable":true,"href":"https:\/\/uj.adatbank.ro\/lexikon\/wp-json\/wp\/v2\/product_tag?post=4642"}],"curies":[{"name":"wp","href":"https:\/\/api.w.org\/{rel}","templated":true}]}}

BETHLEN Kata, iktári, Kemény Sámuelné

<p>1764.?, † Gerend, 1836. febr. 5.: birtokos. – Iktári gr. Bethlen Domokos († 1791) és B. Kata (1726–1796) leánya. Férje: Kemény Sámuel († 1817), a kir. tábla elnöke. Gyermekeik: Sámuel; Kata († 1816) osdolai Kun Józsefné; Miklós († 1729). – A tulajdonába kerültek a szülei vajdaszentiványi birtokai. A Zichy – kastély Vajdaszentiványon (18. sz.) az „A” kategóriába tartozó műemlék, kétszíntes épület, a 18. sz. késői erdélyi barokk szép példája. gr. Kemény Sámuel kezdte meg az építést majd férje halála után korintoszi oszlopos fedett portikuszt építtetett, amelynek háromszögű oromfalát a bethlenek hattyús címere és egy urna díszítette. Férjével együtt a ref. egyház patrónusai voltak, nagyharangot öntettek a templom számára (1805). <br /><strong>Irod.:</strong> Barta Zoltán; Bicsók-Orbán; Bíró Donát 2006; Biró József; Keresztes, 1995; Levéltári gyászj.; Maros megye; Nagy Iván; Vajdaszentivány</br></p>

<p>1764.?, † Gerend, 1836. febr. 5.: birtokos. – Iktári gr. Bethlen Domokos († 1791) és B. Kata (1726–1796) leánya. Férje: Kemény Sámuel († 1817), a kir. tábla elnöke. Gyermekeik: Sámuel; Kata († 1816) osdolai Kun Józsefné; Miklós († 1729). – A tulajdonába kerültek a szülei vajdaszentiványi birtokai. A Zichy – kastély Vajdaszentiványon (18. sz.) az „A” kategóriába tartozó műemlék, [&hellip;]</p>
