{"id":4643,"date":"2025-06-28T16:48:42","date_gmt":"2025-06-28T14:48:42","guid":{"rendered":"https:\/\/uj.adatbank.ro\/lexikon\/termek\/bethlen-kata-katalin-ii-apafi-mihalyne\/"},"modified":"2025-06-28T16:48:42","modified_gmt":"2025-06-28T14:48:42","slug":"bethlen-kata-katalin-ii-apafi-mihalyne","status":"publish","type":"product","link":"https:\/\/uj.adatbank.ro\/lexikon\/termek\/bethlen-kata-katalin-ii-apafi-mihalyne\/","title":{"rendered":"BETHLEN Kata, Katalin, II. Apafi Mih\u00e1lyn\u00e9"},"content":{"rendered":"<p>?, \u2020 B\u00e9cs, 1725. jan. 2., Kopors\u00f3j\u00e1t Almaker\u00e9kre vitt\u00e9k, \u00e9s a templom sekresty\u00e9j\u00e9ben helyezt\u00e9k el. F\u00e9rj\u00e9vel egy\u00fctt s\u00edrboltba tett\u00e9k (1790), hamvait Kv.-ra vitt\u00e9k (1909), ap\u00f3sa, any\u00f3sa \u00e9s f\u00e9rje f\u00f6ldi maradv\u00e1nyaival egy\u00fctt mind a n\u00e9gy\u00fcket \u00fajratemett\u00e9k a kv.-i Farkas utcai ref. templomba (1942. nov. 21.): fejedelemasszony. \u2013 B. Gergely (1641\u20131697) \u00e9s Thoroczkay M\u00e1ria (1625\u20131698) le\u00e1nya. II. Apafi Mih\u00e1ly (1676. okt. 13. \u2013 1713. febr. 1.) feles\u00e9ge. Esk\u00fcv\u0151: Bodon, 1694. j\u00fan. 30. \u2013 arra hivatkozva, hogy h\u00e1zass\u00e1guk az udvar enged\u00e9lye n\u00e9lk\u00fcl j\u00f6tt l\u00e9tre, nem hagyta azt j\u00f3v\u00e1, hanem Apafit B\u00e9csbe vitette (1696), \u00e9s erd\u00e9lyi birtokainak elcser\u00e9l\u00e9se fej\u00e9ben n\u00e9met-r\u00f3mai birodalmi hercegi c\u00edmet \u00e9s 10 000 forint \u00e9vi kegyd\u00edjat adom\u00e1nyozott neki. Katalin k\u00f6vette f\u00e9rj\u00e9t B\u00e9csbe. F\u00e9rj\u00e9t\u0151l \u00f6r\u00f6k\u00f6lte az alamker\u00e9ki birtokot, az ebesfalvi birtokot, a radn\u00f3ti uradalmat \u00e9s v\u00e1rkast\u00e9lyt, amely hal\u00e1la ut\u00e1n az orsztr\u00e1k cs\u00e1sz\u00e1ri kincst\u00e1r tulajdon\u00e1ba ment \u00e1t, a marosilyei r\u00e9szbirtokot eladta Bornemisza J\u00e1nosnak (1716). Felt\u00e9telezik, hogy \u0151 a szerz\u0151je Mint gyors szarvast ha vad\u00e1sz s\u00e9rt\u2026kezd\u0151sor\u00fa szent \u00e9neknek. <br \/><strong>Irod.:<\/strong> Betlen B\u00e9la: \u00c9szak-Erd\u00e9ly korm\u00e1nybiztosa voltam (Bp., 1989); Bicsok\u2013Orb\u00e1n; Hegyaljai Kiss G\u00e9za: Nagyasszonyok a m. reform\u00e1ci\u00f3ban (Bp., 1924\u201325); Kov\u00e1cs Andr\u00e1s: A radn\u00f3ti v\u00e1rkast\u00e9ly (Kv., 1994); Lukinich; Sz\u00e1deczky Lajos: Az Apafiak s\u00edrboltja \u00e9s hamvai (Sz\u00e1zadok, 1907); T\u00f6r\u00f6k Bertalan: II. Apaffy Mih\u00e1ly \u00f6zvegye gr. Bethlen Katalin hal\u00e1la (1725) = EDA Erd\u00e9lyi Digit\u00e1lis Adatt\u00e1r; Tr\u00f3cs\u00e1nyi 1988<\/br><\/p>\n","protected":false},"excerpt":{"rendered":"<p>?, \u2020 B\u00e9cs, 1725. jan. 2., Kopors\u00f3j\u00e1t Almaker\u00e9kre vitt\u00e9k, \u00e9s a templom sekresty\u00e9j\u00e9ben helyezt\u00e9k el. F\u00e9rj\u00e9vel egy\u00fctt s\u00edrboltba tett\u00e9k (1790), hamvait Kv.-ra vitt\u00e9k (1909), ap\u00f3sa, any\u00f3sa \u00e9s f\u00e9rje f\u00f6ldi maradv\u00e1nyaival egy\u00fctt mind a n\u00e9gy\u00fcket \u00fajratemett\u00e9k a kv.-i Farkas utcai ref. templomba (1942. nov. 21.): fejedelemasszony. \u2013 B. Gergely (1641\u20131697) \u00e9s Thoroczkay M\u00e1ria (1625\u20131698) le\u00e1nya. II. [&hellip;]<\/p>\n","protected":false},"featured_media":0,"comment_status":"open","ping_status":"closed","template":"","meta":[],"product_brand":[],"product_cat":[137],"product_tag":[],"class_list":{"0":"post-4643","1":"product","2":"type-product","3":"status-publish","5":"product_cat-maros-megyei-eletrajzi-lexikon","7":"first","8":"instock","9":"shipping-taxable","10":"product-type-simple"},"_links":{"self":[{"href":"https:\/\/uj.adatbank.ro\/lexikon\/wp-json\/wp\/v2\/product\/4643","targetHints":{"allow":["GET"]}}],"collection":[{"href":"https:\/\/uj.adatbank.ro\/lexikon\/wp-json\/wp\/v2\/product"}],"about":[{"href":"https:\/\/uj.adatbank.ro\/lexikon\/wp-json\/wp\/v2\/types\/product"}],"replies":[{"embeddable":true,"href":"https:\/\/uj.adatbank.ro\/lexikon\/wp-json\/wp\/v2\/comments?post=4643"}],"wp:attachment":[{"href":"https:\/\/uj.adatbank.ro\/lexikon\/wp-json\/wp\/v2\/media?parent=4643"}],"wp:term":[{"taxonomy":"product_brand","embeddable":true,"href":"https:\/\/uj.adatbank.ro\/lexikon\/wp-json\/wp\/v2\/product_brand?post=4643"},{"taxonomy":"product_cat","embeddable":true,"href":"https:\/\/uj.adatbank.ro\/lexikon\/wp-json\/wp\/v2\/product_cat?post=4643"},{"taxonomy":"product_tag","embeddable":true,"href":"https:\/\/uj.adatbank.ro\/lexikon\/wp-json\/wp\/v2\/product_tag?post=4643"}],"curies":[{"name":"wp","href":"https:\/\/api.w.org\/{rel}","templated":true}]}}

BETHLEN Kata, Katalin, II. Apafi Mihályné

<p>?, † Bécs, 1725. jan. 2., Koporsóját Almakerékre vitték, és a templom sekrestyéjében helyezték el. Férjével együtt sírboltba tették (1790), hamvait Kv.-ra vitték (1909), apósa, anyósa és férje földi maradványaival együtt mind a négyüket újratemették a kv.-i Farkas utcai ref. templomba (1942. nov. 21.): fejedelemasszony. – B. Gergely (1641–1697) és Thoroczkay Mária (1625–1698) leánya. II. Apafi Mihály (1676. okt. 13. – 1713. febr. 1.) felesége. Esküvő: Bodon, 1694. jún. 30. – arra hivatkozva, hogy házasságuk az udvar engedélye nélkül jött létre, nem hagyta azt jóvá, hanem Apafit Bécsbe vitette (1696), és erdélyi birtokainak elcserélése fejében német-római birodalmi hercegi címet és 10 000 forint évi kegydíjat adományozott neki. Katalin követte férjét Bécsbe. Férjétől örökölte az alamkeréki birtokot, az ebesfalvi birtokot, a radnóti uradalmat és várkastélyt, amely halála után az orsztrák császári kincstár tulajdonába ment át, a marosilyei részbirtokot eladta Bornemisza Jánosnak (1716). Feltételezik, hogy ő a szerzője Mint gyors szarvast ha vadász sért…kezdősorú szent éneknek. <br /><strong>Irod.:</strong> Betlen Béla: Észak-Erdély kormánybiztosa voltam (Bp., 1989); Bicsok–Orbán; Hegyaljai Kiss Géza: Nagyasszonyok a m. reformációban (Bp., 1924–25); Kovács András: A radnóti várkastély (Kv., 1994); Lukinich; Szádeczky Lajos: Az Apafiak sírboltja és hamvai (Századok, 1907); Török Bertalan: II. Apaffy Mihály özvegye gr. Bethlen Katalin halála (1725) = EDA Erdélyi Digitális Adattár; Trócsányi 1988</br></p>

<p>?, † Bécs, 1725. jan. 2., Koporsóját Almakerékre vitték, és a templom sekrestyéjében helyezték el. Férjével együtt sírboltba tették (1790), hamvait Kv.-ra vitték (1909), apósa, anyósa és férje földi maradványaival együtt mind a négyüket újratemették a kv.-i Farkas utcai ref. templomba (1942. nov. 21.): fejedelemasszony. – B. Gergely (1641–1697) és Thoroczkay Mária (1625–1698) leánya. II. [&hellip;]</p>
