{"id":4645,"date":"2025-06-28T16:48:45","date_gmt":"2025-06-28T14:48:45","guid":{"rendered":"https:\/\/uj.adatbank.ro\/lexikon\/termek\/bethlen-klara-bethleni-gr-gr-banffy-gyorgyne\/"},"modified":"2025-06-28T16:48:45","modified_gmt":"2025-06-28T14:48:45","slug":"bethlen-klara-bethleni-gr-gr-banffy-gyorgyne","status":"publish","type":"product","link":"https:\/\/uj.adatbank.ro\/lexikon\/termek\/bethlen-klara-bethleni-gr-gr-banffy-gyorgyne\/","title":{"rendered":"BETHLEN Kl\u00e1ra, bethleni gr., gr. B\u00e1nffy Gy\u00f6rgyn\u00e9"},"content":{"rendered":"<p>1667. \u2020 Segesv\u00e1r, 1706. febr. 23. A kv.-i Farkas utcai templomba temett\u00e9k. B. Gergely \u00e9s Thoroczkai M\u00e1ria le\u00e1nya. B\u00e1nffy Gy\u00f6rgy Erd\u00e9ly \u00e9s a hozz\u00e1csatolt Mo.-i R\u00e9szek korm\u00e1nyz\u00f3j\u00e1nak, Kolozs \u00e9s Doboka vm.-\u00e9k f\u0151isp\u00e1nj\u00e1nak \u00e9s Kv. v\u00e1ros f\u0151kapit\u00e1ny\u00e1nak feles\u00e9ge (1681\u2013). 49 \u00e9ves kor\u00e1ban a Segesv\u00e1ron tartott ogy. alatt huny el. Halotti c\u00edmereit ma a kv.-i Nemzeti T\u00f6rt\u00e9neti M\u00fazeumban \u00f6rzik. <br \/><strong>Irod.:<\/strong> Entz\u2013Kov\u00e1cs<\/br><\/p>\n","protected":false},"excerpt":{"rendered":"<p>1667. \u2020 Segesv\u00e1r, 1706. febr. 23. A kv.-i Farkas utcai templomba temett\u00e9k. B. Gergely \u00e9s Thoroczkai M\u00e1ria le\u00e1nya. B\u00e1nffy Gy\u00f6rgy Erd\u00e9ly \u00e9s a hozz\u00e1csatolt Mo.-i R\u00e9szek korm\u00e1nyz\u00f3j\u00e1nak, Kolozs \u00e9s Doboka vm.-\u00e9k f\u0151isp\u00e1nj\u00e1nak \u00e9s Kv. v\u00e1ros f\u0151kapit\u00e1ny\u00e1nak feles\u00e9ge (1681\u2013). 49 \u00e9ves kor\u00e1ban a Segesv\u00e1ron tartott ogy. alatt huny el. Halotti c\u00edmereit ma a kv.-i Nemzeti T\u00f6rt\u00e9neti [&hellip;]<\/p>\n","protected":false},"featured_media":0,"comment_status":"open","ping_status":"closed","template":"","meta":[],"product_brand":[],"product_cat":[137],"product_tag":[],"class_list":{"0":"post-4645","1":"product","2":"type-product","3":"status-publish","5":"product_cat-maros-megyei-eletrajzi-lexikon","7":"first","8":"instock","9":"shipping-taxable","10":"product-type-simple"},"_links":{"self":[{"href":"https:\/\/uj.adatbank.ro\/lexikon\/wp-json\/wp\/v2\/product\/4645","targetHints":{"allow":["GET"]}}],"collection":[{"href":"https:\/\/uj.adatbank.ro\/lexikon\/wp-json\/wp\/v2\/product"}],"about":[{"href":"https:\/\/uj.adatbank.ro\/lexikon\/wp-json\/wp\/v2\/types\/product"}],"replies":[{"embeddable":true,"href":"https:\/\/uj.adatbank.ro\/lexikon\/wp-json\/wp\/v2\/comments?post=4645"}],"wp:attachment":[{"href":"https:\/\/uj.adatbank.ro\/lexikon\/wp-json\/wp\/v2\/media?parent=4645"}],"wp:term":[{"taxonomy":"product_brand","embeddable":true,"href":"https:\/\/uj.adatbank.ro\/lexikon\/wp-json\/wp\/v2\/product_brand?post=4645"},{"taxonomy":"product_cat","embeddable":true,"href":"https:\/\/uj.adatbank.ro\/lexikon\/wp-json\/wp\/v2\/product_cat?post=4645"},{"taxonomy":"product_tag","embeddable":true,"href":"https:\/\/uj.adatbank.ro\/lexikon\/wp-json\/wp\/v2\/product_tag?post=4645"}],"curies":[{"name":"wp","href":"https:\/\/api.w.org\/{rel}","templated":true}]}}

BETHLEN Klára, bethleni gr., gr. Bánffy Györgyné

<p>1667. † Segesvár, 1706. febr. 23. A kv.-i Farkas utcai templomba temették. B. Gergely és Thoroczkai Mária leánya. Bánffy György Erdély és a hozzácsatolt Mo.-i Részek kormányzójának, Kolozs és Doboka vm.-ék főispánjának és Kv. város főkapitányának felesége (1681–). 49 éves korában a Segesváron tartott ogy. alatt huny el. Halotti címereit ma a kv.-i Nemzeti Történeti Múzeumban örzik. <br /><strong>Irod.:</strong> Entz–Kovács</br></p>

<p>1667. † Segesvár, 1706. febr. 23. A kv.-i Farkas utcai templomba temették. B. Gergely és Thoroczkai Mária leánya. Bánffy György Erdély és a hozzácsatolt Mo.-i Részek kormányzójának, Kolozs és Doboka vm.-ék főispánjának és Kv. város főkapitányának felesége (1681–). 49 éves korában a Segesváron tartott ogy. alatt huny el. Halotti címereit ma a kv.-i Nemzeti Történeti [&hellip;]</p>
