{"id":4646,"date":"2025-06-28T16:48:47","date_gmt":"2025-06-28T14:48:47","guid":{"rendered":"https:\/\/uj.adatbank.ro\/lexikon\/termek\/bethlen-klementina-bethleni-gr-mikes-arminne\/"},"modified":"2025-06-28T16:48:47","modified_gmt":"2025-06-28T14:48:47","slug":"bethlen-klementina-bethleni-gr-mikes-arminne","status":"publish","type":"product","link":"https:\/\/uj.adatbank.ro\/lexikon\/termek\/bethlen-klementina-bethleni-gr-mikes-arminne\/","title":{"rendered":"BETHLEN Klementina, bethleni gr., Mikes \u00c1rminn\u00e9"},"content":{"rendered":"<p>Mez\u0151s\u00e1msond, 1871. j\u00fan 18. \u2020 Mv., 1954. j\u00fal. 19.: f\u00f6ldbirtokos, cs. kir. palotah\u00f6lgy. \u2013 B. Istv\u00e1n \u00e9s sz\u00e9ki Teleki Ilona le\u00e1nya. Bethlen Istv\u00e1n minisztereln\u00f6k h\u00faga. F\u00e9rje zabolai Mikes \u00c1rmin (1868\u20131944); esk\u00fcv\u0151 Kv. 1896. \u00e1pr. 28. Gyermekeik: Klementina, \u00c9va, Johanna. \u2013 A kall\u00f3d\u00f3 \u00e9s a sz\u00f3rv\u00e1nyban \u00e9l\u0151 gyerekek megment\u00e9s\u00e9re megalakult a Sz\u00e9kelyf\u00f6ldi N\u00e9pintern\u00e1tus Egylet (1917. m\u00e1j. 1.), melynek d\u00edszeln\u00f6ke. \u00e9s eln\u00f6ke Bern\u00e1dy Gy\u00f6rgy. F\u00e9rje hal\u00e1la ut\u00e1n (1949), elhurcolt\u00e1k otthon\u00e1b\u00f3l, \u00e9s Mv.-en k\u00e9nyszerlakhelyen \u00e9lt hal\u00e1l\u00e1ig. \u00c9va le\u00e1nya, Mikes Katalin visszakapta a zabolai kast\u00e9lyt (2005). <br \/><strong>Irod.:<\/strong> \u00c1ll\u00f3- \u00e9s mozg\u00f3k\u00e9pek; Bern\u00e1dy; Bicsok\u2013Orb\u00e1n; Gudenus; Kempelen; Lukinich<\/br><\/p>\n","protected":false},"excerpt":{"rendered":"<p>Mez\u0151s\u00e1msond, 1871. j\u00fan 18. \u2020 Mv., 1954. j\u00fal. 19.: f\u00f6ldbirtokos, cs. kir. palotah\u00f6lgy. \u2013 B. Istv\u00e1n \u00e9s sz\u00e9ki Teleki Ilona le\u00e1nya. Bethlen Istv\u00e1n minisztereln\u00f6k h\u00faga. F\u00e9rje zabolai Mikes \u00c1rmin (1868\u20131944); esk\u00fcv\u0151 Kv. 1896. \u00e1pr. 28. Gyermekeik: Klementina, \u00c9va, Johanna. \u2013 A kall\u00f3d\u00f3 \u00e9s a sz\u00f3rv\u00e1nyban \u00e9l\u0151 gyerekek megment\u00e9s\u00e9re megalakult a Sz\u00e9kelyf\u00f6ldi N\u00e9pintern\u00e1tus Egylet (1917. m\u00e1j. [&hellip;]<\/p>\n","protected":false},"featured_media":0,"comment_status":"open","ping_status":"closed","template":"","meta":[],"product_brand":[],"product_cat":[137],"product_tag":[],"class_list":{"0":"post-4646","1":"product","2":"type-product","3":"status-publish","5":"product_cat-maros-megyei-eletrajzi-lexikon","7":"first","8":"instock","9":"shipping-taxable","10":"product-type-simple"},"_links":{"self":[{"href":"https:\/\/uj.adatbank.ro\/lexikon\/wp-json\/wp\/v2\/product\/4646","targetHints":{"allow":["GET"]}}],"collection":[{"href":"https:\/\/uj.adatbank.ro\/lexikon\/wp-json\/wp\/v2\/product"}],"about":[{"href":"https:\/\/uj.adatbank.ro\/lexikon\/wp-json\/wp\/v2\/types\/product"}],"replies":[{"embeddable":true,"href":"https:\/\/uj.adatbank.ro\/lexikon\/wp-json\/wp\/v2\/comments?post=4646"}],"wp:attachment":[{"href":"https:\/\/uj.adatbank.ro\/lexikon\/wp-json\/wp\/v2\/media?parent=4646"}],"wp:term":[{"taxonomy":"product_brand","embeddable":true,"href":"https:\/\/uj.adatbank.ro\/lexikon\/wp-json\/wp\/v2\/product_brand?post=4646"},{"taxonomy":"product_cat","embeddable":true,"href":"https:\/\/uj.adatbank.ro\/lexikon\/wp-json\/wp\/v2\/product_cat?post=4646"},{"taxonomy":"product_tag","embeddable":true,"href":"https:\/\/uj.adatbank.ro\/lexikon\/wp-json\/wp\/v2\/product_tag?post=4646"}],"curies":[{"name":"wp","href":"https:\/\/api.w.org\/{rel}","templated":true}]}}