{"id":4649,"date":"2025-06-28T16:48:55","date_gmt":"2025-06-28T14:48:55","guid":{"rendered":"https:\/\/uj.adatbank.ro\/lexikon\/termek\/bethlen-lajos-bethleni-gr\/"},"modified":"2025-06-28T16:48:55","modified_gmt":"2025-06-28T14:48:55","slug":"bethlen-lajos-bethleni-gr","status":"publish","type":"product","link":"https:\/\/uj.adatbank.ro\/lexikon\/termek\/bethlen-lajos-bethleni-gr\/","title":{"rendered":"BETHLEN Lajos, bethleni gr."},"content":{"rendered":"<p>1715., \u2020 Kv., 1779. j\u00fal. 24. Bethlenben nyugszik: kapit\u00e1ny. \u2013 B. L\u00e1szl\u00f3 (1675\u20131716) \u00e9s gr. Folthy M\u00e1ria fia. \u2013 Katonai p\u00e1ly\u00e1t v\u00e1lasztott, kapit\u00e1ny a B. Farkas ezred\u00e9ben. A kv.-i ref. koll. f\u0151gondnoka. Mv.-en polg\u00e1ri esk\u00fct tett (1772. febr. 14.). Megvette a F\u0151t\u00e9ri polg\u00e1ri h\u00e1zat \u00f6zv. Schwartz Simonn\u00e9, Karantsi Barbar\u00e1t\u00f3l (1772), amelyik a Kir. T\u00e1bla els\u0151 sz\u00e9kh\u00e1za mellett volt. Mivel gyermektelen\u00fcl halt meg a h\u00e1z testv\u00e9r\u00e9re Gergelyre (1717\u20131792), majd annak fi\u00e1ra ugyancsak Gergelyre (1760\u20131816) sz\u00e1llt. Visszaperelte az Apaffi birtokot. Nev\u00e9hez kapcsol\u00f3dik a B. csal\u00e1d kontra kincst\u00e1r, \u00fan. Apafi per\u00e9nek sikeres lebonyol\u00edt\u00e1sa. A csal\u00e1d egyess\u00e9get k\u00f6t\u00f6tt I. Apaffi Mih\u00e1lyn\u00e9val (1667), amely szerint ha az Apafi csal\u00e1d kihal, a birtokok a B. csal\u00e1dra sz\u00e1llnak. Ez\u00e9rt Apafi Mih\u00e1ly, ut\u00f3d n\u00e9lk\u00fcli, hal\u00e1la ut\u00e1n (1713) a B. csal\u00e1d \u00e9rv\u00e9nyes\u00edteni akarta jog\u00e1t az \u00f6r\u00f6ks\u00e9gre. A v\u00e9gs\u0151 d\u00f6nt\u00e9s szerint az \u0151si Apafi birtokok a B. csal\u00e1d tulajdon\u00e1ba ker\u00fcltek (1776), kiv\u00e9telt k\u00e9pez Ebesfalva, melyet a kincst\u00e1r eladott az \u00f6rm\u00e9nyeknek, de cser\u00e9be a B.-nek megkapt\u00e1k \u00c1rokalj\u00e1t \u00e9s Kerl\u00e9st. Halotti c\u00edmere a kv.-i Farkas utcai templomban van. <br \/><strong>Irod.:<\/strong> De\u00e9 Nagy Anik\u00f3 2001; Entz\u2013Kov\u00e1cs; Lukinich; Orb\u00e1n J\u00e1nos: T\u00e1blab\u00edr\u00e1k, f\u0151nemesek, pall\u00e9rok \u00e9s h\u00e1zak: V\u00e1rosk\u00e9p \u00e9s t\u00e1rsadalom v\u00e1ltoz\u00e1sai Mv.-en a Kir\u00e1lyi T\u00e1bla bek\u00f6lt\u00f6z\u00e9se ut\u00e1n [1754]= K\u00f6nyvek \u00e1ltal; Orb\u00e1n J\u00e1nos: A Kir\u00e1lyi T\u00e1bla els\u0151 k\u00e9t mv.-i sz\u00e9kh\u00e1za=St\u00edlusok, m\u0171vek, mesterek<\/br><\/p>\n","protected":false},"excerpt":{"rendered":"<p>1715., \u2020 Kv., 1779. j\u00fal. 24. Bethlenben nyugszik: kapit\u00e1ny. \u2013 B. L\u00e1szl\u00f3 (1675\u20131716) \u00e9s gr. Folthy M\u00e1ria fia. \u2013 Katonai p\u00e1ly\u00e1t v\u00e1lasztott, kapit\u00e1ny a B. Farkas ezred\u00e9ben. A kv.-i ref. koll. f\u0151gondnoka. Mv.-en polg\u00e1ri esk\u00fct tett (1772. febr. 14.). Megvette a F\u0151t\u00e9ri polg\u00e1ri h\u00e1zat \u00f6zv. Schwartz Simonn\u00e9, Karantsi Barbar\u00e1t\u00f3l (1772), amelyik a Kir. T\u00e1bla els\u0151 [&hellip;]<\/p>\n","protected":false},"featured_media":0,"comment_status":"open","ping_status":"closed","template":"","meta":[],"product_brand":[],"product_cat":[137],"product_tag":[],"class_list":{"0":"post-4649","1":"product","2":"type-product","3":"status-publish","5":"product_cat-maros-megyei-eletrajzi-lexikon","7":"first","8":"instock","9":"shipping-taxable","10":"product-type-simple"},"_links":{"self":[{"href":"https:\/\/uj.adatbank.ro\/lexikon\/wp-json\/wp\/v2\/product\/4649","targetHints":{"allow":["GET"]}}],"collection":[{"href":"https:\/\/uj.adatbank.ro\/lexikon\/wp-json\/wp\/v2\/product"}],"about":[{"href":"https:\/\/uj.adatbank.ro\/lexikon\/wp-json\/wp\/v2\/types\/product"}],"replies":[{"embeddable":true,"href":"https:\/\/uj.adatbank.ro\/lexikon\/wp-json\/wp\/v2\/comments?post=4649"}],"wp:attachment":[{"href":"https:\/\/uj.adatbank.ro\/lexikon\/wp-json\/wp\/v2\/media?parent=4649"}],"wp:term":[{"taxonomy":"product_brand","embeddable":true,"href":"https:\/\/uj.adatbank.ro\/lexikon\/wp-json\/wp\/v2\/product_brand?post=4649"},{"taxonomy":"product_cat","embeddable":true,"href":"https:\/\/uj.adatbank.ro\/lexikon\/wp-json\/wp\/v2\/product_cat?post=4649"},{"taxonomy":"product_tag","embeddable":true,"href":"https:\/\/uj.adatbank.ro\/lexikon\/wp-json\/wp\/v2\/product_tag?post=4649"}],"curies":[{"name":"wp","href":"https:\/\/api.w.org\/{rel}","templated":true}]}}

<p>1715., † Kv., 1779. júl. 24. Bethlenben nyugszik: kapitány. – B. László (1675–1716) és gr. Folthy Mária fia. – Katonai pályát választott, kapitány a B. Farkas ezredében. A kv.-i ref. koll. főgondnoka. Mv.-en polgári esküt tett (1772. febr. 14.). Megvette a Főtéri polgári házat özv. Schwartz Simonné, Karantsi Barbarától (1772), amelyik a Kir. Tábla első székháza mellett volt. Mivel gyermektelenül halt meg a ház testvérére Gergelyre (1717–1792), majd annak fiára ugyancsak Gergelyre (1760–1816) szállt. Visszaperelte az Apaffi birtokot. Nevéhez kapcsolódik a B. család kontra kincstár, ún. Apafi perének sikeres lebonyolítása. A család egyességet kötött I. Apaffi Mihálynéval (1667), amely szerint ha az Apafi család kihal, a birtokok a B. családra szállnak. Ezért Apafi Mihály, utód nélküli, halála után (1713) a B. család érvényesíteni akarta jogát az örökségre. A végső döntés szerint az ősi Apafi birtokok a B. család tulajdonába kerültek (1776), kivételt képez Ebesfalva, melyet a kincstár eladott az örményeknek, de cserébe a B.-nek megkapták Árokalját és Kerlést. Halotti címere a kv.-i Farkas utcai templomban van. <br /><strong>Irod.:</strong> Deé Nagy Anikó 2001; Entz–Kovács; Lukinich; Orbán János: Táblabírák, főnemesek, pallérok és házak: Városkép és társadalom változásai Mv.-en a Királyi Tábla beköltözése után [1754]= Könyvek által; Orbán János: A Királyi Tábla első két mv.-i székháza=Stílusok, művek, mesterek</br></p>

<p>1715., † Kv., 1779. júl. 24. Bethlenben nyugszik: kapitány. – B. László (1675–1716) és gr. Folthy Mária fia. – Katonai pályát választott, kapitány a B. Farkas ezredében. A kv.-i ref. koll. főgondnoka. Mv.-en polgári esküt tett (1772. febr. 14.). Megvette a Főtéri polgári házat özv. Schwartz Simonné, Karantsi Barbarától (1772), amelyik a Kir. Tábla első [&hellip;]</p>
