{"id":4650,"date":"2025-06-28T16:48:57","date_gmt":"2025-06-28T14:48:57","guid":{"rendered":"https:\/\/uj.adatbank.ro\/lexikon\/termek\/bethlen-lajos-gr\/"},"modified":"2025-06-28T16:48:57","modified_gmt":"2025-06-28T14:48:57","slug":"bethlen-lajos-gr","status":"publish","type":"product","link":"https:\/\/uj.adatbank.ro\/lexikon\/termek\/bethlen-lajos-gr\/","title":{"rendered":"BETHLEN Lajos, gr."},"content":{"rendered":"<p>G\u00e1ldt\u0151, 1782. febr. 2., \u2020 Kerl\u00e9s, 1867. febr. 2.: kerl\u00e9si \u00e9s keresdi birtokos. \u2013 B. Lajos (\u2020 1787) \u00e9s br. Wessel\u00e9nyi Anna (1757 \u2013 G\u00e1ldt\u0151, 1807. nov. 12.) fia. Testv\u00e9rei: Gergely, Rosalia. Feles\u00e9ge: bethleni gr. B. Kl\u00e1ra (1790\u20131839), B. S\u00e1muel \u00e9s fricsi Fekete Kl\u00e1ra l\u00e1nya. Gyermekeik: M\u00e1ria (1807\u20131866), Kl\u00e1ra (\u2020 1893. dec. 6.). \u2013 Iskol\u00e1it Kv.-on, Nagyenyeden v\u00e9gezte, hosszabb id\u0151t t\u00f6lt\u00f6tt B\u00e9csben, majd a mv.-i Kir. T\u00e1bl\u00e1n\u00e1ll gyakornok. A hivatali p\u00e1ly\u00e1val felhagyva kerl\u00e9si birtok\u00e1ra vonult vissza, ahol nagy \u00e9p\u00edtkez\u00e9sekbe kezdett. A nemesi f\u00f6lkel\u00e9sben (1809) mint egy marossz\u00e9ki sz\u00e9kely sz\u00e1zadparancsnok vett r\u00e9szt. Ezut\u00e1n hosszabb ideig B\u00e9csben tart\u00f3zkodott (1814\u2013), p\u00e1rbalya miatt a munk\u00e1csi v\u00e1r foglya volt (1825\u201326). Kir. hivatalos az erd\u00e9lyi 1848. \u00e9vi utols\u00f3 rendi ogy.-en (Kv., 1848. m\u00e1j. 29.-j\u00fal. 18.). A 48-as forradalom idej\u00e9n nemzet\u0151r, ami\u00e9rt fogs\u00e1gban volt (1852). Az elpusztult kerl\u00e9si kast\u00e9ly \u00e9p\u00edttet\u0151je. \u2013 <strong>F. m.:<\/strong> Gr\u00f3f Bethlen Lajos \u00f6n\u00e9letir\u00e1sa (Kv., 1908); antol\u00f3g: B. L. \u00f6n\u00e9let\u00edr\u00e1sa = Erd\u00e9ly \u00f6r\u00f6ks\u00e9ge 10. <br \/><strong>Irod.:<\/strong> Egyed \u00c1.: Erd\u00e9ly 1848. ogy.; Guly\u00e1s; Gy\u00e1szjelent\u0151; Halotti besz\u00e9dek; Lukinich; P\u00e1lffy<\/br><\/p>\n","protected":false},"excerpt":{"rendered":"<p>G\u00e1ldt\u0151, 1782. febr. 2., \u2020 Kerl\u00e9s, 1867. febr. 2.: kerl\u00e9si \u00e9s keresdi birtokos. \u2013 B. Lajos (\u2020 1787) \u00e9s br. Wessel\u00e9nyi Anna (1757 \u2013 G\u00e1ldt\u0151, 1807. nov. 12.) fia. Testv\u00e9rei: Gergely, Rosalia. Feles\u00e9ge: bethleni gr. B. Kl\u00e1ra (1790\u20131839), B. S\u00e1muel \u00e9s fricsi Fekete Kl\u00e1ra l\u00e1nya. Gyermekeik: M\u00e1ria (1807\u20131866), Kl\u00e1ra (\u2020 1893. dec. 6.). \u2013 Iskol\u00e1it [&hellip;]<\/p>\n","protected":false},"featured_media":0,"comment_status":"open","ping_status":"closed","template":"","meta":[],"product_brand":[],"product_cat":[137],"product_tag":[],"class_list":{"0":"post-4650","1":"product","2":"type-product","3":"status-publish","5":"product_cat-maros-megyei-eletrajzi-lexikon","7":"first","8":"instock","9":"shipping-taxable","10":"product-type-simple"},"_links":{"self":[{"href":"https:\/\/uj.adatbank.ro\/lexikon\/wp-json\/wp\/v2\/product\/4650","targetHints":{"allow":["GET"]}}],"collection":[{"href":"https:\/\/uj.adatbank.ro\/lexikon\/wp-json\/wp\/v2\/product"}],"about":[{"href":"https:\/\/uj.adatbank.ro\/lexikon\/wp-json\/wp\/v2\/types\/product"}],"replies":[{"embeddable":true,"href":"https:\/\/uj.adatbank.ro\/lexikon\/wp-json\/wp\/v2\/comments?post=4650"}],"wp:attachment":[{"href":"https:\/\/uj.adatbank.ro\/lexikon\/wp-json\/wp\/v2\/media?parent=4650"}],"wp:term":[{"taxonomy":"product_brand","embeddable":true,"href":"https:\/\/uj.adatbank.ro\/lexikon\/wp-json\/wp\/v2\/product_brand?post=4650"},{"taxonomy":"product_cat","embeddable":true,"href":"https:\/\/uj.adatbank.ro\/lexikon\/wp-json\/wp\/v2\/product_cat?post=4650"},{"taxonomy":"product_tag","embeddable":true,"href":"https:\/\/uj.adatbank.ro\/lexikon\/wp-json\/wp\/v2\/product_tag?post=4650"}],"curies":[{"name":"wp","href":"https:\/\/api.w.org\/{rel}","templated":true}]}}

<p>Gáldtő, 1782. febr. 2., † Kerlés, 1867. febr. 2.: kerlési és keresdi birtokos. – B. Lajos († 1787) és br. Wesselényi Anna (1757 – Gáldtő, 1807. nov. 12.) fia. Testvérei: Gergely, Rosalia. Felesége: bethleni gr. B. Klára (1790–1839), B. Sámuel és fricsi Fekete Klára lánya. Gyermekeik: Mária (1807–1866), Klára († 1893. dec. 6.). – Iskoláit Kv.-on, Nagyenyeden végezte, hosszabb időt töltött Bécsben, majd a mv.-i Kir. Táblánáll gyakornok. A hivatali pályával felhagyva kerlési birtokára vonult vissza, ahol nagy építkezésekbe kezdett. A nemesi fölkelésben (1809) mint egy marosszéki székely századparancsnok vett részt. Ezután hosszabb ideig Bécsben tartózkodott (1814–), párbalya miatt a munkácsi vár foglya volt (1825–26). Kir. hivatalos az erdélyi 1848. évi utolsó rendi ogy.-en (Kv., 1848. máj. 29.-júl. 18.). A 48-as forradalom idején nemzetőr, amiért fogságban volt (1852). Az elpusztult kerlési kastély építtetője. – <strong>F. m.:</strong> Gróf Bethlen Lajos önéletirása (Kv., 1908); antológ: B. L. önéletírása = Erdély öröksége 10. <br /><strong>Irod.:</strong> Egyed Á.: Erdély 1848. ogy.; Gulyás; Gyászjelentő; Halotti beszédek; Lukinich; Pálffy</br></p>

<p>Gáldtő, 1782. febr. 2., † Kerlés, 1867. febr. 2.: kerlési és keresdi birtokos. – B. Lajos († 1787) és br. Wesselényi Anna (1757 – Gáldtő, 1807. nov. 12.) fia. Testvérei: Gergely, Rosalia. Felesége: bethleni gr. B. Klára (1790–1839), B. Sámuel és fricsi Fekete Klára lánya. Gyermekeik: Mária (1807–1866), Klára († 1893. dec. 6.). – Iskoláit [&hellip;]</p>
