{"id":4651,"date":"2025-06-28T16:48:58","date_gmt":"2025-06-28T14:48:58","guid":{"rendered":"https:\/\/uj.adatbank.ro\/lexikon\/termek\/bethlen-laszlo-bethleni\/"},"modified":"2025-06-28T16:48:58","modified_gmt":"2025-06-28T14:48:58","slug":"bethlen-laszlo-bethleni","status":"publish","type":"product","link":"https:\/\/uj.adatbank.ro\/lexikon\/termek\/bethlen-laszlo-bethleni\/","title":{"rendered":"BETHLEN L\u00e1szl\u00f3, bethleni"},"content":{"rendered":"<p>Bethlen, 1900. \u00e1pr. 11., \u2020\u00a0Innsbruck, 1967. okt. 7: k\u00e9pvisel\u0151. \u2013 B. P\u00e1l (1851\u20131935) \u00e9s Tisza Jol\u00e1n (1860\u20131949) fia. Feles\u00e9ge: sz\u00e9ki gr. Teleki Margit. Gyermekei: Jol\u00e1n, Margit, L\u00e1szl\u00f3, Istv\u00e1n. \u2013 Jogi \u00e9s k\u00f6zgazdas\u00e1gi doktor. A Gazdas\u00e1gi \u00e9s Hitelsz\u00f6vetkeze-tek Sz\u00f6vets\u00e9g\u00e9nek igazgat\u00f3ja, vez\u00e9rigazgat\u00f3j (1929\u201340). Mez\u0151gazdas\u00e1gi Bank \u00e9s a Minerva Biztos\u00edt\u00f3 int\u00e9zet igazgat\u00f3s\u00e1gi tagja, valamint az Erd\u00e9lyi Gazdas\u00e1gi Egylet igazgat\u00f3tan\u00e1cs\u00e1nak a tagja, az Erd\u00e9lyi M\u00fazeum Egylet K\u00f6zgazdas\u00e1gi szakoszt\u00e1ly\u00e1nak eln\u00f6ke. Az \u00e9szak-erd\u00e9lyi sz\u00f6vetkezetek k\u00f6zpontj\u00e1nak, a \u201eSz\u00f6vets\u00e9g\u201d Gazdas\u00e1gi \u00e9s Hitel-sz\u00f6vetkezetek K\u00f6zpontj\u00e1nak eln\u00f6ke (1940\u201344), a Mv. sz\u00e9khellyel megalakult Erd\u00e9lyr\u00e9szi Hangya K\u00f6zpont igazgat\u00f3s\u00e1g\u00e1nak tagja, ogy.-i k\u00e9pvisel\u0151, az Erd\u00e9lyi P\u00e1rt \u00e9s az Erd\u00e9lyr\u00e9szi Gazdas\u00e1gi Tan\u00e1cs tagja. A II. vh. ut\u00e1n nyugatra emigr\u00e1ltak. \u2013 <strong>F. m.:<\/strong> H\u00e1bor\u00fas p\u00e9nz\u00fcgyi politika. <br \/><strong>Irod.:<\/strong> Gudenus; Kort\u00e1rsak lexikona \/ szerk. Gara Ern\u0151 (Cluj-Kv., 1939); Lukinich; V\u00e9gh J\u00f3zsef: Erd\u00e9ly a m. k\u00e9pvisel\u0151h\u00e1zban (Kv., 1942\u201344)<\/br><\/p>\n","protected":false},"excerpt":{"rendered":"<p>Bethlen, 1900. \u00e1pr. 11., \u2020\u00a0Innsbruck, 1967. okt. 7: k\u00e9pvisel\u0151. \u2013 B. P\u00e1l (1851\u20131935) \u00e9s Tisza Jol\u00e1n (1860\u20131949) fia. Feles\u00e9ge: sz\u00e9ki gr. Teleki Margit. Gyermekei: Jol\u00e1n, Margit, L\u00e1szl\u00f3, Istv\u00e1n. \u2013 Jogi \u00e9s k\u00f6zgazdas\u00e1gi doktor. A Gazdas\u00e1gi \u00e9s Hitelsz\u00f6vetkeze-tek Sz\u00f6vets\u00e9g\u00e9nek igazgat\u00f3ja, vez\u00e9rigazgat\u00f3j (1929\u201340). Mez\u0151gazdas\u00e1gi Bank \u00e9s a Minerva Biztos\u00edt\u00f3 int\u00e9zet igazgat\u00f3s\u00e1gi tagja, valamint az Erd\u00e9lyi Gazdas\u00e1gi Egylet [&hellip;]<\/p>\n","protected":false},"featured_media":0,"comment_status":"open","ping_status":"closed","template":"","meta":[],"product_brand":[],"product_cat":[137],"product_tag":[],"class_list":{"0":"post-4651","1":"product","2":"type-product","3":"status-publish","5":"product_cat-maros-megyei-eletrajzi-lexikon","7":"first","8":"instock","9":"shipping-taxable","10":"product-type-simple"},"_links":{"self":[{"href":"https:\/\/uj.adatbank.ro\/lexikon\/wp-json\/wp\/v2\/product\/4651","targetHints":{"allow":["GET"]}}],"collection":[{"href":"https:\/\/uj.adatbank.ro\/lexikon\/wp-json\/wp\/v2\/product"}],"about":[{"href":"https:\/\/uj.adatbank.ro\/lexikon\/wp-json\/wp\/v2\/types\/product"}],"replies":[{"embeddable":true,"href":"https:\/\/uj.adatbank.ro\/lexikon\/wp-json\/wp\/v2\/comments?post=4651"}],"wp:attachment":[{"href":"https:\/\/uj.adatbank.ro\/lexikon\/wp-json\/wp\/v2\/media?parent=4651"}],"wp:term":[{"taxonomy":"product_brand","embeddable":true,"href":"https:\/\/uj.adatbank.ro\/lexikon\/wp-json\/wp\/v2\/product_brand?post=4651"},{"taxonomy":"product_cat","embeddable":true,"href":"https:\/\/uj.adatbank.ro\/lexikon\/wp-json\/wp\/v2\/product_cat?post=4651"},{"taxonomy":"product_tag","embeddable":true,"href":"https:\/\/uj.adatbank.ro\/lexikon\/wp-json\/wp\/v2\/product_tag?post=4651"}],"curies":[{"name":"wp","href":"https:\/\/api.w.org\/{rel}","templated":true}]}}

BETHLEN László, bethleni

<p>Bethlen, 1900. ápr. 11., † Innsbruck, 1967. okt. 7: képviselő. – B. Pál (1851–1935) és Tisza Jolán (1860–1949) fia. Felesége: széki gr. Teleki Margit. Gyermekei: Jolán, Margit, László, István. – Jogi és közgazdasági doktor. A Gazdasági és Hitelszövetkeze-tek Szövetségének igazgatója, vezérigazgatój (1929–40). Mezőgazdasági Bank és a Minerva Biztosító intézet igazgatósági tagja, valamint az Erdélyi Gazdasági Egylet igazgatótanácsának a tagja, az Erdélyi Múzeum Egylet Közgazdasági szakosztályának elnöke. Az észak-erdélyi szövetkezetek központjának, a „Szövetség” Gazdasági és Hitel-szövetkezetek Központjának elnöke (1940–44), a Mv. székhellyel megalakult Erdélyrészi Hangya Központ igazgatóságának tagja, ogy.-i képviselő, az Erdélyi Párt és az Erdélyrészi Gazdasági Tanács tagja. A II. vh. után nyugatra emigráltak. – <strong>F. m.:</strong> Háborús pénzügyi politika. <br /><strong>Irod.:</strong> Gudenus; Kortársak lexikona / szerk. Gara Ernő (Cluj-Kv., 1939); Lukinich; Végh József: Erdély a m. képviselőházban (Kv., 1942–44)</br></p>

<p>Bethlen, 1900. ápr. 11., † Innsbruck, 1967. okt. 7: képviselő. – B. Pál (1851–1935) és Tisza Jolán (1860–1949) fia. Felesége: széki gr. Teleki Margit. Gyermekei: Jolán, Margit, László, István. – Jogi és közgazdasági doktor. A Gazdasági és Hitelszövetkeze-tek Szövetségének igazgatója, vezérigazgatój (1929–40). Mezőgazdasági Bank és a Minerva Biztosító intézet igazgatósági tagja, valamint az Erdélyi Gazdasági Egylet [&hellip;]</p>
