{"id":4652,"date":"2025-06-28T16:49:00","date_gmt":"2025-06-28T14:49:00","guid":{"rendered":"https:\/\/uj.adatbank.ro\/lexikon\/termek\/bethlen-laszlo-bethleni-gr\/"},"modified":"2025-06-28T16:49:00","modified_gmt":"2025-06-28T14:49:00","slug":"bethlen-laszlo-bethleni-gr","status":"publish","type":"product","link":"https:\/\/uj.adatbank.ro\/lexikon\/termek\/bethlen-laszlo-bethleni-gr\/","title":{"rendered":"BETHLEN L\u00e1szl\u00f3, bethleni gr."},"content":{"rendered":"<p>1675., \u2020\u00a01717. m\u00e1rc. 30.: f\u0151isp\u00e1n, guberniumi tan\u00e1csos. \u2013 B. Farkas t\u00f6rt\u00e9net\u00edr\u00f3 \u00e9s Ostrosith Borb\u00e1la (\u2020 1681. nov. 20.) fia. Feles\u00e9ge: 1. Wessel\u00e9nyi Anna, 2. Folthy M\u00e1ria. \u2013 Sz\u00fclei hal\u00e1la ut\u00e1n Elek nagyb\u00e1tyj\u00e1n\u00e1l, a keresdi nyomdaalap\u00edt\u00f3n\u00e1l nevelkedett. A gyulafeh\u00e9rv\u00e1ri \u00e9s enyedi koll.-ban egy\u00fctt tanult II. Apafi Mih\u00e1llyal. A Deput\u00e1ci\u00f3 tagja (1709). Kis-K\u00fck\u00fcll\u0151 vm. f\u0151isp\u00e1nja (1710\u201316), \u00e9rdemei\u00e9rt korm\u00e1nysz\u00e9ki tan\u00e1csos lett (1715\u201317). A R\u00e1k\u00f3czi szabads\u00e1gharc alatt v\u00e9gig cs\u00e1sz\u00e1rp\u00e1rti, B\u00e9csben k\u00e9pviselte a Habsburg-p\u00e1rti erd\u00e9lyi rendeket (1704-08). Az erd\u00e9lyi ref. egyh\u00e1zker\u00fclet f\u0151gondnoka. <br \/><strong>Irod.:<\/strong> Erd\u00e9lyi f\u00e9niks; Gudenus; Lukinich; Mo. f\u0151isp\u00e1njai; Tr\u00f3cs\u00e1nyi 1988, Wessel\u00e9nyi Istv\u00e1n<\/br><\/p>\n","protected":false},"excerpt":{"rendered":"<p>1675., \u2020\u00a01717. m\u00e1rc. 30.: f\u0151isp\u00e1n, guberniumi tan\u00e1csos. \u2013 B. Farkas t\u00f6rt\u00e9net\u00edr\u00f3 \u00e9s Ostrosith Borb\u00e1la (\u2020 1681. nov. 20.) fia. Feles\u00e9ge: 1. Wessel\u00e9nyi Anna, 2. Folthy M\u00e1ria. \u2013 Sz\u00fclei hal\u00e1la ut\u00e1n Elek nagyb\u00e1tyj\u00e1n\u00e1l, a keresdi nyomdaalap\u00edt\u00f3n\u00e1l nevelkedett. A gyulafeh\u00e9rv\u00e1ri \u00e9s enyedi koll.-ban egy\u00fctt tanult II. Apafi Mih\u00e1llyal. A Deput\u00e1ci\u00f3 tagja (1709). Kis-K\u00fck\u00fcll\u0151 vm. f\u0151isp\u00e1nja (1710\u201316), \u00e9rdemei\u00e9rt [&hellip;]<\/p>\n","protected":false},"featured_media":0,"comment_status":"open","ping_status":"closed","template":"","meta":[],"product_brand":[],"product_cat":[137],"product_tag":[],"class_list":{"0":"post-4652","1":"product","2":"type-product","3":"status-publish","5":"product_cat-maros-megyei-eletrajzi-lexikon","7":"first","8":"instock","9":"shipping-taxable","10":"product-type-simple"},"_links":{"self":[{"href":"https:\/\/uj.adatbank.ro\/lexikon\/wp-json\/wp\/v2\/product\/4652","targetHints":{"allow":["GET"]}}],"collection":[{"href":"https:\/\/uj.adatbank.ro\/lexikon\/wp-json\/wp\/v2\/product"}],"about":[{"href":"https:\/\/uj.adatbank.ro\/lexikon\/wp-json\/wp\/v2\/types\/product"}],"replies":[{"embeddable":true,"href":"https:\/\/uj.adatbank.ro\/lexikon\/wp-json\/wp\/v2\/comments?post=4652"}],"wp:attachment":[{"href":"https:\/\/uj.adatbank.ro\/lexikon\/wp-json\/wp\/v2\/media?parent=4652"}],"wp:term":[{"taxonomy":"product_brand","embeddable":true,"href":"https:\/\/uj.adatbank.ro\/lexikon\/wp-json\/wp\/v2\/product_brand?post=4652"},{"taxonomy":"product_cat","embeddable":true,"href":"https:\/\/uj.adatbank.ro\/lexikon\/wp-json\/wp\/v2\/product_cat?post=4652"},{"taxonomy":"product_tag","embeddable":true,"href":"https:\/\/uj.adatbank.ro\/lexikon\/wp-json\/wp\/v2\/product_tag?post=4652"}],"curies":[{"name":"wp","href":"https:\/\/api.w.org\/{rel}","templated":true}]}}

BETHLEN László, bethleni gr.

<p>1675., † 1717. márc. 30.: főispán, guberniumi tanácsos. – B. Farkas történetíró és Ostrosith Borbála († 1681. nov. 20.) fia. Felesége: 1. Wesselényi Anna, 2. Folthy Mária. – Szülei halála után Elek nagybátyjánál, a keresdi nyomdaalapítónál nevelkedett. A gyulafehérvári és enyedi koll.-ban együtt tanult II. Apafi Mihállyal. A Deputáció tagja (1709). Kis-Küküllő vm. főispánja (1710–16), érdemeiért kormányszéki tanácsos lett (1715–17). A Rákóczi szabadságharc alatt végig császárpárti, Bécsben képviselte a Habsburg-párti erdélyi rendeket (1704-08). Az erdélyi ref. egyházkerület főgondnoka. <br /><strong>Irod.:</strong> Erdélyi féniks; Gudenus; Lukinich; Mo. főispánjai; Trócsányi 1988, Wesselényi István</br></p>

<p>1675., † 1717. márc. 30.: főispán, guberniumi tanácsos. – B. Farkas történetíró és Ostrosith Borbála († 1681. nov. 20.) fia. Felesége: 1. Wesselényi Anna, 2. Folthy Mária. – Szülei halála után Elek nagybátyjánál, a keresdi nyomdaalapítónál nevelkedett. A gyulafehérvári és enyedi koll.-ban együtt tanult II. Apafi Mihállyal. A Deputáció tagja (1709). Kis-Küküllő vm. főispánja (1710–16), érdemeiért [&hellip;]</p>
