{"id":4653,"date":"2025-06-28T16:49:03","date_gmt":"2025-06-28T14:49:03","guid":{"rendered":"https:\/\/uj.adatbank.ro\/lexikon\/termek\/bethlen-laszlo-bethleni-gr-2\/"},"modified":"2025-06-28T16:49:03","modified_gmt":"2025-06-28T14:49:03","slug":"bethlen-laszlo-bethleni-gr-2","status":"publish","type":"product","link":"https:\/\/uj.adatbank.ro\/lexikon\/termek\/bethlen-laszlo-bethleni-gr-2\/","title":{"rendered":"BETHLEN L\u00e1szl\u00f3, bethleni gr."},"content":{"rendered":"<p>1720, \u2020\u00a0Vajdaszentiv\u00e1ny, 1790. nov. 9.: birtokos. \u2013 B. Gy\u00f6rgy (\u2020 1730. el\u0151tt) \u00e9s Kollatovith Kata (\u2020\u00a01754) fia. Testv\u00e9re: Bethlen Kata. Feles\u00e9ge: czegei gr. Wass Krisztina, ut\u00f3duk nincs. \u2013 A bethleni csal\u00e1d f\u00e9rfi \u00e1gon birtokos Vajdaszentiv\u00e1nyon (1790-ig, hal\u00e1l\u00e1ig), birtoka le\u00e1ny\u00e1gon m\u00e1s csal\u00e1dok tulajdon\u00e1ba ker\u00fclt. T\u00e1mogatta a ref. egyh\u00e1zat, az erd\u00e9lyi ref. egyh\u00e1z \u00e9s a mv.-i Ref. Koll. f\u0151gondnoka (1766\u2013), adom\u00e1nyt tett sz\u00e1mukra (1787). Kov\u00e1sznai S\u00e1ndor di\u00e1kkori patronusa volt. Testrv\u00e9r\u00e9vel, \u00f6zv. B. Domokosn\u00e9, B. Kat\u00e1val a vajdaszentiv\u00e1nyi ref. templom \u00e9p\u00edt\u0151i (1795). Az erd\u00e9lyi ref. egyh\u00e1z f\u0151kur\u00e1tora volt. Temet\u00e9sekor Zilahi S\u00e1muel tartott felette gy\u00e1szbesz\u00e9det. <br \/><strong>Irod.:<\/strong> Kov\u00e1sznai; Lev\u00e9lt\u00e1ri gy\u00e1szj.; Lukinich; \u00d6tv\u00f6s; Vajdaszentiv\u00e1ny<\/br><\/p>\n","protected":false},"excerpt":{"rendered":"<p>1720, \u2020\u00a0Vajdaszentiv\u00e1ny, 1790. nov. 9.: birtokos. \u2013 B. Gy\u00f6rgy (\u2020 1730. el\u0151tt) \u00e9s Kollatovith Kata (\u2020\u00a01754) fia. Testv\u00e9re: Bethlen Kata. Feles\u00e9ge: czegei gr. Wass Krisztina, ut\u00f3duk nincs. \u2013 A bethleni csal\u00e1d f\u00e9rfi \u00e1gon birtokos Vajdaszentiv\u00e1nyon (1790-ig, hal\u00e1l\u00e1ig), birtoka le\u00e1ny\u00e1gon m\u00e1s csal\u00e1dok tulajdon\u00e1ba ker\u00fclt. T\u00e1mogatta a ref. egyh\u00e1zat, az erd\u00e9lyi ref. egyh\u00e1z \u00e9s a mv.-i Ref. [&hellip;]<\/p>\n","protected":false},"featured_media":0,"comment_status":"open","ping_status":"closed","template":"","meta":[],"product_brand":[],"product_cat":[137],"product_tag":[],"class_list":{"0":"post-4653","1":"product","2":"type-product","3":"status-publish","5":"product_cat-maros-megyei-eletrajzi-lexikon","7":"first","8":"instock","9":"shipping-taxable","10":"product-type-simple"},"_links":{"self":[{"href":"https:\/\/uj.adatbank.ro\/lexikon\/wp-json\/wp\/v2\/product\/4653","targetHints":{"allow":["GET"]}}],"collection":[{"href":"https:\/\/uj.adatbank.ro\/lexikon\/wp-json\/wp\/v2\/product"}],"about":[{"href":"https:\/\/uj.adatbank.ro\/lexikon\/wp-json\/wp\/v2\/types\/product"}],"replies":[{"embeddable":true,"href":"https:\/\/uj.adatbank.ro\/lexikon\/wp-json\/wp\/v2\/comments?post=4653"}],"wp:attachment":[{"href":"https:\/\/uj.adatbank.ro\/lexikon\/wp-json\/wp\/v2\/media?parent=4653"}],"wp:term":[{"taxonomy":"product_brand","embeddable":true,"href":"https:\/\/uj.adatbank.ro\/lexikon\/wp-json\/wp\/v2\/product_brand?post=4653"},{"taxonomy":"product_cat","embeddable":true,"href":"https:\/\/uj.adatbank.ro\/lexikon\/wp-json\/wp\/v2\/product_cat?post=4653"},{"taxonomy":"product_tag","embeddable":true,"href":"https:\/\/uj.adatbank.ro\/lexikon\/wp-json\/wp\/v2\/product_tag?post=4653"}],"curies":[{"name":"wp","href":"https:\/\/api.w.org\/{rel}","templated":true}]}}

BETHLEN László, bethleni gr.

<p>1720, † Vajdaszentivány, 1790. nov. 9.: birtokos. – B. György († 1730. előtt) és Kollatovith Kata († 1754) fia. Testvére: Bethlen Kata. Felesége: czegei gr. Wass Krisztina, utóduk nincs. – A bethleni család férfi ágon birtokos Vajdaszentiványon (1790-ig, haláláig), birtoka leányágon más családok tulajdonába került. Támogatta a ref. egyházat, az erdélyi ref. egyház és a mv.-i Ref. Koll. főgondnoka (1766–), adományt tett számukra (1787). Kovásznai Sándor diákkori patronusa volt. Testrvérével, özv. B. Domokosné, B. Katával a vajdaszentiványi ref. templom építői (1795). Az erdélyi ref. egyház főkurátora volt. Temetésekor Zilahi Sámuel tartott felette gyászbeszédet. <br /><strong>Irod.:</strong> Kovásznai; Levéltári gyászj.; Lukinich; Ötvös; Vajdaszentivány</br></p>

<p>1720, † Vajdaszentivány, 1790. nov. 9.: birtokos. – B. György († 1730. előtt) és Kollatovith Kata († 1754) fia. Testvére: Bethlen Kata. Felesége: czegei gr. Wass Krisztina, utóduk nincs. – A bethleni család férfi ágon birtokos Vajdaszentiványon (1790-ig, haláláig), birtoka leányágon más családok tulajdonába került. Támogatta a ref. egyházat, az erdélyi ref. egyház és a mv.-i Ref. [&hellip;]</p>
