{"id":4654,"date":"2025-06-28T16:49:04","date_gmt":"2025-06-28T14:49:04","guid":{"rendered":"https:\/\/uj.adatbank.ro\/lexikon\/termek\/bethlen-laszlo-bethleni-gr-3\/"},"modified":"2025-06-28T16:49:04","modified_gmt":"2025-06-28T14:49:04","slug":"bethlen-laszlo-bethleni-gr-3","status":"publish","type":"product","link":"https:\/\/uj.adatbank.ro\/lexikon\/termek\/bethlen-laszlo-bethleni-gr-3\/","title":{"rendered":"BETHLEN L\u00e1szl\u00f3, bethleni gr."},"content":{"rendered":"<p>1729., \u2020\u00a01783. j\u00fan. 11. Magyarb\u00e9ny\u00e9n temett\u00e9k: f\u00f6ldbirtokos. \u2013 B. Istv\u00e1n (\u2020 1737. m\u00e1j.) \u00e9s Macsk\u00e1ssy Krisztina fia. Feles\u00e9ge: B\u00e1nffy Kl\u00e1ra (1730- Mv., 1804. okt 14. Magyarb\u00e9ny\u00e9n temett\u00e9k, Mv. V\u00e1rtemplomban halotti b\u00facs\u00faztatt\u00f3ja Tompa J\u00e1nos, 1804. nov. 18.). Gyermekeik: Karolina (1753\u20131826. m\u00e1rc. 4.), M\u00e1ria (1763\u20131817. m\u00e1j. 1.), Farkas (1762\u20131804), feles\u00e9ge Husz\u00e1r Borb\u00e1la. \u2013 A mez\u0151paniti birtok \u00e9s udvarh\u00e1z tulajdonosa, amelyet le\u00e1nya Karolina \u00e9s lesz\u00e1rmazottai \u00f6r\u00f6k\u00f6ltek. Feles\u00e9ge k\u00e9t \u00farasztali abroszt aj\u00e1nd\u00e9kozott a g\u00f3g\u00e1nv\u00e1raljai ref. egyh\u00e1zk\u00f6zs\u00e9gnek (1764). <br \/><strong>Irod.:<\/strong> Bir\u00f3 J\u00f3zsef. A bonchidai B\u00e1nffy-kast\u00e9ly csal\u00e1di arck\u00e9pei = Lyka eml\u00e9kk.; Halotti besz\u00e9dek; Herepei J\u00e1nos: Halotti besz\u00e9dek&#8230; (Kv., 1823); K\u00fck\u00fcll\u0151i Ref. Egyh\u00e1zm. 2.; Lev\u00e9lt\u00e1ri gy\u00e1szj.; Lukinich<\/br><\/p>\n","protected":false},"excerpt":{"rendered":"<p>1729., \u2020\u00a01783. j\u00fan. 11. Magyarb\u00e9ny\u00e9n temett\u00e9k: f\u00f6ldbirtokos. \u2013 B. Istv\u00e1n (\u2020 1737. m\u00e1j.) \u00e9s Macsk\u00e1ssy Krisztina fia. Feles\u00e9ge: B\u00e1nffy Kl\u00e1ra (1730- Mv., 1804. okt 14. Magyarb\u00e9ny\u00e9n temett\u00e9k, Mv. V\u00e1rtemplomban halotti b\u00facs\u00faztatt\u00f3ja Tompa J\u00e1nos, 1804. nov. 18.). Gyermekeik: Karolina (1753\u20131826. m\u00e1rc. 4.), M\u00e1ria (1763\u20131817. m\u00e1j. 1.), Farkas (1762\u20131804), feles\u00e9ge Husz\u00e1r Borb\u00e1la. \u2013 A mez\u0151paniti birtok \u00e9s [&hellip;]<\/p>\n","protected":false},"featured_media":0,"comment_status":"open","ping_status":"closed","template":"","meta":[],"product_brand":[],"product_cat":[137],"product_tag":[],"class_list":{"0":"post-4654","1":"product","2":"type-product","3":"status-publish","5":"product_cat-maros-megyei-eletrajzi-lexikon","7":"first","8":"instock","9":"shipping-taxable","10":"product-type-simple"},"_links":{"self":[{"href":"https:\/\/uj.adatbank.ro\/lexikon\/wp-json\/wp\/v2\/product\/4654","targetHints":{"allow":["GET"]}}],"collection":[{"href":"https:\/\/uj.adatbank.ro\/lexikon\/wp-json\/wp\/v2\/product"}],"about":[{"href":"https:\/\/uj.adatbank.ro\/lexikon\/wp-json\/wp\/v2\/types\/product"}],"replies":[{"embeddable":true,"href":"https:\/\/uj.adatbank.ro\/lexikon\/wp-json\/wp\/v2\/comments?post=4654"}],"wp:attachment":[{"href":"https:\/\/uj.adatbank.ro\/lexikon\/wp-json\/wp\/v2\/media?parent=4654"}],"wp:term":[{"taxonomy":"product_brand","embeddable":true,"href":"https:\/\/uj.adatbank.ro\/lexikon\/wp-json\/wp\/v2\/product_brand?post=4654"},{"taxonomy":"product_cat","embeddable":true,"href":"https:\/\/uj.adatbank.ro\/lexikon\/wp-json\/wp\/v2\/product_cat?post=4654"},{"taxonomy":"product_tag","embeddable":true,"href":"https:\/\/uj.adatbank.ro\/lexikon\/wp-json\/wp\/v2\/product_tag?post=4654"}],"curies":[{"name":"wp","href":"https:\/\/api.w.org\/{rel}","templated":true}]}}

BETHLEN László, bethleni gr.

<p>1729., † 1783. jún. 11. Magyarbényén temették: földbirtokos. – B. István († 1737. máj.) és Macskássy Krisztina fia. Felesége: Bánffy Klára (1730- Mv., 1804. okt 14. Magyarbényén temették, Mv. Vártemplomban halotti búcsúztattója Tompa János, 1804. nov. 18.). Gyermekeik: Karolina (1753–1826. márc. 4.), Mária (1763–1817. máj. 1.), Farkas (1762–1804), felesége Huszár Borbála. – A mezőpaniti birtok és udvarház tulajdonosa, amelyet leánya Karolina és leszármazottai örököltek. Felesége két úrasztali abroszt ajándékozott a gógánváraljai ref. egyházközségnek (1764). <br /><strong>Irod.:</strong> Biró József. A bonchidai Bánffy-kastély családi arcképei = Lyka emlékk.; Halotti beszédek; Herepei János: Halotti beszédek&#8230; (Kv., 1823); Küküllői Ref. Egyházm. 2.; Levéltári gyászj.; Lukinich</br></p>

<p>1729., † 1783. jún. 11. Magyarbényén temették: földbirtokos. – B. István († 1737. máj.) és Macskássy Krisztina fia. Felesége: Bánffy Klára (1730- Mv., 1804. okt 14. Magyarbényén temették, Mv. Vártemplomban halotti búcsúztattója Tompa János, 1804. nov. 18.). Gyermekeik: Karolina (1753–1826. márc. 4.), Mária (1763–1817. máj. 1.), Farkas (1762–1804), felesége Huszár Borbála. – A mezőpaniti birtok és [&hellip;]</p>
