{"id":4655,"date":"2025-06-28T16:49:05","date_gmt":"2025-06-28T14:49:05","guid":{"rendered":"https:\/\/uj.adatbank.ro\/lexikon\/termek\/bethlen-laszlo-bethleni-gr-4\/"},"modified":"2025-06-28T16:49:05","modified_gmt":"2025-06-28T14:49:05","slug":"bethlen-laszlo-bethleni-gr-4","status":"publish","type":"product","link":"https:\/\/uj.adatbank.ro\/lexikon\/termek\/bethlen-laszlo-bethleni-gr-4\/","title":{"rendered":"BETHLEN L\u00e1szl\u00f3, bethleni gr."},"content":{"rendered":"<p>1755.?, \u2020 Mv., 1814. \u00e1pr. 8, Bethlenben temett\u00e9k: kir. tan\u00e1csos, f\u0151isp\u00e1n. \u2013 B. Gergely (1717\u20131792) \u00e9s Nal\u00e1tzy Borb\u00e1la (\u2020 1792 k.) fia. Feles\u00e9ge: csern\u00e1toni Domokos Krisztina (1761.?- Bencenc, 1794. j\u00fan. 11.). Gyermekei: P\u00e1l, M\u00e1ria, J\u00f3zsef, Ferenc. \u2013 A mv.-i Ref. Koll. f\u0151kur\u00e1tora egy\u00fctt B. D\u00e1viddal (1766. j\u00fan. 21. \u2013), le akart mondani (1786. m\u00e1j. 20.), de nem fogadt\u00e1k el lemond\u00e1s\u00e1t \u00e9s maradt f\u0151gondnok hal\u00e1l\u00e1ig. Torda megyei \u00fcln\u00f6k (1787). Mv.-en polg\u00e1ri esk\u00fct tett (1785. \u00e1pr. 8.), emeletes h\u00e1za volt Mv. F\u0151ter\u00e9n (R\u00f3zs\u00e1k tere 54), ami ideiglenes sz\u00e9khelye volt a Kir. T\u00e1bl\u00e1nak is, majd \u00f6r\u00f6k\u00f6sei eladt\u00e1k a T\u00e1bl\u00e1nak (1815); a T\u00e1bla kik\u00f6lt\u00f6z\u00e9se ut\u00e1n a mv.-i Kaszin\u00f3 b\u00e9relte (akkori tulajdonos\u00e1t\u00f3l, nagyernyei J\u00f3zsa J\u00f3zsefn\u00e9t\u0151l, 1832\u2013). Hunyad v\u00e1rmegye adminisztr\u00e1tora (1804\u2013), f\u0151isp\u00e1n (1807\u2013). Az egyik bethleni kast\u00e9ly tulajdonosa. A radn\u00f3ti kast\u00e9ly tulajdonosa (1805\u2013). Kazinczy az Erd\u00e9lyi levelekben hum\u00e1nus jellem\u00e9t, hazafis\u00e1g\u00e1t \u00e9s sz\u00f3noki k\u00e9pess\u00e9geit m\u00e9ltatta. \u00c9lete utols\u00f3 \u00e9veiben elm\u00e9je elborult, birtokai java r\u00e9sz\u00e9t elvesztegette. Ad\u00f3ss\u00e1gai miatt a Gubernium z\u00e1r al\u00e1 helyezte vagyon\u00e1t (1813). <br \/><strong>Irod.:<\/strong> Albiz\u00e1l\u00e1s; Bicsok\u2013Orb\u00e1n; Gy\u00e1szjelent\u0151; Lev\u00e9lt\u00e1ri gy\u00e1szj.; Lukinich; Orb\u00e1n J\u00e1nos: A Kir\u00e1lyi T\u00e1bla els\u0151 k\u00e9t mv.-i sz\u00e9kh\u00e1za = St\u00edlusok, m\u0171vek, mesterek; Orb\u00e1n J\u00e1nos: T\u00e1blab\u00edr\u00e1k, f\u0151nemesek, pall\u00e9rok \u00e9s h\u00e1zak: V\u00e1rosk\u00e9p \u00e9s t\u00e1rsadalom v\u00e1ltoz\u00e1sai Mv.-en a Kir\u00e1lyi T\u00e1bla bek\u00f6lt\u00f6z\u00e9se ut\u00e1n [1754] = K\u00f6nyvek \u00e1ltal \u2026; Tompa J\u00e1nos: Halotti besz\u00e9d B. L. felett (Kv., 1816), Koncz<\/br><\/p>\n","protected":false},"excerpt":{"rendered":"<p>1755.?, \u2020 Mv., 1814. \u00e1pr. 8, Bethlenben temett\u00e9k: kir. tan\u00e1csos, f\u0151isp\u00e1n. \u2013 B. Gergely (1717\u20131792) \u00e9s Nal\u00e1tzy Borb\u00e1la (\u2020 1792 k.) fia. Feles\u00e9ge: csern\u00e1toni Domokos Krisztina (1761.?- Bencenc, 1794. j\u00fan. 11.). Gyermekei: P\u00e1l, M\u00e1ria, J\u00f3zsef, Ferenc. \u2013 A mv.-i Ref. Koll. f\u0151kur\u00e1tora egy\u00fctt B. D\u00e1viddal (1766. j\u00fan. 21. \u2013), le akart mondani (1786. m\u00e1j. 20.), [&hellip;]<\/p>\n","protected":false},"featured_media":0,"comment_status":"open","ping_status":"closed","template":"","meta":[],"product_brand":[],"product_cat":[137],"product_tag":[],"class_list":{"0":"post-4655","1":"product","2":"type-product","3":"status-publish","5":"product_cat-maros-megyei-eletrajzi-lexikon","7":"first","8":"instock","9":"shipping-taxable","10":"product-type-simple"},"_links":{"self":[{"href":"https:\/\/uj.adatbank.ro\/lexikon\/wp-json\/wp\/v2\/product\/4655","targetHints":{"allow":["GET"]}}],"collection":[{"href":"https:\/\/uj.adatbank.ro\/lexikon\/wp-json\/wp\/v2\/product"}],"about":[{"href":"https:\/\/uj.adatbank.ro\/lexikon\/wp-json\/wp\/v2\/types\/product"}],"replies":[{"embeddable":true,"href":"https:\/\/uj.adatbank.ro\/lexikon\/wp-json\/wp\/v2\/comments?post=4655"}],"wp:attachment":[{"href":"https:\/\/uj.adatbank.ro\/lexikon\/wp-json\/wp\/v2\/media?parent=4655"}],"wp:term":[{"taxonomy":"product_brand","embeddable":true,"href":"https:\/\/uj.adatbank.ro\/lexikon\/wp-json\/wp\/v2\/product_brand?post=4655"},{"taxonomy":"product_cat","embeddable":true,"href":"https:\/\/uj.adatbank.ro\/lexikon\/wp-json\/wp\/v2\/product_cat?post=4655"},{"taxonomy":"product_tag","embeddable":true,"href":"https:\/\/uj.adatbank.ro\/lexikon\/wp-json\/wp\/v2\/product_tag?post=4655"}],"curies":[{"name":"wp","href":"https:\/\/api.w.org\/{rel}","templated":true}]}}

BETHLEN László, bethleni gr.

<p>1755.?, † Mv., 1814. ápr. 8, Bethlenben temették: kir. tanácsos, főispán. – B. Gergely (1717–1792) és Nalátzy Borbála († 1792 k.) fia. Felesége: csernátoni Domokos Krisztina (1761.?- Bencenc, 1794. jún. 11.). Gyermekei: Pál, Mária, József, Ferenc. – A mv.-i Ref. Koll. főkurátora együtt B. Dáviddal (1766. jún. 21. –), le akart mondani (1786. máj. 20.), de nem fogadták el lemondását és maradt főgondnok haláláig. Torda megyei ülnök (1787). Mv.-en polgári esküt tett (1785. ápr. 8.), emeletes háza volt Mv. Főterén (Rózsák tere 54), ami ideiglenes székhelye volt a Kir. Táblának is, majd örökösei eladták a Táblának (1815); a Tábla kiköltözése után a mv.-i Kaszinó bérelte (akkori tulajdonosától, nagyernyei Józsa Józsefnétől, 1832–). Hunyad vármegye adminisztrátora (1804–), főispán (1807–). Az egyik bethleni kastély tulajdonosa. A radnóti kastély tulajdonosa (1805–). Kazinczy az Erdélyi levelekben humánus jellemét, hazafiságát és szónoki képességeit méltatta. Élete utolsó éveiben elméje elborult, birtokai java részét elvesztegette. Adósságai miatt a Gubernium zár alá helyezte vagyonát (1813). <br /><strong>Irod.:</strong> Albizálás; Bicsok–Orbán; Gyászjelentő; Levéltári gyászj.; Lukinich; Orbán János: A Királyi Tábla első két mv.-i székháza = Stílusok, művek, mesterek; Orbán János: Táblabírák, főnemesek, pallérok és házak: Városkép és társadalom változásai Mv.-en a Királyi Tábla beköltözése után [1754] = Könyvek által …; Tompa János: Halotti beszéd B. L. felett (Kv., 1816), Koncz</br></p>

<p>1755.?, † Mv., 1814. ápr. 8, Bethlenben temették: kir. tanácsos, főispán. – B. Gergely (1717–1792) és Nalátzy Borbála († 1792 k.) fia. Felesége: csernátoni Domokos Krisztina (1761.?- Bencenc, 1794. jún. 11.). Gyermekei: Pál, Mária, József, Ferenc. – A mv.-i Ref. Koll. főkurátora együtt B. Dáviddal (1766. jún. 21. –), le akart mondani (1786. máj. 20.), [&hellip;]</p>
