{"id":4660,"date":"2025-06-28T16:49:17","date_gmt":"2025-06-28T14:49:17","guid":{"rendered":"https:\/\/uj.adatbank.ro\/lexikon\/termek\/bethlen-margit-gr-bethleni-bethlen-istvanne\/"},"modified":"2025-06-28T16:49:17","modified_gmt":"2025-06-28T14:49:17","slug":"bethlen-margit-gr-bethleni-bethlen-istvanne","status":"publish","type":"product","link":"https:\/\/uj.adatbank.ro\/lexikon\/termek\/bethlen-margit-gr-bethleni-bethlen-istvanne\/","title":{"rendered":"BETHLEN Margit, gr, bethleni, Bethlen Istv\u00e1nn\u00e9"},"content":{"rendered":"<p>Bp., 1882. aug. 6., \u2020 Bp., 1970. j\u00fan. 7.: \u00edr\u00f3, \u00fajs\u00e1g\u00edr\u00f3. \u2013 B. Andr\u00e1s (1847\u20131898) \u00e9s Mocsonyi L\u00edvia le\u00e1nya. Gr. B. Istv\u00e1n politikus, minisztereln\u00f6k feles\u00e9ge (1901 j\u00fan. 27. \u2013). Gyermekeik: Andr\u00e1s (1902\u2013), Istv\u00e1n (1904\u2013), G\u00e1bor (1906\u2013). F\u00e9rje mez\u0151s\u00e1msondi kast\u00e9ly\u00e1ban \u00e9ltek egy ideig. \u00cdrt aforizm\u00e1kat, szimb\u00f3likus mes\u00e9ket, elbesz\u00e9l\u00e9seket, reg\u00e9nyeket, sz\u00ednm\u0171veket. A sz\u00fcrke ruha c. sz\u00ednm\u0171v\u00e9t be\u00admutatta a bp.-i V\u00edgsz\u00ednh\u00e1z (1929; Olaszo.-ban is sz\u00ednre ker\u00fclt), a Cserebog\u00e1r c. darabj\u00e1t a bp.-i Nemzeti Sz\u00ednh\u00e1z (1934). Az \u00dcnnep c. k\u00e9thetenk\u00e9nt megjelen\u0151 k\u00e9pes iro\u00addalmi magazin f\u0151szerk. (1935\u201344). Az \u00daj id\u0151k has\u00e1bjain publik\u00e1lt. Jelent\u0151s r\u00e9sze volt Szendrey J\u00falia napl\u00f3j\u00e1nak \u00e9s \u00edr\u00e1sm\u0171veinek kiad\u00e1s\u00e1ban. Kitelep\u00edtett\u00e9k (1951\u2013), ut\u00f3bb visszat\u00e9rt Bp.-re. Fell\u00e9pett a mv.-i KZST estj\u00e9n J\u00e1ros\u00ed Dezs\u0151, K\u00e1d\u00e1r Imre \u00e9s Makkai S\u00e1ndor t\u00e1rsas\u00e1g\u00e1ban (1928. dec. 2.). \u2013 <strong>F. m.:<\/strong> Mese a szomor\u00fa v\u00e1rosr\u00f3l (elb.; 1916); Majd \u2013 A v\u00e1ros (kisreg., Bp., 1920); Egy \u00e9let (reg.; Bp., 1921); A boldog sziget istene \u00e9s egy\u00e9b elbesz\u00e9l\u00e9sek (Bp., 1925); Impressi\u00f3k (elb.; Bp., 1930); Pitypang (elb.; Bp., 1930); A nagy valami (reg.; Bp., 1934); A kisasszony (reg.; Bp., 1937); Feh\u00e9r lapon fekete k\u00e9pek (elb.; Bp., 1937); Morzs\u00e1k (elb.; Bp., 1938); K\u00e9t asszony k\u00f6z\u00f6tt (reg.; Bp., 1941); Erd\u00e9lyi t\u00f6r\u00adt\u00e9netek (elb.; Bp., 1941); Szomsz\u00e9dok (reg.; Bp., 1942); <strong>antol\u00f3g.:<\/strong> Harcsa a hegyen : vizek, halak, haj\u00f3sok : m. \u00edr\u00f3k novell\u00e1i. ([Bp. ] \u2013 Szeksz\u00e1rd, 2003.); A k\u00e1rtya papjai: [m. \u00edr\u00f3k a k\u00e1rty\u00e1sokr\u00f3l] (Bp., 2004). <br \/><strong>Irod.:<\/strong> Bicsok\u2013Orb\u00e1n; Gudenus; Marosi-KZST; MNB-K; Molter 2.; \u00daM\u00c9L<\/br><\/p>\n","protected":false},"excerpt":{"rendered":"<p>Bp., 1882. aug. 6., \u2020 Bp., 1970. j\u00fan. 7.: \u00edr\u00f3, \u00fajs\u00e1g\u00edr\u00f3. \u2013 B. Andr\u00e1s (1847\u20131898) \u00e9s Mocsonyi L\u00edvia le\u00e1nya. Gr. B. Istv\u00e1n politikus, minisztereln\u00f6k feles\u00e9ge (1901 j\u00fan. 27. \u2013). Gyermekeik: Andr\u00e1s (1902\u2013), Istv\u00e1n (1904\u2013), G\u00e1bor (1906\u2013). F\u00e9rje mez\u0151s\u00e1msondi kast\u00e9ly\u00e1ban \u00e9ltek egy ideig. \u00cdrt aforizm\u00e1kat, szimb\u00f3likus mes\u00e9ket, elbesz\u00e9l\u00e9seket, reg\u00e9nyeket, sz\u00ednm\u0171veket. A sz\u00fcrke ruha c. sz\u00ednm\u0171v\u00e9t be\u00admutatta [&hellip;]<\/p>\n","protected":false},"featured_media":0,"comment_status":"open","ping_status":"closed","template":"","meta":[],"product_brand":[],"product_cat":[137],"product_tag":[],"class_list":{"0":"post-4660","1":"product","2":"type-product","3":"status-publish","5":"product_cat-maros-megyei-eletrajzi-lexikon","7":"first","8":"instock","9":"shipping-taxable","10":"product-type-simple"},"_links":{"self":[{"href":"https:\/\/uj.adatbank.ro\/lexikon\/wp-json\/wp\/v2\/product\/4660","targetHints":{"allow":["GET"]}}],"collection":[{"href":"https:\/\/uj.adatbank.ro\/lexikon\/wp-json\/wp\/v2\/product"}],"about":[{"href":"https:\/\/uj.adatbank.ro\/lexikon\/wp-json\/wp\/v2\/types\/product"}],"replies":[{"embeddable":true,"href":"https:\/\/uj.adatbank.ro\/lexikon\/wp-json\/wp\/v2\/comments?post=4660"}],"wp:attachment":[{"href":"https:\/\/uj.adatbank.ro\/lexikon\/wp-json\/wp\/v2\/media?parent=4660"}],"wp:term":[{"taxonomy":"product_brand","embeddable":true,"href":"https:\/\/uj.adatbank.ro\/lexikon\/wp-json\/wp\/v2\/product_brand?post=4660"},{"taxonomy":"product_cat","embeddable":true,"href":"https:\/\/uj.adatbank.ro\/lexikon\/wp-json\/wp\/v2\/product_cat?post=4660"},{"taxonomy":"product_tag","embeddable":true,"href":"https:\/\/uj.adatbank.ro\/lexikon\/wp-json\/wp\/v2\/product_tag?post=4660"}],"curies":[{"name":"wp","href":"https:\/\/api.w.org\/{rel}","templated":true}]}}