{"id":4661,"date":"2025-06-28T16:49:18","date_gmt":"2025-06-28T14:49:18","guid":{"rendered":"https:\/\/uj.adatbank.ro\/lexikon\/termek\/bethlen-maria-bethleni-gr-foldvari-ferencne-lazar-jozsefne\/"},"modified":"2025-06-28T16:49:18","modified_gmt":"2025-06-28T14:49:18","slug":"bethlen-maria-bethleni-gr-foldvari-ferencne-lazar-jozsefne","status":"publish","type":"product","link":"https:\/\/uj.adatbank.ro\/lexikon\/termek\/bethlen-maria-bethleni-gr-foldvari-ferencne-lazar-jozsefne\/","title":{"rendered":"BETHLEN M\u00e1ria, bethleni gr.; F\u00f6ldv\u00e1ri Ferencn\u00e9; L\u00e1z\u00e1r J\u00f3zsefn\u00e9"},"content":{"rendered":"<p>1763, \u2020\u00a0Mv., 1817. m\u00e1j. 1.: temet\u00e9s. Marosgezse, m\u00e1j. 15.: f\u00f6ldbirtokos. \u2013 B. L\u00e1szl\u00f3 (1729\u20131783. j\u00fan. 11.) \u00e9s losonci B\u00e1nffy Kl\u00e1ra (1730\u20131804) le\u00e1nya. F\u00e9rje: 1. tancsi gr. F\u00f6ldv\u00e1ri Ferenc; 2. gr. L\u00e1z\u00e1r J\u00f3zsef (1804). \u2013 Marosgezs\u00e9n f\u00f6ldbirtokos. <br \/><strong>Irod.:<\/strong> Gudenus; Halotti besz\u00e9dek; Heged\u00fcs Lajos \u00e9s K\u00f6teles S\u00e1muel: Halotti besz\u00e9dek&#8230; (Mv., 1817); Lev\u00e9lt\u00e1ri gy\u00e1szj.; Lukinich<\/br><\/p>\n","protected":false},"excerpt":{"rendered":"<p>1763, \u2020\u00a0Mv., 1817. m\u00e1j. 1.: temet\u00e9s. Marosgezse, m\u00e1j. 15.: f\u00f6ldbirtokos. \u2013 B. L\u00e1szl\u00f3 (1729\u20131783. j\u00fan. 11.) \u00e9s losonci B\u00e1nffy Kl\u00e1ra (1730\u20131804) le\u00e1nya. F\u00e9rje: 1. tancsi gr. F\u00f6ldv\u00e1ri Ferenc; 2. gr. L\u00e1z\u00e1r J\u00f3zsef (1804). \u2013 Marosgezs\u00e9n f\u00f6ldbirtokos. Irod.: Gudenus; Halotti besz\u00e9dek; Heged\u00fcs Lajos \u00e9s K\u00f6teles S\u00e1muel: Halotti besz\u00e9dek&#8230; (Mv., 1817); Lev\u00e9lt\u00e1ri gy\u00e1szj.; Lukinich<\/p>\n","protected":false},"featured_media":0,"comment_status":"open","ping_status":"closed","template":"","meta":[],"product_brand":[],"product_cat":[137],"product_tag":[],"class_list":{"0":"post-4661","1":"product","2":"type-product","3":"status-publish","5":"product_cat-maros-megyei-eletrajzi-lexikon","7":"first","8":"instock","9":"shipping-taxable","10":"product-type-simple"},"_links":{"self":[{"href":"https:\/\/uj.adatbank.ro\/lexikon\/wp-json\/wp\/v2\/product\/4661","targetHints":{"allow":["GET"]}}],"collection":[{"href":"https:\/\/uj.adatbank.ro\/lexikon\/wp-json\/wp\/v2\/product"}],"about":[{"href":"https:\/\/uj.adatbank.ro\/lexikon\/wp-json\/wp\/v2\/types\/product"}],"replies":[{"embeddable":true,"href":"https:\/\/uj.adatbank.ro\/lexikon\/wp-json\/wp\/v2\/comments?post=4661"}],"wp:attachment":[{"href":"https:\/\/uj.adatbank.ro\/lexikon\/wp-json\/wp\/v2\/media?parent=4661"}],"wp:term":[{"taxonomy":"product_brand","embeddable":true,"href":"https:\/\/uj.adatbank.ro\/lexikon\/wp-json\/wp\/v2\/product_brand?post=4661"},{"taxonomy":"product_cat","embeddable":true,"href":"https:\/\/uj.adatbank.ro\/lexikon\/wp-json\/wp\/v2\/product_cat?post=4661"},{"taxonomy":"product_tag","embeddable":true,"href":"https:\/\/uj.adatbank.ro\/lexikon\/wp-json\/wp\/v2\/product_tag?post=4661"}],"curies":[{"name":"wp","href":"https:\/\/api.w.org\/{rel}","templated":true}]}}