{"id":4663,"date":"2025-06-28T16:49:21","date_gmt":"2025-06-28T14:49:21","guid":{"rendered":"https:\/\/uj.adatbank.ro\/lexikon\/termek\/bethlen-mark\/"},"modified":"2025-06-28T16:49:21","modified_gmt":"2025-06-28T14:49:21","slug":"bethlen-mark","status":"publish","type":"product","link":"https:\/\/uj.adatbank.ro\/lexikon\/termek\/bethlen-mark\/","title":{"rendered":"BETHLEN M\u00e1rk"},"content":{"rendered":"<p>1443., \u2020 1473.: f\u00f6ldbirtokos. \u2013 Feles\u00e9ge: losonczi B\u00e1nffy Anna. \u2013 Keresdet Gergely, hal\u00e1la ut\u00e1n \u00f6ccse Jakab, a Bethlen csal\u00e1d \u0151satyja \u00f6r\u00f6k\u00f6lte. Igy a birtok (1325\u20131949-ig az \u00e1llamos\u00edt\u00e1sig a betleni Bethlen csal\u00e1d birtok\u00e1ban volt Keresd, innen vett\u00e9k a keresdi el\u0151nevet is. A g\u00f3tik\u00e1val kevered\u0151 keresdi v\u00e1r, az \u00f6regtorony, a k\u00e1polna \u00e9s kast\u00e9lyegy\u00fcttes t\u00f6bb szakaszban \u00e9p\u00fclt. Als\u00f3 h\u00e1rom szintj\u00e9t M\u00e1rk \u00e9p\u00edttette (1468 k, ). <br \/><strong>Irod.:<\/strong> Bicsok\u2013Orb\u00e1n; Keresztes Gyula: Meg\u00fajul a keresdi v\u00e1rkast\u00e9ly (N\u00fa., 1997. aug. 21.); L\u00e9sty\u00e1n \u2013 templomk; Lukinich<\/br><\/p>\n","protected":false},"excerpt":{"rendered":"<p>1443., \u2020 1473.: f\u00f6ldbirtokos. \u2013 Feles\u00e9ge: losonczi B\u00e1nffy Anna. \u2013 Keresdet Gergely, hal\u00e1la ut\u00e1n \u00f6ccse Jakab, a Bethlen csal\u00e1d \u0151satyja \u00f6r\u00f6k\u00f6lte. Igy a birtok (1325\u20131949-ig az \u00e1llamos\u00edt\u00e1sig a betleni Bethlen csal\u00e1d birtok\u00e1ban volt Keresd, innen vett\u00e9k a keresdi el\u0151nevet is. A g\u00f3tik\u00e1val kevered\u0151 keresdi v\u00e1r, az \u00f6regtorony, a k\u00e1polna \u00e9s kast\u00e9lyegy\u00fcttes t\u00f6bb szakaszban \u00e9p\u00fclt. Als\u00f3 [&hellip;]<\/p>\n","protected":false},"featured_media":0,"comment_status":"open","ping_status":"closed","template":"","meta":[],"product_brand":[],"product_cat":[137],"product_tag":[],"class_list":{"0":"post-4663","1":"product","2":"type-product","3":"status-publish","5":"product_cat-maros-megyei-eletrajzi-lexikon","7":"first","8":"instock","9":"shipping-taxable","10":"product-type-simple"},"_links":{"self":[{"href":"https:\/\/uj.adatbank.ro\/lexikon\/wp-json\/wp\/v2\/product\/4663","targetHints":{"allow":["GET"]}}],"collection":[{"href":"https:\/\/uj.adatbank.ro\/lexikon\/wp-json\/wp\/v2\/product"}],"about":[{"href":"https:\/\/uj.adatbank.ro\/lexikon\/wp-json\/wp\/v2\/types\/product"}],"replies":[{"embeddable":true,"href":"https:\/\/uj.adatbank.ro\/lexikon\/wp-json\/wp\/v2\/comments?post=4663"}],"wp:attachment":[{"href":"https:\/\/uj.adatbank.ro\/lexikon\/wp-json\/wp\/v2\/media?parent=4663"}],"wp:term":[{"taxonomy":"product_brand","embeddable":true,"href":"https:\/\/uj.adatbank.ro\/lexikon\/wp-json\/wp\/v2\/product_brand?post=4663"},{"taxonomy":"product_cat","embeddable":true,"href":"https:\/\/uj.adatbank.ro\/lexikon\/wp-json\/wp\/v2\/product_cat?post=4663"},{"taxonomy":"product_tag","embeddable":true,"href":"https:\/\/uj.adatbank.ro\/lexikon\/wp-json\/wp\/v2\/product_tag?post=4663"}],"curies":[{"name":"wp","href":"https:\/\/api.w.org\/{rel}","templated":true}]}}