{"id":4664,"date":"2025-06-28T16:49:23","date_gmt":"2025-06-28T14:49:23","guid":{"rendered":"https:\/\/uj.adatbank.ro\/lexikon\/termek\/bethlen-mihaly-bethleni\/"},"modified":"2025-06-28T16:49:23","modified_gmt":"2025-06-28T14:49:23","slug":"bethlen-mihaly-bethleni","status":"publish","type":"product","link":"https:\/\/uj.adatbank.ro\/lexikon\/termek\/bethlen-mihaly-bethleni\/","title":{"rendered":"BETHLEN Mih\u00e1ly, bethleni"},"content":{"rendered":"<p>? \u2020\u00a01602: birtokos. \u2013 B. Gy\u00f6rgy \u00e9s Nagyk\u00e1rolyi Kl\u00e1ra fia. \u2013 Folytatta a keresdi \u00e9p\u00edtkez\u00e9seket (1559\u20131598). <br \/><strong>Irod.:<\/strong> Bicsok\u2013Orb\u00e1n; Kov\u00e1cs Andr\u00e1s<\/br><\/p>\n","protected":false},"excerpt":{"rendered":"<p>? \u2020\u00a01602: birtokos. \u2013 B. Gy\u00f6rgy \u00e9s Nagyk\u00e1rolyi Kl\u00e1ra fia. \u2013 Folytatta a keresdi \u00e9p\u00edtkez\u00e9seket (1559\u20131598). Irod.: Bicsok\u2013Orb\u00e1n; Kov\u00e1cs Andr\u00e1s<\/p>\n","protected":false},"featured_media":0,"comment_status":"open","ping_status":"closed","template":"","meta":[],"product_brand":[],"product_cat":[137],"product_tag":[],"class_list":{"0":"post-4664","1":"product","2":"type-product","3":"status-publish","5":"product_cat-maros-megyei-eletrajzi-lexikon","7":"first","8":"instock","9":"shipping-taxable","10":"product-type-simple"},"_links":{"self":[{"href":"https:\/\/uj.adatbank.ro\/lexikon\/wp-json\/wp\/v2\/product\/4664","targetHints":{"allow":["GET"]}}],"collection":[{"href":"https:\/\/uj.adatbank.ro\/lexikon\/wp-json\/wp\/v2\/product"}],"about":[{"href":"https:\/\/uj.adatbank.ro\/lexikon\/wp-json\/wp\/v2\/types\/product"}],"replies":[{"embeddable":true,"href":"https:\/\/uj.adatbank.ro\/lexikon\/wp-json\/wp\/v2\/comments?post=4664"}],"wp:attachment":[{"href":"https:\/\/uj.adatbank.ro\/lexikon\/wp-json\/wp\/v2\/media?parent=4664"}],"wp:term":[{"taxonomy":"product_brand","embeddable":true,"href":"https:\/\/uj.adatbank.ro\/lexikon\/wp-json\/wp\/v2\/product_brand?post=4664"},{"taxonomy":"product_cat","embeddable":true,"href":"https:\/\/uj.adatbank.ro\/lexikon\/wp-json\/wp\/v2\/product_cat?post=4664"},{"taxonomy":"product_tag","embeddable":true,"href":"https:\/\/uj.adatbank.ro\/lexikon\/wp-json\/wp\/v2\/product_tag?post=4664"}],"curies":[{"name":"wp","href":"https:\/\/api.w.org\/{rel}","templated":true}]}}