{"id":4667,"date":"2025-06-28T16:49:32","date_gmt":"2025-06-28T14:49:32","guid":{"rendered":"https:\/\/uj.adatbank.ro\/lexikon\/termek\/bethlen-miklos\/"},"modified":"2025-06-28T16:49:32","modified_gmt":"2025-06-28T14:49:32","slug":"bethlen-miklos","status":"publish","type":"product","link":"https:\/\/uj.adatbank.ro\/lexikon\/termek\/bethlen-miklos\/","title":{"rendered":"BETHLEN Mikl\u00f3s"},"content":{"rendered":"<p>G\u00e1ldt\u0151. 1817 v. 19., \u2020 1900. jan 20.: \u0151rnagy. \u2013 Bethlen Imre (\u20201832) b. t. t., Als\u00f3-Feh\u00e9rmegye f\u0151isp\u00e1nja, \u00e9desanyja Bethlen Roz\u00e1lia fia. Feles\u00e9ge: 1. hilibi Ga\u00e1l Anna (1822\u20131851); le\u00e1nyaik: Roz\u00e1lia, Emma, Anna; 2. Petrichevich-Horv\u00e1th Ida \/ Izid\u00f3ra (1836\u20131877); le\u00e1nyuk: Sarolta. \u2013 Jog\u00e1sz, \u00fajs\u00e1g\u00edr\u00f3, honv\u00e9d-husz\u00e1r \u0151rnagy. \u2013 Tanulm\u00e1nyait (a jogot is) a nagyenyedi \u00e9s kv.-i koll.-ban v\u00e9gezte. J\u00f3zsef n\u00e1dor-husz\u00e1rezredben hadnagy lett (1836\u201340). Megh\u00e1zasodott \u00e9s gazd\u00e1lkod\u00e1sba kezdett: l\u00f3teny\u00e9szt\u00e9ssel \u00e9s l\u00f3keresked\u00e9ssel foglalkozott. K\u00fck\u00fcll\u0151 megyei nemzet\u0151r\u00f6k parancsnoka, k\u00e9s\u0151bb a M\u00e1ty\u00e1s-husz\u00e1rok \u0151rnagy\u00e1v\u00e1, nevezte ki Bem J\u00f3zsef (1848). R\u00e9szt vett 14 \u00fctk\u00f6zetben, ott volt Nagyszeben bev\u00e9tel\u00e9n\u00e9l. K\u00e9s\u0151bb 10 \u00e9vi v\u00e1rfogs\u00e1gra \u00edt\u00e9lt\u00e9k, csal\u00e1dja k\u00f6zbenj\u00e1r\u00e1s\u00e1ra amneszti\u00e1t kapott. Pesten h\u00edrlap\u00edr\u00f3 a br. Kem\u00e9ny Zsigmond szerk.-te Pesti Napl\u00f3n\u00e1l, a F\u0151v\u00e1rosi Lapokn\u00e1l, a Honv\u00e9d lapn\u00e1l (1867\u201370) volt munkat\u00e1rs. \u0151rnagy\u00e1 nevezt\u00e9k ki \u00e9s Mez\u0151t\u00farra k\u00f6lt\u00f6z\u00f6tt. <br \/><strong>Irod.:<\/strong> Kempelen<\/br><\/p>\n","protected":false},"excerpt":{"rendered":"<p>G\u00e1ldt\u0151. 1817 v. 19., \u2020 1900. jan 20.: \u0151rnagy. \u2013 Bethlen Imre (\u20201832) b. t. t., Als\u00f3-Feh\u00e9rmegye f\u0151isp\u00e1nja, \u00e9desanyja Bethlen Roz\u00e1lia fia. Feles\u00e9ge: 1. hilibi Ga\u00e1l Anna (1822\u20131851); le\u00e1nyaik: Roz\u00e1lia, Emma, Anna; 2. Petrichevich-Horv\u00e1th Ida \/ Izid\u00f3ra (1836\u20131877); le\u00e1nyuk: Sarolta. \u2013 Jog\u00e1sz, \u00fajs\u00e1g\u00edr\u00f3, honv\u00e9d-husz\u00e1r \u0151rnagy. \u2013 Tanulm\u00e1nyait (a jogot is) a nagyenyedi \u00e9s kv.-i koll.-ban [&hellip;]<\/p>\n","protected":false},"featured_media":0,"comment_status":"open","ping_status":"closed","template":"","meta":[],"product_brand":[],"product_cat":[137],"product_tag":[],"class_list":{"0":"post-4667","1":"product","2":"type-product","3":"status-publish","5":"product_cat-maros-megyei-eletrajzi-lexikon","7":"first","8":"instock","9":"shipping-taxable","10":"product-type-simple"},"_links":{"self":[{"href":"https:\/\/uj.adatbank.ro\/lexikon\/wp-json\/wp\/v2\/product\/4667","targetHints":{"allow":["GET"]}}],"collection":[{"href":"https:\/\/uj.adatbank.ro\/lexikon\/wp-json\/wp\/v2\/product"}],"about":[{"href":"https:\/\/uj.adatbank.ro\/lexikon\/wp-json\/wp\/v2\/types\/product"}],"replies":[{"embeddable":true,"href":"https:\/\/uj.adatbank.ro\/lexikon\/wp-json\/wp\/v2\/comments?post=4667"}],"wp:attachment":[{"href":"https:\/\/uj.adatbank.ro\/lexikon\/wp-json\/wp\/v2\/media?parent=4667"}],"wp:term":[{"taxonomy":"product_brand","embeddable":true,"href":"https:\/\/uj.adatbank.ro\/lexikon\/wp-json\/wp\/v2\/product_brand?post=4667"},{"taxonomy":"product_cat","embeddable":true,"href":"https:\/\/uj.adatbank.ro\/lexikon\/wp-json\/wp\/v2\/product_cat?post=4667"},{"taxonomy":"product_tag","embeddable":true,"href":"https:\/\/uj.adatbank.ro\/lexikon\/wp-json\/wp\/v2\/product_tag?post=4667"}],"curies":[{"name":"wp","href":"https:\/\/api.w.org\/{rel}","templated":true}]}}

BETHLEN Miklós

<p>Gáldtő. 1817 v. 19., † 1900. jan 20.: őrnagy. – Bethlen Imre (†1832) b. t. t., Alsó-Fehérmegye főispánja, édesanyja Bethlen Rozália fia. Felesége: 1. hilibi Gaál Anna (1822–1851); leányaik: Rozália, Emma, Anna; 2. Petrichevich-Horváth Ida / Izidóra (1836–1877); leányuk: Sarolta. – Jogász, újságíró, honvéd-huszár őrnagy. – Tanulmányait (a jogot is) a nagyenyedi és kv.-i koll.-ban végezte. József nádor-huszárezredben hadnagy lett (1836–40). Megházasodott és gazdálkodásba kezdett: lótenyésztéssel és lókereskedéssel foglalkozott. Küküllő megyei nemzetőrök parancsnoka, később a Mátyás-huszárok őrnagyává, nevezte ki Bem József (1848). Részt vett 14 ütközetben, ott volt Nagyszeben bevételénél. Később 10 évi várfogságra ítélték, családja közbenjárására amnesztiát kapott. Pesten hírlapíró a br. Kemény Zsigmond szerk.-te Pesti Naplónál, a Fővárosi Lapoknál, a Honvéd lapnál (1867–70) volt munkatárs. őrnagyá nevezték ki és Mezőtúrra költözött. <br /><strong>Irod.:</strong> Kempelen</br></p>

<p>Gáldtő. 1817 v. 19., † 1900. jan 20.: őrnagy. – Bethlen Imre (†1832) b. t. t., Alsó-Fehérmegye főispánja, édesanyja Bethlen Rozália fia. Felesége: 1. hilibi Gaál Anna (1822–1851); leányaik: Rozália, Emma, Anna; 2. Petrichevich-Horváth Ida / Izidóra (1836–1877); leányuk: Sarolta. – Jogász, újságíró, honvéd-huszár őrnagy. – Tanulmányait (a jogot is) a nagyenyedi és kv.-i koll.-ban [&hellip;]</p>
