{"id":4668,"date":"2025-06-28T16:49:34","date_gmt":"2025-06-28T14:49:34","guid":{"rendered":"https:\/\/uj.adatbank.ro\/lexikon\/termek\/bethlen-miklos-%c2%a7-bethleni-gr\/"},"modified":"2025-06-28T16:49:34","modified_gmt":"2025-06-28T14:49:34","slug":"bethlen-miklos-%c2%a7-bethleni-gr","status":"publish","type":"product","link":"https:\/\/uj.adatbank.ro\/lexikon\/termek\/bethlen-miklos-%c2%a7-bethleni-gr\/","title":{"rendered":"BETHLEN Mikl\u00f3s, \u00a7 , bethleni gr."},"content":{"rendered":"<p>1720., \u2020\u00a0Szeben, 1781. szept. 21.: kincst\u00e1rnok, kancell\u00e1r. \u2013 B. \u00c1d\u00e1m (1691\u20131748) \u00e9s gr. B\u00e1nffy Kl\u00e1ra (1693\u20131767) fia. Feles\u00e9ge: k\u0151r\u00f6sszegi \u00e9s adorj\u00e1ni gr. Cs\u00e1ky Katalin. L\u00e1nyuk: Roz\u00e1lia. \u2013 Katoliz\u00e1lt. Fogarasi f\u0151kapit\u00e1ny, K\u00fck\u00fcll\u0151 vm.-i f\u0151isp\u00e1n, kamar\u00e1s (1751), guberniumi \u00e9s udvari kamarai tan\u00e1csos (1760), guberniumi tartom\u00e1nyi f\u0151biztos (1761), kincstart\u00f3s\u00e1g ideiglenes eln\u00f6ke (1767), erd\u00e9lyi kincstart\u00f3 (1772), a rendek orsz\u00e1gos eln\u00f6ke (1777). Tev\u00e9keny szerepe volt a sz\u00e9kely hat\u00e1r\u0151rs\u00e9g megszervez\u00e9s\u00e9ben. A hat\u00e1r\u0151rs\u00e9g szervez\u00e9se miatt el\u00e9gedetlen sz\u00e9kelyek lecsendes\u00edt\u00e9s\u00e9re k\u00fcldt\u00e9k (1763). Sz\u00f3sz\u00e9ket aj\u00e1nd\u00e9kozott a mv.-i f\u0151t\u00e9ri Keresztel\u0151 Szent J\u00e1nos pl\u00e9b\u00e1nia templom\u00e1nak, Anton Schuchbauer \u00e9s Johannes Nachtigal m\u0171ve (1757 v. 1763). A b\u00e9csi udvar felt\u00e9tlen h\u00edve volt. Bethlen Kata fejedelemasszony hal\u00e1la ut\u00e1n (1725), a radn\u00f3ti v\u00e1rkast\u00e9ly a kincst\u00e1r tulajdon\u00e1ba ker\u00fclt, ezt szerezte meg (1758.). Itt \u00e9p\u00fclt a B. csal\u00e1d k\u00edgy\u00f3s c\u00edmer\u00e9vel d\u00edsz\u00edtett K\u00edgy\u00f3s-h\u00e1z, a kast\u00e9ly \u00faj \u00e9p\u00fclete (18. sz. m\u00e1sodik fele), ami le\u00e9gett (1802), resataur\u00e1lt\u00e1k (1960-as \u00e9vekben) \u00e9s eml\u00e9km\u00fazeumm\u00e1 alak\u00edtott\u00e1k. A radn\u00f3ti uradalom a bethleni B. csal\u00e1d birtok\u00e1ban maradt (1885-ig). Majd gr. Haller Jen\u0151 birtok\u00e1ba ker\u00fclt. K\u00fck\u00fcll\u0151v\u00e1r \u00e9s a v\u00e1ralm\u00e1si birtok \u00e9s k\u00faria tulajdonosa. <br \/><strong>Irod.:<\/strong> \u00c1ll\u00f3 \u00e9s mozg\u00f3k\u00e9pek; \u00c1rva Bethlen K.; Bozac-Pavel; Fekete; Id\u0151t\u00e1r 1; Kazinczy Ferenc: Erd\u00e9lyi levelek (Bp., 1944); Kov\u00e1cs Andr\u00e1s: A radn\u00f3ti v\u00e1rkast\u00e9ly (Kv., 1994); Lev\u00e9lt\u00e1ri gy\u00e1szj.<\/br><\/p>\n","protected":false},"excerpt":{"rendered":"<p>1720., \u2020\u00a0Szeben, 1781. szept. 21.: kincst\u00e1rnok, kancell\u00e1r. \u2013 B. \u00c1d\u00e1m (1691\u20131748) \u00e9s gr. B\u00e1nffy Kl\u00e1ra (1693\u20131767) fia. Feles\u00e9ge: k\u0151r\u00f6sszegi \u00e9s adorj\u00e1ni gr. Cs\u00e1ky Katalin. L\u00e1nyuk: Roz\u00e1lia. \u2013 Katoliz\u00e1lt. Fogarasi f\u0151kapit\u00e1ny, K\u00fck\u00fcll\u0151 vm.-i f\u0151isp\u00e1n, kamar\u00e1s (1751), guberniumi \u00e9s udvari kamarai tan\u00e1csos (1760), guberniumi tartom\u00e1nyi f\u0151biztos (1761), kincstart\u00f3s\u00e1g ideiglenes eln\u00f6ke (1767), erd\u00e9lyi kincstart\u00f3 (1772), a rendek orsz\u00e1gos [&hellip;]<\/p>\n","protected":false},"featured_media":0,"comment_status":"open","ping_status":"closed","template":"","meta":[],"product_brand":[],"product_cat":[137],"product_tag":[],"class_list":{"0":"post-4668","1":"product","2":"type-product","3":"status-publish","5":"product_cat-maros-megyei-eletrajzi-lexikon","7":"first","8":"instock","9":"shipping-taxable","10":"product-type-simple"},"_links":{"self":[{"href":"https:\/\/uj.adatbank.ro\/lexikon\/wp-json\/wp\/v2\/product\/4668","targetHints":{"allow":["GET"]}}],"collection":[{"href":"https:\/\/uj.adatbank.ro\/lexikon\/wp-json\/wp\/v2\/product"}],"about":[{"href":"https:\/\/uj.adatbank.ro\/lexikon\/wp-json\/wp\/v2\/types\/product"}],"replies":[{"embeddable":true,"href":"https:\/\/uj.adatbank.ro\/lexikon\/wp-json\/wp\/v2\/comments?post=4668"}],"wp:attachment":[{"href":"https:\/\/uj.adatbank.ro\/lexikon\/wp-json\/wp\/v2\/media?parent=4668"}],"wp:term":[{"taxonomy":"product_brand","embeddable":true,"href":"https:\/\/uj.adatbank.ro\/lexikon\/wp-json\/wp\/v2\/product_brand?post=4668"},{"taxonomy":"product_cat","embeddable":true,"href":"https:\/\/uj.adatbank.ro\/lexikon\/wp-json\/wp\/v2\/product_cat?post=4668"},{"taxonomy":"product_tag","embeddable":true,"href":"https:\/\/uj.adatbank.ro\/lexikon\/wp-json\/wp\/v2\/product_tag?post=4668"}],"curies":[{"name":"wp","href":"https:\/\/api.w.org\/{rel}","templated":true}]}}

BETHLEN Miklós, § , bethleni gr.

<p>1720., † Szeben, 1781. szept. 21.: kincstárnok, kancellár. – B. Ádám (1691–1748) és gr. Bánffy Klára (1693–1767) fia. Felesége: kőrösszegi és adorjáni gr. Csáky Katalin. Lányuk: Rozália. – Katolizált. Fogarasi főkapitány, Küküllő vm.-i főispán, kamarás (1751), guberniumi és udvari kamarai tanácsos (1760), guberniumi tartományi főbiztos (1761), kincstartóság ideiglenes elnöke (1767), erdélyi kincstartó (1772), a rendek országos elnöke (1777). Tevékeny szerepe volt a székely határőrség megszervezésében. A határőrség szervezése miatt elégedetlen székelyek lecsendesítésére küldték (1763). Szószéket ajándékozott a mv.-i főtéri Keresztelő Szent János plébánia templomának, Anton Schuchbauer és Johannes Nachtigal műve (1757 v. 1763). A bécsi udvar feltétlen híve volt. Bethlen Kata fejedelemasszony halála után (1725), a radnóti várkastély a kincstár tulajdonába került, ezt szerezte meg (1758.). Itt épült a B. család kígyós címerével díszített Kígyós-ház, a kastély új épülete (18. sz. második fele), ami leégett (1802), resataurálták (1960-as években) és emlékmúzeummá alakították. A radnóti uradalom a bethleni B. család birtokában maradt (1885-ig). Majd gr. Haller Jenő birtokába került. Küküllővár és a váralmási birtok és kúria tulajdonosa. <br /><strong>Irod.:</strong> Álló és mozgóképek; Árva Bethlen K.; Bozac-Pavel; Fekete; Időtár 1; Kazinczy Ferenc: Erdélyi levelek (Bp., 1944); Kovács András: A radnóti várkastély (Kv., 1994); Levéltári gyászj.</br></p>

<p>1720., † Szeben, 1781. szept. 21.: kincstárnok, kancellár. – B. Ádám (1691–1748) és gr. Bánffy Klára (1693–1767) fia. Felesége: kőrösszegi és adorjáni gr. Csáky Katalin. Lányuk: Rozália. – Katolizált. Fogarasi főkapitány, Küküllő vm.-i főispán, kamarás (1751), guberniumi és udvari kamarai tanácsos (1760), guberniumi tartományi főbiztos (1761), kincstartóság ideiglenes elnöke (1767), erdélyi kincstartó (1772), a rendek országos [&hellip;]</p>
