{"id":4669,"date":"2025-06-28T16:49:38","date_gmt":"2025-06-28T14:49:38","guid":{"rendered":"https:\/\/uj.adatbank.ro\/lexikon\/termek\/bethlen-miklos-bethleni\/"},"modified":"2025-06-28T16:49:38","modified_gmt":"2025-06-28T14:49:38","slug":"bethlen-miklos-bethleni","status":"publish","type":"product","link":"https:\/\/uj.adatbank.ro\/lexikon\/termek\/bethlen-miklos-bethleni\/","title":{"rendered":"BETHLEN Mikl\u00f3s, bethleni"},"content":{"rendered":"<p>1468., \u2020 1520. febr. 24. el\u0151tt: bonyhai f\u00f6ldbirtokos, kapit\u00e1ny. \u2013 B. M\u00e1rk (1443\u20131473) \u00e9s B\u00e1nffy Anna fia. Feles\u00e9ge almosdi Chyre Margit. Gyermekeik: Vit\u00e1lis, J\u00e1nos, Farkas (\u20201557 k.), Katalin (1501-?), Erzs\u00e9bet (1501\u20131545). \u2013 Fiatal kor\u00e1ban M\u00e1ty\u00e1s sereg\u00e9ben szolg\u00e1lt, majd Retz ausztriai v\u00e1ros kapit\u00e1nya (1490). Erd\u00e9lyi birtokos. A segesv\u00e1ri domonkosoknak telkeket \u00e9s H\u00e9turban halastavakat adom\u00e1nyozott (1499), a segesv\u00e1ri domonkos templom Szent Kereszt olt\u00e1r\u00e1nak ez\u00fcst kelyhet (1498) \u00e9s m\u00e1s egyh\u00e1zi t\u00e1rgyakat aj\u00e1nd\u00e9kozott. Gog\u00e1nv\u00e1ralj\u00e1t kapta (1501-03), a v\u00e1r ura, a gog\u00e1nv\u00e1raljai templomban fesett kazett\u00e1s mennyezetet csin\u00e1ltatott Ez a bp.-i Sz\u00e9pm\u0171v\u00e9szeti M\u00fazeumba ker\u00fclt (1903). A bonyha kast\u00e9ly \u00e9s uradalom tulajdonosa (1511\u2013). Ezt a romos \u00e1llapotba. ker\u00fclt \u00e9p\u00fcletet a reform\u00e1tus egyh\u00e1z \u00faj\u00edtotta fel (2023). Hozz\u00e1tartozott Bern\u00e1rd, Cikm\u00e1ntor, D\u00e1nya, Magyarkir\u00e1lyfalva, Ol\u00e1hsolymos, Sz\u00e1szcs\u00e1v\u00e1s, Sz\u00e1sz\u00f6rm\u00e9nyes, Sz\u00e1szszentl\u00e1szl\u00f3. A r\u00e9gi kast\u00e9lyt a losonci Dezs\u0151fiek \u00e9p\u00edtett\u00e9k (1495- tudunk r\u00f3la). A b\u00fani birtokot egy ismeretlen nagys\u00e1g\u00fa \u00e9s \u00e1llapot\u00fa v\u00e1rral egy\u00fctt jutott a birtok\u00e1ba (1501) megegyez\u00e9s alapj\u00e1n. <br \/><strong>Irod.:<\/strong> Balogh Jol\u00e1n 1943; Bicsok\u2013Orb\u00e1n; Kelemen Lajos 2006; L\u00e9sty\u00e1n \u2013 templomok; Lukinich<\/br><\/p>\n","protected":false},"excerpt":{"rendered":"<p>1468., \u2020 1520. febr. 24. el\u0151tt: bonyhai f\u00f6ldbirtokos, kapit\u00e1ny. \u2013 B. M\u00e1rk (1443\u20131473) \u00e9s B\u00e1nffy Anna fia. Feles\u00e9ge almosdi Chyre Margit. Gyermekeik: Vit\u00e1lis, J\u00e1nos, Farkas (\u20201557 k.), Katalin (1501-?), Erzs\u00e9bet (1501\u20131545). \u2013 Fiatal kor\u00e1ban M\u00e1ty\u00e1s sereg\u00e9ben szolg\u00e1lt, majd Retz ausztriai v\u00e1ros kapit\u00e1nya (1490). Erd\u00e9lyi birtokos. A segesv\u00e1ri domonkosoknak telkeket \u00e9s H\u00e9turban halastavakat adom\u00e1nyozott (1499), a [&hellip;]<\/p>\n","protected":false},"featured_media":0,"comment_status":"open","ping_status":"closed","template":"","meta":[],"product_brand":[],"product_cat":[137],"product_tag":[],"class_list":{"0":"post-4669","1":"product","2":"type-product","3":"status-publish","5":"product_cat-maros-megyei-eletrajzi-lexikon","7":"first","8":"instock","9":"shipping-taxable","10":"product-type-simple"},"_links":{"self":[{"href":"https:\/\/uj.adatbank.ro\/lexikon\/wp-json\/wp\/v2\/product\/4669","targetHints":{"allow":["GET"]}}],"collection":[{"href":"https:\/\/uj.adatbank.ro\/lexikon\/wp-json\/wp\/v2\/product"}],"about":[{"href":"https:\/\/uj.adatbank.ro\/lexikon\/wp-json\/wp\/v2\/types\/product"}],"replies":[{"embeddable":true,"href":"https:\/\/uj.adatbank.ro\/lexikon\/wp-json\/wp\/v2\/comments?post=4669"}],"wp:attachment":[{"href":"https:\/\/uj.adatbank.ro\/lexikon\/wp-json\/wp\/v2\/media?parent=4669"}],"wp:term":[{"taxonomy":"product_brand","embeddable":true,"href":"https:\/\/uj.adatbank.ro\/lexikon\/wp-json\/wp\/v2\/product_brand?post=4669"},{"taxonomy":"product_cat","embeddable":true,"href":"https:\/\/uj.adatbank.ro\/lexikon\/wp-json\/wp\/v2\/product_cat?post=4669"},{"taxonomy":"product_tag","embeddable":true,"href":"https:\/\/uj.adatbank.ro\/lexikon\/wp-json\/wp\/v2\/product_tag?post=4669"}],"curies":[{"name":"wp","href":"https:\/\/api.w.org\/{rel}","templated":true}]}}

BETHLEN Miklós, bethleni

<p>1468., † 1520. febr. 24. előtt: bonyhai földbirtokos, kapitány. – B. Márk (1443–1473) és Bánffy Anna fia. Felesége almosdi Chyre Margit. Gyermekeik: Vitális, János, Farkas (†1557 k.), Katalin (1501-?), Erzsébet (1501–1545). – Fiatal korában Mátyás seregében szolgált, majd Retz ausztriai város kapitánya (1490). Erdélyi birtokos. A segesvári domonkosoknak telkeket és Héturban halastavakat adományozott (1499), a segesvári domonkos templom Szent Kereszt oltárának ezüst kelyhet (1498) és más egyházi tárgyakat ajándékozott. Gogánváralját kapta (1501-03), a vár ura, a gogánváraljai templomban fesett kazettás mennyezetet csináltatott Ez a bp.-i Szépművészeti Múzeumba került (1903). A bonyha kastély és uradalom tulajdonosa (1511–). Ezt a romos állapotba. került épületet a református egyház újította fel (2023). Hozzátartozott Bernárd, Cikmántor, Dánya, Magyarkirályfalva, Oláhsolymos, Szászcsávás, Szászörményes, Szászszentlászló. A régi kastélyt a losonci Dezsőfiek építették (1495- tudunk róla). A búni birtokot egy ismeretlen nagyságú és állapotú várral együtt jutott a birtokába (1501) megegyezés alapján. <br /><strong>Irod.:</strong> Balogh Jolán 1943; Bicsok–Orbán; Kelemen Lajos 2006; Léstyán – templomok; Lukinich</br></p>

<p>1468., † 1520. febr. 24. előtt: bonyhai földbirtokos, kapitány. – B. Márk (1443–1473) és Bánffy Anna fia. Felesége almosdi Chyre Margit. Gyermekeik: Vitális, János, Farkas (†1557 k.), Katalin (1501-?), Erzsébet (1501–1545). – Fiatal korában Mátyás seregében szolgált, majd Retz ausztriai város kapitánya (1490). Erdélyi birtokos. A segesvári domonkosoknak telkeket és Héturban halastavakat adományozott (1499), a [&hellip;]</p>
