{"id":4670,"date":"2025-06-28T16:49:39","date_gmt":"2025-06-28T14:49:39","guid":{"rendered":"https:\/\/uj.adatbank.ro\/lexikon\/termek\/bethlen-miklos-bethleni-gr\/"},"modified":"2025-06-28T16:49:39","modified_gmt":"2025-06-28T14:49:39","slug":"bethlen-miklos-bethleni-gr","status":"publish","type":"product","link":"https:\/\/uj.adatbank.ro\/lexikon\/termek\/bethlen-miklos-bethleni-gr\/","title":{"rendered":"BETHLEN Mikl\u00f3s, bethleni gr."},"content":{"rendered":"<p>Kisb\u00fan, 1642. szept. 1., \u2020 B\u00e9cs, 1716. okt. 27., B\u00e9csben temett\u00e9k el: eml\u00e9k\u00edr\u00f3, politikus, erd\u00e9lyi kancell\u00e1r. \u2013 B. J\u00e1nos (1613\u20131678) kancell\u00e1r, t\u00f6rt\u00e9net\u00edr\u00f3 \u00e9s V\u00e1radi Borb\u00e1la (\u20201661) fia. Feles\u00e9ge: 1. K\u00fan Ilona (1646\u20131685), le\u00e1nyuk Zs\u00f3fia (1670\u201373). 2. Rh\u00e9dey J\u00falia (1669\u20131716), h\u00e1zass\u00e1g (1686. febr. 8). A k\u00e9t h\u00e1zass\u00e1g\u00e1b\u00f3l 11 gyermeke sz\u00fcletett, csak k\u00e9t fi\u00fa ut\u00f3ddal: Mih\u00e1ly (1673\u20131706) \u00e9s J\u00f3zsef (1700\u20131742). \u2013 Tanulm\u00e1nyait Gyulafeh\u00e9rv\u00e1ron, Kereszt\u00fari P\u00e1lnak tan\u00edtv\u00e1nya (1652\u201357), \u00e9s Kv.-on a koll.-ban v\u00e9gezte (1658\u201359), ahol Ap\u00e1czai Csere J\u00e1nos tan\u00edtv\u00e1nya volt, aki nagy hat\u00e1ssal volt r\u00e1; Heidelbergben (1661), Utrechtben (1662), Leidenben \u00e9s Franekerben (1663) egyetemi tanulm\u00e1nyokat folytatott: t\u00f6rt\u00e9nelmet, filoz\u00f3fi\u00e1t, teol\u00f3gi\u00e1t, irodalmat \u00e9s filo\u00adl\u00f3gi\u00e1t tanult, majd Londonban tart\u00f3zkodott, beutazta Franciao.-t (1664), Olaszo.-ban nyelvet \u00e9s \u00e9p\u00edt\u00e9szetet is tanult. Francia diplom\u00e1ciai megb\u00edzat\u00e1ssal t\u00e9rt haza (1664. nov. \u2013), r\u00e9szt vett a gr. Zr\u00ednyi Mikl\u00f3s hal\u00e1l\u00e1val v\u00e9gz\u0151d\u00f6tt vad\u00e1\u00adszaton, melyet \u00f6n\u00e9letrajz\u00e1ban is meg\u00f6r\u00f6k\u00edtett. Diplom\u00e1ciai megb\u00edzat\u00e1st teljes\u00edtett Velenc\u00e9ben \u00e9s B\u00e9csben (1665\u2013). Kora legm\u0171veltebb erd\u00e9lyi \u00e1llamf\u00e9rfija volt. Hazat\u00e9r\u00e9se ut\u00e1n r\u00e9sztvett Erd\u00e9ly politikai \u00e9s gazdas\u00e1gi \u00e9let\u00e9ben. Udvarhelysz\u00e9k f\u0151kapit\u00e1nyak\u00e9nt (1667\u201377) bethlenszentmikl\u00f3si birtok\u00e1n \u00e9lt, ahol maga tervei alapj\u00e1n \u00e9p\u00edttette a k\u00e9s\u0151 renesz\u00e1nsz st\u00edlus\u00fa kast\u00e9lyt (1668\u201373), vajdaszentiv\u00e1nyi r\u00e9szbirtokot kapott (1668). Tagja lett az erd\u00e9lyi ogy.-nek (1668\u2013). Nem birta teljesen Apafi bizalm\u00e1t, apj\u00e1val B. J\u00e1nossal egy\u00fctt belekeveredett a B\u00e9ldi-f\u00e9le \u00f6sszeesk\u00fcv\u00e9sbe, ez\u00e9rt Teleki Mih\u00e1ly parancs\u00e1ra Fogaras v\u00e1r\u00e1ban raboskodott (1676. \u00e1pr. 23. \u2013 1677. m\u00e1rc. 31.). Elvesztette f\u0151kapit\u00e1nyi tiszts\u00e9g\u00e9t, kiesett a fejedelem kegyeib\u0151l egy \u00e9vtizedig. Th\u00f6k\u00f6ly-hadj\u00e1rat\u00e1ban f\u0151str\u00e1zsamester (1681\u2013), majd gener\u00e1lis; K\u0151v\u00e1r kapit\u00e1nya (1683\u2013), a fejedelmi tan\u00e1cs tagja, t\u00e1bla \u00fcln\u00f6ke (1686\u2013), tagja a deput\u00e1ci\u00f3nak (1685\u201390); titkos tan\u00e1csos (1689\u2013). Gr. Teleki Mih\u00e1ly hal\u00e1la ut\u00e1n (1690), Erd\u00e9ly vezet\u0151 \u00e1llamf\u00e9rfia, f\u0151kancell\u00e1rja lett (1691\u20131704). M\u00e1ramarosv\u00e1rmegye f\u0151isp\u00e1nja (1691\u20131716), b\u00e1r fogs\u00e1gba ker\u00fclt (1704\u2013), f\u0151isp\u00e1ns\u00e1g\u00e1r\u00f3l nem mondott le, helyettese Pekry L\u0151rinc volt. Erd\u00e9ly sors\u00e1t \u00e9rint\u0151 reformtervezetet dolgozott ki (Moribunda Transsylvaniae ad pedes augusti imperatoris Leopoldi proiecta c.), eml\u00e9kiratot ny\u00fajtott be a b\u00e9csi ud\u00advarnak, amely cs\u00e1sz\u00e1ri j\u00f3v\u00e1hagy\u00e1st nyert (1691. dec. 4.), \u00e9s alapj\u00e1ul szolg\u00e1lt az \u00e1ltala kieszk\u00f6z\u00f6lt Diploma Leopoldiumnak, Lip\u00f3ti diplom\u00e1nak (1691). Ez a Habsburg birodalomba illeszked\u00e9s legkedvez\u0151bb felt\u00e9teleit kereste Erd\u00e9ly sz\u00e1m\u00e1ra, a k\u00f6z\u00e9let alapjait fektette le sz\u00e1z\u00f6tven \u00e9vre, a Diploma Leopoldinum, biztos\u00edtotta Erd\u00e9ly bels\u0151 auton\u00f3mi\u00e1j\u00e1t, bel\u00fcgyeit a Gubernium int\u00e9zte, \u00e9l\u00e9n a gubern\u00e1torral, biztos\u00edtotta a vall\u00e1sszabads\u00e1got, ami a prot. egyh\u00e1zak helyzet\u00e9n k\u00f6nny\u00edtett. K\u00f6zgazdas\u00e1gi javaslatai is voltak. Felismerte az ipar, a kereskedelem \u00e9s a szakk\u00e9pz\u00e9s fejleszt\u00e9s\u00e9nek fontoss\u00e1g\u00e1t, l\u00e1tta a a kereskedelmi oktat\u00e1s bevezet\u00e9s\u00e9nek sz\u00fcks\u00e9gess\u00e9g\u00e9t (1701), de ez csak M\u00e1ria Ter\u00e9zia idej\u00e9n val\u00f3sulhatott meg (1771). Gondnoka volt a kv.-i \u00e9s enyedi koll.-oknak; megalap\u00edtotta az Udvarhelysz\u00e9ki gimn.-ot. B\u0151kez\u0171en t\u00e1mo\u00adgatta az erd\u00e9lyi m. ref. isk.-kat, az erd\u00e9lyi ref. egyh\u00e1z vil\u00e1gi gondnoka volt. M. Kis Mikl\u00f3s t\u00f6rekv\u00e9seinek egyik legf\u0151bb t\u00e1mogat\u00f3ja. Leopoldium diplom\u00e1\u00e9rt I. Lip\u00f3tt\u00f3l lesz\u00e1rmazottaival egy\u00fctt gr\u00f3fi c\u00edmet (1696. febr. 23.) kapott \u00e9s ezt kiterjesztett\u00e9k az ikt\u00e1ri Bethlen-\u00e1g f\u00e9rfi tagjaira is. M\u00e1ramaros v\u00e1rmegyei \u00f6r\u00f6k\u00f6s f\u0151isp\u00e1ns\u00e1got is kapott. A R\u00e1k\u00f3czi-szabads\u00e1gharc idej\u00e9n Erd\u00e9lynek az uralkod\u00f3h\u00e1z h\u0171s\u00e9g\u00e9ben val\u00f3 megtart\u00e1sa \u00e9rde\u00adk\u00e9ben r\u00f6piratot sz\u00f6vegezett, Columba Noe cum ramo olivae sive (H\u00e1ga, 1704), amit Hollandia b\u00e9csi k\u00f6vet\u00e9hez akart eljuttatni. Level\u00e9t azonban Rabutin cs\u00e1sz\u00e1ri gener\u00e1lis elfogta, elt\u00e1vol\u00edtott\u00e1k kancell\u00e1ri tiszt\u00e9b\u0151l (1704. m\u00e1j. 5.), letart\u00f3ztatt\u00e1k (1704. j\u00fan. 19.), pert ind\u00edtottak ellene, Szebenben \u0151rizt\u00e9k, s B\u00e9csbe sz\u00e1ll\u00edtott\u00e1k (1708. m\u00e1j. \u2013). \u00datban B\u00e9cs fel\u00e9, Esz\u00e9ken kezdte \u00edrni \u00d6n\u00e9let\u00edr\u00e1s\u00e1t \u00e9s a b\u00e9csi fogs\u00e1ga alatt fejezte be (1710) \u00e9s imak\u00f6nyvet is \u00edrt mag\u00e1nak. \u00d6n\u00e9let\u00edr\u00e1sa egyar\u00e1nt irodalmi remekm\u0171 \u00e9s t\u00f6rt\u00e9nelmi forr\u00e1s a korabeli \u00e9letviszonyokra vonatkoz\u00f3an is. Im\u00e1ds\u00e1gosk\u00f6nyve t\u00f6bb mint imak\u00f6nyv, mert elm\u00e9lkedik benne saj\u00e1t \u00e9s csal\u00e1dja, valamint Erd\u00e9ly sors\u00e1r\u00f3l, elpanaszolja h\u00e1nyattat\u00e1sait, fogs\u00e1\u00adgait \u00e9s az orsz\u00e1g tragikus sors\u00e1t. B\u00e9csi k\u00e9nyszerlakhelyre \u00edt\u00e9lt\u00e9k (1712 febr. \u2013). Szabadon engedt\u00e9k (1716), de Erd\u00e9lybe soha t\u00f6bb\u00e9 nem t\u00e9rhetett vissza. \u2013 <strong>F. m.:<\/strong> Justi de palma, Florentini, Austriace Austeritatis, ejusdemque continuationis confirmatio =A firenzei Justi de Palma, az ausztriai kegyetlens\u00e9g folytat\u00f3d\u00e1s\u00e1nak bizonyit\u00e1sa. (Kv., 1673); Columba Noe cum ramo olivae sive (H\u00e1ga, 1704); M\u00e9moires historique contenant l\u2019histoire des derniers troubles de Transilvanie (Amsterdam, 1736; m. \u2013ul 1804; B. M. eml\u00e9krajzai; Toldi Ferenc; Bp., 1864); Gr\u00f3f B. M. \u00d6n\u00e9let\u00edr\u00e1sa, 1\u20132. (Kiad. Szalay L\u00e1szl\u00f3; Pest, 1858\u201360; Buk., 1970); B. M. rabs\u00e1gban \u00edrt eml\u00e9kiratai, im\u00e1ds\u00e1gai 1704\u20131714. (Kiad. Sz\u00e1deczky Lajos; Bp., 1923); Bethlen Mikl\u00f3s \u00d6n\u00e9let\u00edr\u00e1sa (Bp., 1955; Buk., 1970); Kem\u00e9ny J\u00e1nos \u00e9s Bethlen Mikl\u00f3s m\u0171vei (Bratislava; Bp., 1980); Bethlen Mikl\u00f3s levelei, (1657\u20131698). 1\u20132. (kiad. Jankovics J\u00f3zsef; Bp., 1987); The Autobiography of Mikl\u00f3s Bethlen (translated by Bernard Adams; London-New-York-Bahrain, 2004); <strong>antol\u00f3g.:<\/strong> B. M. \u00e9lete = Erd\u00e9ly \u00f6r\u00f6ks\u00e9ge, 6; A magyar P\u00e1rizs (Bp., 1978); Magyar gondolkod\u00f3k: 17. sz\u00e1zad (Bp., 1979); Pages choisies de la litt\u00e9rature Hongroise des origines au milieu du XVIIIe siecle (Bp., 1981); Old Hungarian literary reader: 11th \u2013 18th centuries (Bp., 1985); Magvet\u0151: a magyar irodalom \u00e9l\u0151 k\u00f6nyve (Bp., 1992); Magyar irodalom a kezdetekt\u0151l Kisfaludi S\u00e1ndorig (\u00f6ssze\u00e1ll\u00edt. K. Jakab Antal; Kv., 1999); \u00c9lete le\u00edr\u00e1sa mag\u00e1t\u00f3l = Muribunda Trans. <br \/><strong>Irod.:<\/strong> \u00c1ll\u00f3- \u00e9s mozg\u00f3k\u00e9pek; \u00c1rva Bethlen K. Benk\u0151 K.: Mv.; Czirj\u00e1k 3; Csekonics; Erd\u00e9lyi f\u00e9niks; F\u00e9ja; Ga\u00e1l 2001; G\u00e1ldi L\u00e1szl\u00f3: Siebenb\u00fcrgen im Aufbau der ungarischen Kultur (Bp.-Leipzig-Milano, s. a.); Gy\u00e1rf\u00e1s Elem\u00e9r: Bethlen Mikl\u00f3s kancell\u00e1r (Dics\u0151szentm\u00e1rton, 1924); Id\u0151t\u00e1r 1; Jankovics; K\u00e9nosi\u2013Uzoni; Keresztes Gyula: \u00d6r\u00f6ks\u00e9g\u00fcnk 34.: A Bethlenszentmikl\u00f3si kast\u00e9ly (N\u00fa., 1993. j\u00fal. 30.); Kornis; Kov\u00e1cs Andr\u00e1s; Kov\u00e1cs Kiss Gy\u00f6ngy; Kov\u00e1cs Kiss Gy\u00f6ngy: Politikai \u00e9s int\u00e9zm\u00e9nyrendszeri \u00e1talakul\u00e1sok a Habsburg-install\u00e1ci\u00f3 idej\u00e9n Erd\u00e9lyben: A korszak eml\u00e9k\u00edr\u00f3inak l\u00e1ttat\u00e1s\u00e1ban (Korunk, 3. sz., 2009. m\u00e1rc.); K\u00fck\u00fcll\u0151i Ref. Egyh\u00e1zm. 1.; Lukinich; M\u00e1ln\u00e1si; M\u00c9L; M. t\u00f6rt. t\u00e1r 18.; MNBK; MNL; Mo. f\u0151isp\u00e1njai; Nagy Levente: Zrinyi \u00e9s az erd\u00e9lyi liter\u00e1tus k\u00f6r\u00f6k (Sz\u00e9kelyf\u00f6ld, 7. sz., 2000. j\u00fal.); Nagy P\u00e1l: Itthoni k\u00f6nyv.; Pap Ferenc: B. M., a gyakorl\u00f3 gazdas\u00e1gi szakember = Eml\u00e9kk\u00f6nyv Csetri Elek sz\u00fclet\u00e9snek nyolcvanadik \u00e9vfordul\u00f3j\u00e1ra (Kv., 2004); Pomog\u00e1ts 1.; RMK III\/18. sz.; RNL; Schack-Vincze; Sebesty\u00e9n Mih\u00e1ly 2000; Szaniszl\u00f3; Sz\u00e9pr\u00e9ti Lilla: A kisb\u00fani kast\u00e9ly (\u00daj \u00c9let, 12. sz., 1975; Erd\u00e9lyi Figyel\u0151, 3. sz., 1991); Szinnyei; Teleki Mih\u00e1ly udvartart\u00e1si napl\u00f3ja (1673\u20131681) (Kv., 2007); Tr\u00f3cs\u00e1nyi 1988; \u00daM\u00c9L; Vajdaszentiv\u00e1ny; Vita Zsigmond: Bethlen Mikl\u00f3s = Erd\u00e9lyi csillagok 1942<\/br><\/p>\n","protected":false},"excerpt":{"rendered":"<p>Kisb\u00fan, 1642. szept. 1., \u2020 B\u00e9cs, 1716. okt. 27., B\u00e9csben temett\u00e9k el: eml\u00e9k\u00edr\u00f3, politikus, erd\u00e9lyi kancell\u00e1r. \u2013 B. J\u00e1nos (1613\u20131678) kancell\u00e1r, t\u00f6rt\u00e9net\u00edr\u00f3 \u00e9s V\u00e1radi Borb\u00e1la (\u20201661) fia. Feles\u00e9ge: 1. K\u00fan Ilona (1646\u20131685), le\u00e1nyuk Zs\u00f3fia (1670\u201373). 2. Rh\u00e9dey J\u00falia (1669\u20131716), h\u00e1zass\u00e1g (1686. febr. 8). A k\u00e9t h\u00e1zass\u00e1g\u00e1b\u00f3l 11 gyermeke sz\u00fcletett, csak k\u00e9t fi\u00fa ut\u00f3ddal: Mih\u00e1ly (1673\u20131706) [&hellip;]<\/p>\n","protected":false},"featured_media":0,"comment_status":"open","ping_status":"closed","template":"","meta":[],"product_brand":[],"product_cat":[137],"product_tag":[],"class_list":{"0":"post-4670","1":"product","2":"type-product","3":"status-publish","5":"product_cat-maros-megyei-eletrajzi-lexikon","7":"first","8":"instock","9":"shipping-taxable","10":"product-type-simple"},"_links":{"self":[{"href":"https:\/\/uj.adatbank.ro\/lexikon\/wp-json\/wp\/v2\/product\/4670","targetHints":{"allow":["GET"]}}],"collection":[{"href":"https:\/\/uj.adatbank.ro\/lexikon\/wp-json\/wp\/v2\/product"}],"about":[{"href":"https:\/\/uj.adatbank.ro\/lexikon\/wp-json\/wp\/v2\/types\/product"}],"replies":[{"embeddable":true,"href":"https:\/\/uj.adatbank.ro\/lexikon\/wp-json\/wp\/v2\/comments?post=4670"}],"wp:attachment":[{"href":"https:\/\/uj.adatbank.ro\/lexikon\/wp-json\/wp\/v2\/media?parent=4670"}],"wp:term":[{"taxonomy":"product_brand","embeddable":true,"href":"https:\/\/uj.adatbank.ro\/lexikon\/wp-json\/wp\/v2\/product_brand?post=4670"},{"taxonomy":"product_cat","embeddable":true,"href":"https:\/\/uj.adatbank.ro\/lexikon\/wp-json\/wp\/v2\/product_cat?post=4670"},{"taxonomy":"product_tag","embeddable":true,"href":"https:\/\/uj.adatbank.ro\/lexikon\/wp-json\/wp\/v2\/product_tag?post=4670"}],"curies":[{"name":"wp","href":"https:\/\/api.w.org\/{rel}","templated":true}]}}