{"id":4671,"date":"2025-06-28T16:49:40","date_gmt":"2025-06-28T14:49:40","guid":{"rendered":"https:\/\/uj.adatbank.ro\/lexikon\/termek\/bethlen-odon-bethleni-gr\/"},"modified":"2025-06-28T16:49:40","modified_gmt":"2025-06-28T14:49:40","slug":"bethlen-odon-bethleni-gr","status":"publish","type":"product","link":"https:\/\/uj.adatbank.ro\/lexikon\/termek\/bethlen-odon-bethleni-gr\/","title":{"rendered":"BETHLEN \u00d6d\u00f6n, bethleni gr."},"content":{"rendered":"<p>Bethlen, 1852. jan. 10., \u2020 Kv., 1927. dec. 9., : haj\u00f3skapit\u00e1ny, cs. \u00e9s kir. b. t. t. \u2013 P\u00e1l (1796\u20131859) \u00e9s Bethlen M\u00e1ria (1827\u20131876) fia. Feles\u00e9ge: hadadi gr. Wessel\u00e9nyi Sarolta (1860\u2013Kv., 1928. jan 23.). Gyermekeik: P\u00e1l (1883\u20131971), feles\u00e9ge gr. Ser\u00e9nyi Gabriella; Stef\u00e1nia (1885\u20141975); Petrichevich Horv\u00e1th Arturn\u00e9, a sz\u0151kefalvi kast\u00e9ly tulajdonosa; Ferenc (1887\u20131916); Gy\u00f6rgy (1888\u20131968), feles\u00e9ge br. J\u00f3sika Paula; Sarolta (1897\u20131964), Toldalaghy L\u00e1szl\u00f3n\u00e9, elv\u00e1lt. \u2013 Fiatal kor\u00e1ban haj\u00f3skapit\u00e1ny volt, beutazta az eg\u00e9sz vil\u00e1got. Olvasott, besz\u00e9lt: rom\u00e1nul, oroszul, lengyel\u00fcl, n\u00e9met\u00fcl, franci\u00e1ul, angolul, olaszul \u00e9s jap\u00e1n, k\u00ednai nyelven is. Burmai tapasztalatait \u00fati jelent\u00e9sben \u00edrta meg a triesti kereskedelmi iparkamar\u00e1hoz olasz nyelven. K\u00f6nyv form\u00e1ban is megjelent olaszul \u00e9s n\u00e9met\u00fcl (1874) \u00e9s magyarul. \u2013 <strong>F. m.:<\/strong> Kir\u00e1ndul\u00e1s Rangunban (Fiume, 1875) Cikkeket is k\u00f6z\u00f6lt ebben a t\u00e9m\u00e1ban a F\u00f6ldrajzi K\u00f6zlem\u00e9nyekben, a Vas\u00e1rnapi \u00dajs\u00e1g \u2013ban. <br \/><strong>Irod.:<\/strong> \u00c1ll\u00f3- \u00e9s mozg\u00f3k\u00e9pek; Gudenus; Lev\u00e9lt\u00e1ri gy\u00e1szj.<\/br><\/p>\n","protected":false},"excerpt":{"rendered":"<p>Bethlen, 1852. jan. 10., \u2020 Kv., 1927. dec. 9., : haj\u00f3skapit\u00e1ny, cs. \u00e9s kir. b. t. t. \u2013 P\u00e1l (1796\u20131859) \u00e9s Bethlen M\u00e1ria (1827\u20131876) fia. Feles\u00e9ge: hadadi gr. Wessel\u00e9nyi Sarolta (1860\u2013Kv., 1928. jan 23.). Gyermekeik: P\u00e1l (1883\u20131971), feles\u00e9ge gr. Ser\u00e9nyi Gabriella; Stef\u00e1nia (1885\u20141975); Petrichevich Horv\u00e1th Arturn\u00e9, a sz\u0151kefalvi kast\u00e9ly tulajdonosa; Ferenc (1887\u20131916); Gy\u00f6rgy (1888\u20131968), feles\u00e9ge [&hellip;]<\/p>\n","protected":false},"featured_media":0,"comment_status":"open","ping_status":"closed","template":"","meta":[],"product_brand":[],"product_cat":[137],"product_tag":[],"class_list":{"0":"post-4671","1":"product","2":"type-product","3":"status-publish","5":"product_cat-maros-megyei-eletrajzi-lexikon","7":"first","8":"instock","9":"shipping-taxable","10":"product-type-simple"},"_links":{"self":[{"href":"https:\/\/uj.adatbank.ro\/lexikon\/wp-json\/wp\/v2\/product\/4671","targetHints":{"allow":["GET"]}}],"collection":[{"href":"https:\/\/uj.adatbank.ro\/lexikon\/wp-json\/wp\/v2\/product"}],"about":[{"href":"https:\/\/uj.adatbank.ro\/lexikon\/wp-json\/wp\/v2\/types\/product"}],"replies":[{"embeddable":true,"href":"https:\/\/uj.adatbank.ro\/lexikon\/wp-json\/wp\/v2\/comments?post=4671"}],"wp:attachment":[{"href":"https:\/\/uj.adatbank.ro\/lexikon\/wp-json\/wp\/v2\/media?parent=4671"}],"wp:term":[{"taxonomy":"product_brand","embeddable":true,"href":"https:\/\/uj.adatbank.ro\/lexikon\/wp-json\/wp\/v2\/product_brand?post=4671"},{"taxonomy":"product_cat","embeddable":true,"href":"https:\/\/uj.adatbank.ro\/lexikon\/wp-json\/wp\/v2\/product_cat?post=4671"},{"taxonomy":"product_tag","embeddable":true,"href":"https:\/\/uj.adatbank.ro\/lexikon\/wp-json\/wp\/v2\/product_tag?post=4671"}],"curies":[{"name":"wp","href":"https:\/\/api.w.org\/{rel}","templated":true}]}}

BETHLEN Ödön, bethleni gr.

<p>Bethlen, 1852. jan. 10., † Kv., 1927. dec. 9., : hajóskapitány, cs. és kir. b. t. t. – Pál (1796–1859) és Bethlen Mária (1827–1876) fia. Felesége: hadadi gr. Wesselényi Sarolta (1860–Kv., 1928. jan 23.). Gyermekeik: Pál (1883–1971), felesége gr. Serényi Gabriella; Stefánia (1885—1975); Petrichevich Horváth Arturné, a szőkefalvi kastély tulajdonosa; Ferenc (1887–1916); György (1888–1968), felesége br. Jósika Paula; Sarolta (1897–1964), Toldalaghy Lászlóné, elvált. – Fiatal korában hajóskapitány volt, beutazta az egész világot. Olvasott, beszélt: románul, oroszul, lengyelül, németül, franciául, angolul, olaszul és japán, kínai nyelven is. Burmai tapasztalatait úti jelentésben írta meg a triesti kereskedelmi iparkamarához olasz nyelven. Könyv formában is megjelent olaszul és németül (1874) és magyarul. – <strong>F. m.:</strong> Kirándulás Rangunban (Fiume, 1875) Cikkeket is közölt ebben a témában a Földrajzi Közleményekben, a Vasárnapi Újság –ban. <br /><strong>Irod.:</strong> Álló- és mozgóképek; Gudenus; Levéltári gyászj.</br></p>

<p>Bethlen, 1852. jan. 10., † Kv., 1927. dec. 9., : hajóskapitány, cs. és kir. b. t. t. – Pál (1796–1859) és Bethlen Mária (1827–1876) fia. Felesége: hadadi gr. Wesselényi Sarolta (1860–Kv., 1928. jan 23.). Gyermekeik: Pál (1883–1971), felesége gr. Serényi Gabriella; Stefánia (1885—1975); Petrichevich Horváth Arturné, a szőkefalvi kastély tulajdonosa; Ferenc (1887–1916); György (1888–1968), felesége [&hellip;]</p>
