{"id":4672,"date":"2025-06-28T16:49:41","date_gmt":"2025-06-28T14:49:41","guid":{"rendered":"https:\/\/uj.adatbank.ro\/lexikon\/termek\/bethlen-odon-bethleni-gr-2\/"},"modified":"2025-06-28T16:49:41","modified_gmt":"2025-06-28T14:49:41","slug":"bethlen-odon-bethleni-gr-2","status":"publish","type":"product","link":"https:\/\/uj.adatbank.ro\/lexikon\/termek\/bethlen-odon-bethleni-gr-2\/","title":{"rendered":"BETHLEN \u00d6d\u00f6n, bethleni gr."},"content":{"rendered":"<p>Aranyosgy\u00e9res, 1893. j\u00fal. 13., \u2020 B\u00e9cs, 1968. m\u00e1j. 29.: f\u00f6ldbirtokos. \u2013 B. B\u00e1lint (1865\u20131913) \u00e9s uzoni B\u00e9ldi Berta (1863\u20131946) fia. Feles\u00e9ge: k\u00f6vesdi br. Husz\u00e1r Margit (Abaf\u00e1ja, 1894. j\u00fan. 22.- Kv., 1938. j\u00fal. 18.), K\u00e1roly (1859\u20131912) \u00e9s Nemes M\u00e1ria (1865\u20131921) le\u00e1nya. Gyermekeik: Katalin (1924\u2013), \u00d6d\u00f6n (1927\u20131998, Buenos Aires). \u2013 Az I. vh. ut\u00e1n az aranyosgy\u00e9resi Szentkereszty-Bethlen kast\u00e9ly tulajdonosa. Keresden lakott (1948-ig), az \u00e1llamos\u00edt\u00e1sig a gazdas\u00e1g m\u0171k\u00f6d\u00f6tt, \u00e9s a csal\u00e1d jelen volt a birtokon. Kv.-on \u00e9lt \u00e9s Ausztri\u00e1ba emigr\u00e1lt a le\u00e1ny\u00e1hoz (1964). <br \/><strong>Irod.:<\/strong> \u00c1ll\u00f3- \u00e9s mozg\u00f3k\u00e9pek; G\u00e1l; Gudenus; Lukinich<\/br><\/p>\n","protected":false},"excerpt":{"rendered":"<p>Aranyosgy\u00e9res, 1893. j\u00fal. 13., \u2020 B\u00e9cs, 1968. m\u00e1j. 29.: f\u00f6ldbirtokos. \u2013 B. B\u00e1lint (1865\u20131913) \u00e9s uzoni B\u00e9ldi Berta (1863\u20131946) fia. Feles\u00e9ge: k\u00f6vesdi br. Husz\u00e1r Margit (Abaf\u00e1ja, 1894. j\u00fan. 22.- Kv., 1938. j\u00fal. 18.), K\u00e1roly (1859\u20131912) \u00e9s Nemes M\u00e1ria (1865\u20131921) le\u00e1nya. Gyermekeik: Katalin (1924\u2013), \u00d6d\u00f6n (1927\u20131998, Buenos Aires). \u2013 Az I. vh. ut\u00e1n az aranyosgy\u00e9resi Szentkereszty-Bethlen [&hellip;]<\/p>\n","protected":false},"featured_media":0,"comment_status":"open","ping_status":"closed","template":"","meta":[],"product_brand":[],"product_cat":[137],"product_tag":[],"class_list":{"0":"post-4672","1":"product","2":"type-product","3":"status-publish","5":"product_cat-maros-megyei-eletrajzi-lexikon","7":"first","8":"instock","9":"shipping-taxable","10":"product-type-simple"},"_links":{"self":[{"href":"https:\/\/uj.adatbank.ro\/lexikon\/wp-json\/wp\/v2\/product\/4672","targetHints":{"allow":["GET"]}}],"collection":[{"href":"https:\/\/uj.adatbank.ro\/lexikon\/wp-json\/wp\/v2\/product"}],"about":[{"href":"https:\/\/uj.adatbank.ro\/lexikon\/wp-json\/wp\/v2\/types\/product"}],"replies":[{"embeddable":true,"href":"https:\/\/uj.adatbank.ro\/lexikon\/wp-json\/wp\/v2\/comments?post=4672"}],"wp:attachment":[{"href":"https:\/\/uj.adatbank.ro\/lexikon\/wp-json\/wp\/v2\/media?parent=4672"}],"wp:term":[{"taxonomy":"product_brand","embeddable":true,"href":"https:\/\/uj.adatbank.ro\/lexikon\/wp-json\/wp\/v2\/product_brand?post=4672"},{"taxonomy":"product_cat","embeddable":true,"href":"https:\/\/uj.adatbank.ro\/lexikon\/wp-json\/wp\/v2\/product_cat?post=4672"},{"taxonomy":"product_tag","embeddable":true,"href":"https:\/\/uj.adatbank.ro\/lexikon\/wp-json\/wp\/v2\/product_tag?post=4672"}],"curies":[{"name":"wp","href":"https:\/\/api.w.org\/{rel}","templated":true}]}}

BETHLEN Ödön, bethleni gr.

<p>Aranyosgyéres, 1893. júl. 13., † Bécs, 1968. máj. 29.: földbirtokos. – B. Bálint (1865–1913) és uzoni Béldi Berta (1863–1946) fia. Felesége: kövesdi br. Huszár Margit (Abafája, 1894. jún. 22.- Kv., 1938. júl. 18.), Károly (1859–1912) és Nemes Mária (1865–1921) leánya. Gyermekeik: Katalin (1924–), Ödön (1927–1998, Buenos Aires). – Az I. vh. után az aranyosgyéresi Szentkereszty-Bethlen kastély tulajdonosa. Keresden lakott (1948-ig), az államosításig a gazdaság működött, és a család jelen volt a birtokon. Kv.-on élt és Ausztriába emigrált a leányához (1964). <br /><strong>Irod.:</strong> Álló- és mozgóképek; Gál; Gudenus; Lukinich</br></p>

<p>Aranyosgyéres, 1893. júl. 13., † Bécs, 1968. máj. 29.: földbirtokos. – B. Bálint (1865–1913) és uzoni Béldi Berta (1863–1946) fia. Felesége: kövesdi br. Huszár Margit (Abafája, 1894. jún. 22.- Kv., 1938. júl. 18.), Károly (1859–1912) és Nemes Mária (1865–1921) leánya. Gyermekeik: Katalin (1924–), Ödön (1927–1998, Buenos Aires). – Az I. vh. után az aranyosgyéresi Szentkereszty-Bethlen [&hellip;]</p>
