{"id":4673,"date":"2025-06-28T16:49:42","date_gmt":"2025-06-28T14:49:42","guid":{"rendered":"https:\/\/uj.adatbank.ro\/lexikon\/termek\/bethlen-pal-%c2%a7-bethleni-gr\/"},"modified":"2025-06-28T16:49:42","modified_gmt":"2025-06-28T14:49:42","slug":"bethlen-pal-%c2%a7-bethleni-gr","status":"publish","type":"product","link":"https:\/\/uj.adatbank.ro\/lexikon\/termek\/bethlen-pal-%c2%a7-bethleni-gr\/","title":{"rendered":"BETHLEN P\u00e1l, \u00a7 bethleni gr."},"content":{"rendered":"<p>Bonyha, 1715. nov. 14., \u2020 Bonyha, 1797. jan. 15, 1797. m\u00e1j. a temet\u00e9s napja. Mv.-en a V\u00e1rtemplomba b\u00facs\u00faztatta Borosnyai L. Simon \u00e9s T. Szil\u00e1gyi kv.-i pap (1797. m\u00e1j. 7.): f\u00f6ldbirtokos, f\u0151isp\u00e1n, kir. t\u00e1blai eln\u00f6k, cs. kir. kamar\u00e1s. \u2013 B. Elek (\u2020 1724) \u00e9s Pekry Kata fia. Feles\u00e9ge: gr. sz\u00e9ki Teleki S\u00e1ra. Gyermekeik: P\u00e1l (1739\u20131795, t\u00e1bornok), Farkas (1749\u20131823, kir. t\u00e1blai \u00fcln\u00f6k), \u00c9va D\u00e1niel Istv\u00e1nn\u00e9. \u2013 A bonyhai kast\u00e9lyt \u00f6r\u00f6k\u00f6lte, a szentl\u00e1szl\u00f3i, sz\u00e9naver\u0151si, \u00f6rm\u00e9nyesi, d\u00e1ny\u00e1ni, cs\u00e1v\u00e1si, bern\u00e1di, k\u00e1polnai birtokokkal \u00e9s birtokr\u00e9szekkel. Ugron Istv\u00e1nnal egy\u00fctt a K\u00fck\u00fcll\u0151i traktus kur\u00e1tor\u00e1v\u00e1 nevezt\u00e9k ki (1746), a mv.-i Ref. Koll. f\u0151gondnoka (1748\u201361). Aranyossz\u00e9ki f\u0151kir\u00e1lyb\u00edr\u00f3 (1754), kamar\u00e1s (1760\u2013), tordamegyei f\u0151isp\u00e1n (1763\u2013), majd a Kir. T\u00e1bla eln\u00f6ke lett (1765\u201394), v. b. t. t. (1771\u2013). A beiktat\u00e1s nagy \u00fcnneps\u00e9ggel t\u00f6rt\u00e9nt meg. El\u0151bb Dr. Domokos Antal t\u00e1blai \u00edt\u00e9l\u0151mester mondott latinnyelv\u00fa besz\u00e9det, majd gr. L\u00e1z\u00e1r J\u00e1nos m. nyelven \u00fcdv\u00f6z\u00f6lte, \u00e1ltal\u00e1nos felt\u0171n\u00e9st keltve. Amikor II. J\u00f3zsef a Kir. T\u00e1bl\u00e1t Nagyszebenbe helyezte (1786) \u0151 is elt\u00e1vozott, majd amikor az visszat\u00e9rt Mv.-re (1790) itteni hivatal\u00e1t \u00fajb\u00f3l \u00e1tvette. II. J\u00f3zsef cs\u00e1sz\u00e1r mv.-i l\u00e1togat\u00e1sakor (1773. j\u00fan. 11) \u00fagy int\u00e9zkedett, hogy az uralkod\u00f3 az akkor m\u00e9g a Nagypiacon l\u00e9v\u0151 tabul\u00e1ris h\u00e1zban sz\u00e1lljon meg, de alkalmasabbnak bizonyult a Szentgy\u00f6rgy utcai Makari\u00e1s h\u00e1z, \u00edgy a cs\u00e1sz\u00e1r ezt v\u00e1lasztotta. Harminc \u00e9vig \u00e1llt a Kir. T\u00e1bla \u00e9l\u00e9n. A Ref. Koll. t\u00e1mogat\u00f3ja: Bonyh\u00e1n kelt meghagy\u00e1ssal (1765) 1860 frt. kamatj\u00e1b\u00f3l 50 frt.-ot \u00e9venk\u00e9nt a g\u00f6r\u00f6g oszt\u00e1ly tan\u00edt\u00f3j\u00e1nak, 61 frt.-ot pedig k\u00f6nyvszerz\u00e9sre rendelt, majd ugyanerre a c\u00e9lra 200 frt.-ot rendelt (1776). A bonyhai templom \u00e9p\u00edt\u00e9s\u00e9re feles\u00e9g\u00e9vel egy\u00fctt 500 m. forintot adom\u00e1nyozott (1776). Az Erd\u00e9lyi Ref. F\u0151konziszt\u00f3rium egyik \u00fcln\u00f6ke (1789). \u2013 <strong>F. m.:<\/strong> Atyafi\u00fai szeretetnek\u2026. M\u00e9lt\u00f3s\u00e1gos gr\u00f3f kis rh\u00e9dei Rh\u00e9dei P\u00e1l \u00farnak \u0151 nagys\u00e1g\u00e1nak meghideg\u00fclt tetemi felett\u2026(Kv., 1765). <br \/><strong>Irod.:<\/strong> Chiorean; Fogarasi; Gudenus; Gy\u00e1szjelent\u0151; Id\u0151t\u00e1r 1; Koncz; Kov\u00e1sznai; Kr\u00f3n. F\u00fcz. (1939. 4\/9); K\u00fck\u00fcll\u0151i Ref. Egyh\u00e1zm. 2.; R. N. Lev\u00e1lt\u00e1r Maros M. Hivatala. Anyak\u00f6nyvek gy\u0171jtem\u00e1nye; Lev\u00e9lt\u00e1ri gy\u00e1szj.; Lukinich; P\u00e1l-Antal 2002; S\u00e1muel Alad\u00e1r: Fels\u0151csern\u00e1toni Bod P\u00e9ter \u00e9lete \u00e9s m\u0171vei (Bp., 1899)<\/br><\/p>\n","protected":false},"excerpt":{"rendered":"<p>Bonyha, 1715. nov. 14., \u2020 Bonyha, 1797. jan. 15, 1797. m\u00e1j. a temet\u00e9s napja. Mv.-en a V\u00e1rtemplomba b\u00facs\u00faztatta Borosnyai L. Simon \u00e9s T. Szil\u00e1gyi kv.-i pap (1797. m\u00e1j. 7.): f\u00f6ldbirtokos, f\u0151isp\u00e1n, kir. t\u00e1blai eln\u00f6k, cs. kir. kamar\u00e1s. \u2013 B. Elek (\u2020 1724) \u00e9s Pekry Kata fia. Feles\u00e9ge: gr. sz\u00e9ki Teleki S\u00e1ra. Gyermekeik: P\u00e1l (1739\u20131795, t\u00e1bornok), [&hellip;]<\/p>\n","protected":false},"featured_media":0,"comment_status":"open","ping_status":"closed","template":"","meta":[],"product_brand":[],"product_cat":[137],"product_tag":[],"class_list":{"0":"post-4673","1":"product","2":"type-product","3":"status-publish","5":"product_cat-maros-megyei-eletrajzi-lexikon","7":"first","8":"instock","9":"shipping-taxable","10":"product-type-simple"},"_links":{"self":[{"href":"https:\/\/uj.adatbank.ro\/lexikon\/wp-json\/wp\/v2\/product\/4673","targetHints":{"allow":["GET"]}}],"collection":[{"href":"https:\/\/uj.adatbank.ro\/lexikon\/wp-json\/wp\/v2\/product"}],"about":[{"href":"https:\/\/uj.adatbank.ro\/lexikon\/wp-json\/wp\/v2\/types\/product"}],"replies":[{"embeddable":true,"href":"https:\/\/uj.adatbank.ro\/lexikon\/wp-json\/wp\/v2\/comments?post=4673"}],"wp:attachment":[{"href":"https:\/\/uj.adatbank.ro\/lexikon\/wp-json\/wp\/v2\/media?parent=4673"}],"wp:term":[{"taxonomy":"product_brand","embeddable":true,"href":"https:\/\/uj.adatbank.ro\/lexikon\/wp-json\/wp\/v2\/product_brand?post=4673"},{"taxonomy":"product_cat","embeddable":true,"href":"https:\/\/uj.adatbank.ro\/lexikon\/wp-json\/wp\/v2\/product_cat?post=4673"},{"taxonomy":"product_tag","embeddable":true,"href":"https:\/\/uj.adatbank.ro\/lexikon\/wp-json\/wp\/v2\/product_tag?post=4673"}],"curies":[{"name":"wp","href":"https:\/\/api.w.org\/{rel}","templated":true}]}}

BETHLEN Pál, § bethleni gr.

<p>Bonyha, 1715. nov. 14., † Bonyha, 1797. jan. 15, 1797. máj. a temetés napja. Mv.-en a Vártemplomba búcsúztatta Borosnyai L. Simon és T. Szilágyi kv.-i pap (1797. máj. 7.): földbirtokos, főispán, kir. táblai elnök, cs. kir. kamarás. – B. Elek († 1724) és Pekry Kata fia. Felesége: gr. széki Teleki Sára. Gyermekeik: Pál (1739–1795, tábornok), Farkas (1749–1823, kir. táblai ülnök), Éva Dániel Istvánné. – A bonyhai kastélyt örökölte, a szentlászlói, szénaverősi, örményesi, dányáni, csávási, bernádi, kápolnai birtokokkal és birtokrészekkel. Ugron Istvánnal együtt a Küküllői traktus kurátorává nevezték ki (1746), a mv.-i Ref. Koll. főgondnoka (1748–61). Aranyosszéki főkirálybíró (1754), kamarás (1760–), tordamegyei főispán (1763–), majd a Kir. Tábla elnöke lett (1765–94), v. b. t. t. (1771–). A beiktatás nagy ünnepséggel történt meg. Előbb Dr. Domokos Antal táblai ítélőmester mondott latinnyelvú beszédet, majd gr. Lázár János m. nyelven üdvözölte, általános feltűnést keltve. Amikor II. József a Kir. Táblát Nagyszebenbe helyezte (1786) ő is eltávozott, majd amikor az visszatért Mv.-re (1790) itteni hivatalát újból átvette. II. József császár mv.-i látogatásakor (1773. jún. 11) úgy intézkedett, hogy az uralkodó az akkor még a Nagypiacon lévő tabuláris házban szálljon meg, de alkalmasabbnak bizonyult a Szentgyörgy utcai Makariás ház, így a császár ezt választotta. Harminc évig állt a Kir. Tábla élén. A Ref. Koll. támogatója: Bonyhán kelt meghagyással (1765) 1860 frt. kamatjából 50 frt.-ot évenként a görög osztály tanítójának, 61 frt.-ot pedig könyvszerzésre rendelt, majd ugyanerre a célra 200 frt.-ot rendelt (1776). A bonyhai templom építésére feleségével együtt 500 m. forintot adományozott (1776). Az Erdélyi Ref. Főkonzisztórium egyik ülnöke (1789). – <strong>F. m.:</strong> Atyafiúi szeretetnek…. Méltóságos gróf kis rhédei Rhédei Pál úrnak ő nagyságának meghidegült tetemi felett…(Kv., 1765). <br /><strong>Irod.:</strong> Chiorean; Fogarasi; Gudenus; Gyászjelentő; Időtár 1; Koncz; Kovásznai; Krón. Füz. (1939. 4/9); Küküllői Ref. Egyházm. 2.; R. N. Leváltár Maros M. Hivatala. Anyakönyvek gyűjtemánye; Levéltári gyászj.; Lukinich; Pál-Antal 2002; Sámuel Aladár: Felsőcsernátoni Bod Péter élete és művei (Bp., 1899)</br></p>

<p>Bonyha, 1715. nov. 14., † Bonyha, 1797. jan. 15, 1797. máj. a temetés napja. Mv.-en a Vártemplomba búcsúztatta Borosnyai L. Simon és T. Szilágyi kv.-i pap (1797. máj. 7.): földbirtokos, főispán, kir. táblai elnök, cs. kir. kamarás. – B. Elek († 1724) és Pekry Kata fia. Felesége: gr. széki Teleki Sára. Gyermekeik: Pál (1739–1795, tábornok), [&hellip;]</p>
