{"id":4674,"date":"2025-06-28T16:49:44","date_gmt":"2025-06-28T14:49:44","guid":{"rendered":"https:\/\/uj.adatbank.ro\/lexikon\/termek\/bethlen-pal-bethleni\/"},"modified":"2025-06-28T16:49:44","modified_gmt":"2025-06-28T14:49:44","slug":"bethlen-pal-bethleni","status":"publish","type":"product","link":"https:\/\/uj.adatbank.ro\/lexikon\/termek\/bethlen-pal-bethleni\/","title":{"rendered":"BETHLEN P\u00e1l, bethleni"},"content":{"rendered":"<p>1646, 1648, \u2020 1687 1686., Kisb\u00fanban nyugszik: f\u00f6ldbirtokos, f\u0151\u00far. \u2013 B. J\u00e1nos (1613\u20131678) \u00e9s V\u00e1radi Borb\u00e1la (\u2020 1661) fia. Testv\u00e9re: Mikl\u00f3s \u00f6ccse. Feles\u00e9ge: Tordai Margit. Fi\u00fak: B. J\u00e1nos (\u2020 1712 ut\u00e1n), aki gr\u00f3fi rangot szerzett a csal\u00e1dnak (1697. nov. 13.). \u2013 Nyugati tanulm\u00e1ny\u00faton vett r\u00e9szt: Leidenben, Angli\u00e1ban, P\u00e1rizsban, Lyonban, Genfben, K\u00f6lnben \u00e9s B\u00e1zelben (1663\u201366). Hazat\u00e9r\u00e9se ut\u00e1n fejedelmi t\u00e1blai \u00fcln\u00f6kk\u00e9 nevezt\u00e9k ki (1680\u2013), majd a B\u00e9cs elleni hadj\u00e1ratban t\u0171nt fel (1681), deput\u00e1ci\u00f3k tagjai (1680\u201382; 1685\u201387). Apja v\u00e9grendelete szerint \u00f6r\u00f6k\u00f6lte a kisb\u00fani birtokot \u00e9s kast\u00e9lyt \u00e9s az \u0151 \u00e1g\u00e1n \u00f6r\u00f6kl\u0151d\u00f6tt tov\u00e1bb a 18. \u2013 19. sz. folyam\u00e1n. <br \/><strong>Irod.:<\/strong> \u00c1ll\u00f3- \u00e9s mozg\u00f3k\u00e9pek; Bicsok\u2013Orb\u00e1n; Gudenus; Kraus: Erd\u00e9lyi kr\u00f3nika; Lukinich; Teleki Mih\u00e1ly udvartart\u00e1si napl\u00f3ja (1673\u20131681) (Kv., 2007)<\/br><\/p>\n","protected":false},"excerpt":{"rendered":"<p>1646, 1648, \u2020 1687 1686., Kisb\u00fanban nyugszik: f\u00f6ldbirtokos, f\u0151\u00far. \u2013 B. J\u00e1nos (1613\u20131678) \u00e9s V\u00e1radi Borb\u00e1la (\u2020 1661) fia. Testv\u00e9re: Mikl\u00f3s \u00f6ccse. Feles\u00e9ge: Tordai Margit. Fi\u00fak: B. J\u00e1nos (\u2020 1712 ut\u00e1n), aki gr\u00f3fi rangot szerzett a csal\u00e1dnak (1697. nov. 13.). \u2013 Nyugati tanulm\u00e1ny\u00faton vett r\u00e9szt: Leidenben, Angli\u00e1ban, P\u00e1rizsban, Lyonban, Genfben, K\u00f6lnben \u00e9s B\u00e1zelben (1663\u201366). Hazat\u00e9r\u00e9se [&hellip;]<\/p>\n","protected":false},"featured_media":0,"comment_status":"open","ping_status":"closed","template":"","meta":[],"product_brand":[],"product_cat":[137],"product_tag":[],"class_list":{"0":"post-4674","1":"product","2":"type-product","3":"status-publish","5":"product_cat-maros-megyei-eletrajzi-lexikon","7":"first","8":"instock","9":"shipping-taxable","10":"product-type-simple"},"_links":{"self":[{"href":"https:\/\/uj.adatbank.ro\/lexikon\/wp-json\/wp\/v2\/product\/4674","targetHints":{"allow":["GET"]}}],"collection":[{"href":"https:\/\/uj.adatbank.ro\/lexikon\/wp-json\/wp\/v2\/product"}],"about":[{"href":"https:\/\/uj.adatbank.ro\/lexikon\/wp-json\/wp\/v2\/types\/product"}],"replies":[{"embeddable":true,"href":"https:\/\/uj.adatbank.ro\/lexikon\/wp-json\/wp\/v2\/comments?post=4674"}],"wp:attachment":[{"href":"https:\/\/uj.adatbank.ro\/lexikon\/wp-json\/wp\/v2\/media?parent=4674"}],"wp:term":[{"taxonomy":"product_brand","embeddable":true,"href":"https:\/\/uj.adatbank.ro\/lexikon\/wp-json\/wp\/v2\/product_brand?post=4674"},{"taxonomy":"product_cat","embeddable":true,"href":"https:\/\/uj.adatbank.ro\/lexikon\/wp-json\/wp\/v2\/product_cat?post=4674"},{"taxonomy":"product_tag","embeddable":true,"href":"https:\/\/uj.adatbank.ro\/lexikon\/wp-json\/wp\/v2\/product_tag?post=4674"}],"curies":[{"name":"wp","href":"https:\/\/api.w.org\/{rel}","templated":true}]}}

BETHLEN Pál, bethleni

<p>1646, 1648, † 1687 1686., Kisbúnban nyugszik: földbirtokos, főúr. – B. János (1613–1678) és Váradi Borbála († 1661) fia. Testvére: Miklós öccse. Felesége: Tordai Margit. Fiúk: B. János († 1712 után), aki grófi rangot szerzett a családnak (1697. nov. 13.). – Nyugati tanulmányúton vett részt: Leidenben, Angliában, Párizsban, Lyonban, Genfben, Kölnben és Bázelben (1663–66). Hazatérése után fejedelmi táblai ülnökké nevezték ki (1680–), majd a Bécs elleni hadjáratban tűnt fel (1681), deputációk tagjai (1680–82; 1685–87). Apja végrendelete szerint örökölte a kisbúni birtokot és kastélyt és az ő ágán öröklődött tovább a 18. – 19. sz. folyamán. <br /><strong>Irod.:</strong> Álló- és mozgóképek; Bicsok–Orbán; Gudenus; Kraus: Erdélyi krónika; Lukinich; Teleki Mihály udvartartási naplója (1673–1681) (Kv., 2007)</br></p>

<p>1646, 1648, † 1687 1686., Kisbúnban nyugszik: földbirtokos, főúr. – B. János (1613–1678) és Váradi Borbála († 1661) fia. Testvére: Miklós öccse. Felesége: Tordai Margit. Fiúk: B. János († 1712 után), aki grófi rangot szerzett a családnak (1697. nov. 13.). – Nyugati tanulmányúton vett részt: Leidenben, Angliában, Párizsban, Lyonban, Genfben, Kölnben és Bázelben (1663–66). Hazatérése [&hellip;]</p>
