{"id":4675,"date":"2025-06-28T16:49:46","date_gmt":"2025-06-28T14:49:46","guid":{"rendered":"https:\/\/uj.adatbank.ro\/lexikon\/termek\/bethlen-pal-bethleni-gr\/"},"modified":"2025-06-28T16:49:46","modified_gmt":"2025-06-28T14:49:46","slug":"bethlen-pal-bethleni-gr","status":"publish","type":"product","link":"https:\/\/uj.adatbank.ro\/lexikon\/termek\/bethlen-pal-bethleni-gr\/","title":{"rendered":"BETHLEN P\u00e1l, bethleni gr."},"content":{"rendered":"<p>1739., \u2020 Retteg, 1795. nov. 14. Kv.-on volt a b\u00facsuztat\u00f3ja: t\u00e1bornok. \u2013 B. P\u00e1l \u00e9s sz\u00e9ki Teleki S\u00e1ra (\u2020 1794) fia. Testv\u00e9rei: Farkas (1749\u20131823, kir. t\u00e1blai \u00fcln\u00f6k), \u00c9va, D\u00e1niel Istv\u00e1nn\u00e9. Feles\u00e9ge magyargyer\u0151monostori br. Kem\u00e9ny Krisztina (\u2020 1811). Nyolc gyermek\u00fck \u00e9rte meg a nagykor\u00fas\u00e1got: fiai: Elek (1777\u20131841), P\u00e1l (1780\u20131827), K\u00e1roly (1784\u20131837). \u2013 Katonai p\u00e1ly\u00e1ra ment, vez\u00e9r\u0151rnagy rangban vonult nyugd\u00edjba (1783). A bonyhai kast\u00e9ly \u00e9s uradalom tulajdonosa. <br \/><strong>Irod.:<\/strong> Bicsok\u2013Orb\u00e1n; Fogarasi; Gy\u00e1szjelent\u0151; Keresztes; K\u00fck\u00fcll\u0151i Ref. Egyh\u00e1zm. 2.; Lev\u00e9lt\u00e1ri gy\u00e1szj.; Lukinich; Pesty 2014<\/br><\/p>\n","protected":false},"excerpt":{"rendered":"<p>1739., \u2020 Retteg, 1795. nov. 14. Kv.-on volt a b\u00facsuztat\u00f3ja: t\u00e1bornok. \u2013 B. P\u00e1l \u00e9s sz\u00e9ki Teleki S\u00e1ra (\u2020 1794) fia. Testv\u00e9rei: Farkas (1749\u20131823, kir. t\u00e1blai \u00fcln\u00f6k), \u00c9va, D\u00e1niel Istv\u00e1nn\u00e9. Feles\u00e9ge magyargyer\u0151monostori br. Kem\u00e9ny Krisztina (\u2020 1811). Nyolc gyermek\u00fck \u00e9rte meg a nagykor\u00fas\u00e1got: fiai: Elek (1777\u20131841), P\u00e1l (1780\u20131827), K\u00e1roly (1784\u20131837). \u2013 Katonai p\u00e1ly\u00e1ra ment, vez\u00e9r\u0151rnagy [&hellip;]<\/p>\n","protected":false},"featured_media":0,"comment_status":"open","ping_status":"closed","template":"","meta":[],"product_brand":[],"product_cat":[137],"product_tag":[],"class_list":{"0":"post-4675","1":"product","2":"type-product","3":"status-publish","5":"product_cat-maros-megyei-eletrajzi-lexikon","7":"first","8":"instock","9":"shipping-taxable","10":"product-type-simple"},"_links":{"self":[{"href":"https:\/\/uj.adatbank.ro\/lexikon\/wp-json\/wp\/v2\/product\/4675","targetHints":{"allow":["GET"]}}],"collection":[{"href":"https:\/\/uj.adatbank.ro\/lexikon\/wp-json\/wp\/v2\/product"}],"about":[{"href":"https:\/\/uj.adatbank.ro\/lexikon\/wp-json\/wp\/v2\/types\/product"}],"replies":[{"embeddable":true,"href":"https:\/\/uj.adatbank.ro\/lexikon\/wp-json\/wp\/v2\/comments?post=4675"}],"wp:attachment":[{"href":"https:\/\/uj.adatbank.ro\/lexikon\/wp-json\/wp\/v2\/media?parent=4675"}],"wp:term":[{"taxonomy":"product_brand","embeddable":true,"href":"https:\/\/uj.adatbank.ro\/lexikon\/wp-json\/wp\/v2\/product_brand?post=4675"},{"taxonomy":"product_cat","embeddable":true,"href":"https:\/\/uj.adatbank.ro\/lexikon\/wp-json\/wp\/v2\/product_cat?post=4675"},{"taxonomy":"product_tag","embeddable":true,"href":"https:\/\/uj.adatbank.ro\/lexikon\/wp-json\/wp\/v2\/product_tag?post=4675"}],"curies":[{"name":"wp","href":"https:\/\/api.w.org\/{rel}","templated":true}]}}