{"id":4679,"date":"2025-06-28T16:49:51","date_gmt":"2025-06-28T14:49:51","guid":{"rendered":"https:\/\/uj.adatbank.ro\/lexikon\/termek\/bethlen-samuel-bethleni-buni-gr\/"},"modified":"2025-06-28T16:49:51","modified_gmt":"2025-06-28T14:49:51","slug":"bethlen-samuel-bethleni-buni-gr","status":"publish","type":"product","link":"https:\/\/uj.adatbank.ro\/lexikon\/termek\/bethlen-samuel-bethleni-buni-gr\/","title":{"rendered":"BETHLEN S\u00e1muel, bethleni, buni gr."},"content":{"rendered":"<p>1663., \u2020 Nagyszeben, 1708. febr. 7, A keresdi csal\u00e1di kript\u00e1ba temett\u00e9k 1708. \u00e1pr. 10.: marossz\u00e9ki f\u0151kapit\u00e1ny, fejedelmi t\u00e1blab\u00edr\u00f3, f\u0151isp\u00e1n. \u2013 B. J\u00e1nos (1613\u20131678) kancell\u00e1r \u00e9s fricsi Fekete Kl\u00e1ra (\u2020 1686) fia. B. Mikl\u00f3s f\u00e9ltestv\u00e9re. Feles\u00e9ge (1684\u2013) borsai Nagy Borb\u00e1la, a k\u00e9s\u0151bbi Hallern\u00e9 (\u2020 1718). Gyermekeik: Istv\u00e1n; Kl\u00e1ra (\u2020 1691); Gy\u00f6rgy (\u2020 1730.), feles\u00e9ge Korl\u00e1tovich Katalin; \u00c1d\u00e1m (1691\u20131748), feles\u00e9ge B\u00e1nffy Kl\u00e1ra; S\u00e1muel (1695 k. \u2013 1755); Imre (1698\u20131756), Kata (\u00e1rva B. K. 1700\u20131759), Farkas (1705\u20131783). \u2013 Apj\u00e1t\u00f3l vajdaszentiv\u00e1nyi r\u00e9szbirtokot kapott, v\u00e9grendelet szerint kapta a teremei uradalmat, a keresdi \u00e9s bonyhai r\u00e9szj\u00f3sz\u00e1gokat. \u00c9rt\u00e9kes vagyongyarapod\u00e1st jelentett sz\u00e1m\u00e1ra, hogy mindszenti Budai P\u00e9ter (1624 k. \u2013 1686), Als\u00f3r\u00e1kos f\u00f6ldes\u00fara, fi\u00e1v\u00e1 fogadta \u00e9s az als\u00f3r\u00e1kosi S\u00fck\u00f6sd kast\u00e9lyt \u00e9s birtokot neki hagyom\u00e1nyozta, \u00edgy a kast\u00e9ly \u00fajj\u00e1\u00e9p\u00edtet\u0151je lett. Tartom\u00e1nyi biztos (1689); K\u00fck\u00fcll\u0151- \u00e9s Bels\u0151szolnokmegye f\u0151isp\u00e1nja (1691\u2013); a cs\u00e1sz\u00e1ri hadak ell\u00e1t\u00e1s\u00e1t biztos\u00edt\u00f3 orsz\u00e1gos f\u0151biztoss\u00e1g inspektora. T\u00e1blai \u00fcln\u00f6kk\u00e9 nevezt\u00e9k ki (1696\u2013), Bethlen Mikl\u00f3s r\u00e9v\u00e9n b\u00e1r\u00f3i (1693), majd gr\u00f3fi c\u00edmet kapott (1696); megv\u00e1lsztott\u00e1k a mv.-i koll. gondnok\u00e1nak (1697\u2013), a Marossz\u00e9k f\u0151kapit\u00e1nys\u00e1got is megkapta (1699\u20131708). A kuruc forradalom alatt el\u0151bb kuruc z\u00e1szl\u00f3k alatt k\u00fczd\u00f6tt, majd Jean-Louis Rabutin gener\u00e1lis, t\u00e1bornok \u00e9s Tiege t\u00e1bornok oldal\u00e1n harcolt (1703), a hat\u00e1rokhoz rendelt\u00e9k, de az \u00f6tsz\u00e1z f\u0151nyi marossz\u00e9ki sereg\u00e9t Szentbenedekn\u00e9l sz\u00e9tverte Ilosvai kuruc ezredes (1703. szept. 20.). Szebenben, k\u00e9nyszerlakhely\u00e9n betegs\u00e9gben hunyt el. Adom\u00e1nyaival (1638 v\u00e9ka b\u00faza) seg\u00edtette a mv.-i Ref. Schol\u00e1t (1691\u201398, 1702\u201303). <br \/><strong>Irod.:<\/strong> \u00c1ll\u00f3- \u00e9s mozg\u00f3k\u00e9pek; \u00c1rva Bethlen K.; Bi\u00e1s; Bicsok\u2013Orb\u00e1n; Gudenus; H\u00e1zsong\u00e1rd; Id\u0151t\u00e1r 1; Koncz; Kov\u00e1cs Andr\u00e1s; Kr\u00f3n. F\u00fcz. (1940. 4\/10.); K\u00fck\u00fcll\u0151i Ref. Egyh\u00e1zm. 4.; Lukinich; Nagy Iv\u00e1n; Ny\u00e1r\u00e1dszentbenedek; P\u00e1l-Antal 2002, P\u00e1l-Antal 2004; RNL; Szaniszl\u00f3; Sz\u00e9pr\u00e9ti: R\u00e9gi \u00e9s \u00faj vil\u00e1g; Sincai; Tr\u00f3cs\u00e1nyi 1988; Vajdaszentiv\u00e1ny; Wessel\u00e9nyi Istv\u00e1n<\/br><\/p>\n","protected":false},"excerpt":{"rendered":"<p>1663., \u2020 Nagyszeben, 1708. febr. 7, A keresdi csal\u00e1di kript\u00e1ba temett\u00e9k 1708. \u00e1pr. 10.: marossz\u00e9ki f\u0151kapit\u00e1ny, fejedelmi t\u00e1blab\u00edr\u00f3, f\u0151isp\u00e1n. \u2013 B. J\u00e1nos (1613\u20131678) kancell\u00e1r \u00e9s fricsi Fekete Kl\u00e1ra (\u2020 1686) fia. B. Mikl\u00f3s f\u00e9ltestv\u00e9re. Feles\u00e9ge (1684\u2013) borsai Nagy Borb\u00e1la, a k\u00e9s\u0151bbi Hallern\u00e9 (\u2020 1718). Gyermekeik: Istv\u00e1n; Kl\u00e1ra (\u2020 1691); Gy\u00f6rgy (\u2020 1730.), feles\u00e9ge Korl\u00e1tovich Katalin; [&hellip;]<\/p>\n","protected":false},"featured_media":0,"comment_status":"open","ping_status":"closed","template":"","meta":[],"product_brand":[],"product_cat":[137],"product_tag":[],"class_list":{"0":"post-4679","1":"product","2":"type-product","3":"status-publish","5":"product_cat-maros-megyei-eletrajzi-lexikon","7":"first","8":"instock","9":"shipping-taxable","10":"product-type-simple"},"_links":{"self":[{"href":"https:\/\/uj.adatbank.ro\/lexikon\/wp-json\/wp\/v2\/product\/4679","targetHints":{"allow":["GET"]}}],"collection":[{"href":"https:\/\/uj.adatbank.ro\/lexikon\/wp-json\/wp\/v2\/product"}],"about":[{"href":"https:\/\/uj.adatbank.ro\/lexikon\/wp-json\/wp\/v2\/types\/product"}],"replies":[{"embeddable":true,"href":"https:\/\/uj.adatbank.ro\/lexikon\/wp-json\/wp\/v2\/comments?post=4679"}],"wp:attachment":[{"href":"https:\/\/uj.adatbank.ro\/lexikon\/wp-json\/wp\/v2\/media?parent=4679"}],"wp:term":[{"taxonomy":"product_brand","embeddable":true,"href":"https:\/\/uj.adatbank.ro\/lexikon\/wp-json\/wp\/v2\/product_brand?post=4679"},{"taxonomy":"product_cat","embeddable":true,"href":"https:\/\/uj.adatbank.ro\/lexikon\/wp-json\/wp\/v2\/product_cat?post=4679"},{"taxonomy":"product_tag","embeddable":true,"href":"https:\/\/uj.adatbank.ro\/lexikon\/wp-json\/wp\/v2\/product_tag?post=4679"}],"curies":[{"name":"wp","href":"https:\/\/api.w.org\/{rel}","templated":true}]}}

BETHLEN Sámuel, bethleni, buni gr.

<p>1663., † Nagyszeben, 1708. febr. 7, A keresdi családi kriptába temették 1708. ápr. 10.: marosszéki főkapitány, fejedelmi táblabíró, főispán. – B. János (1613–1678) kancellár és fricsi Fekete Klára († 1686) fia. B. Miklós féltestvére. Felesége (1684–) borsai Nagy Borbála, a későbbi Hallerné († 1718). Gyermekeik: István; Klára († 1691); György († 1730.), felesége Korlátovich Katalin; Ádám (1691–1748), felesége Bánffy Klára; Sámuel (1695 k. – 1755); Imre (1698–1756), Kata (árva B. K. 1700–1759), Farkas (1705–1783). – Apjától vajdaszentiványi részbirtokot kapott, végrendelet szerint kapta a teremei uradalmat, a keresdi és bonyhai részjószágokat. Értékes vagyongyarapodást jelentett számára, hogy mindszenti Budai Péter (1624 k. – 1686), Alsórákos földesúra, fiává fogadta és az alsórákosi Sükösd kastélyt és birtokot neki hagyományozta, így a kastély újjáépítetője lett. Tartományi biztos (1689); Küküllő- és Belsőszolnokmegye főispánja (1691–); a császári hadak ellátását biztosító országos főbiztosság inspektora. Táblai ülnökké nevezték ki (1696–), Bethlen Miklós révén bárói (1693), majd grófi címet kapott (1696); megválsztották a mv.-i koll. gondnokának (1697–), a Marosszék főkapitányságot is megkapta (1699–1708). A kuruc forradalom alatt előbb kuruc zászlók alatt küzdött, majd Jean-Louis Rabutin generális, tábornok és Tiege tábornok oldalán harcolt (1703), a határokhoz rendelték, de az ötszáz főnyi marosszéki seregét Szentbenedeknél szétverte Ilosvai kuruc ezredes (1703. szept. 20.). Szebenben, kényszerlakhelyén betegségben hunyt el. Adományaival (1638 véka búza) segítette a mv.-i Ref. Scholát (1691–98, 1702–03). <br /><strong>Irod.:</strong> Álló- és mozgóképek; Árva Bethlen K.; Biás; Bicsok–Orbán; Gudenus; Házsongárd; Időtár 1; Koncz; Kovács András; Krón. Füz. (1940. 4/10.); Küküllői Ref. Egyházm. 4.; Lukinich; Nagy Iván; Nyárádszentbenedek; Pál-Antal 2002, Pál-Antal 2004; RNL; Szaniszló; Szépréti: Régi és új világ; Sincai; Trócsányi 1988; Vajdaszentivány; Wesselényi István</br></p>

<p>1663., † Nagyszeben, 1708. febr. 7, A keresdi családi kriptába temették 1708. ápr. 10.: marosszéki főkapitány, fejedelmi táblabíró, főispán. – B. János (1613–1678) kancellár és fricsi Fekete Klára († 1686) fia. B. Miklós féltestvére. Felesége (1684–) borsai Nagy Borbála, a későbbi Hallerné († 1718). Gyermekeik: István; Klára († 1691); György († 1730.), felesége Korlátovich Katalin; [&hellip;]</p>
