{"id":4680,"date":"2025-06-28T16:49:52","date_gmt":"2025-06-28T14:49:52","guid":{"rendered":"https:\/\/uj.adatbank.ro\/lexikon\/termek\/bethlen-samuel-iktari-gr\/"},"modified":"2025-06-28T16:49:52","modified_gmt":"2025-06-28T14:49:52","slug":"bethlen-samuel-iktari-gr","status":"publish","type":"product","link":"https:\/\/uj.adatbank.ro\/lexikon\/termek\/bethlen-samuel-iktari-gr\/","title":{"rendered":"BETHLEN S\u00e1muel, ikt\u00e1ri gr."},"content":{"rendered":"<p>1698. febr. 10., \u2020 H\u00e9derf\u00e1ja, 1767. m\u00e1j. 14. Temett\u00e9k 1767. j\u00fan. 21. egy\u00fctt unok\u00e1j\u00e1val, gr. Sz\u00e9ki Teleki J\u00fali\u00e1n\u00e1val. Feles\u00e9g\u00e9vel a h\u00e9derf\u00e1ji ref. templom kript\u00e1j\u00e1ban nyugszanak: t\u00e1blai eln\u00f6k, bitokos. \u2013 Istv\u00e1n \u00e9s Macsk\u00e1si Krisztina fia. Feles\u00e9ge v\u00e1rhegyi gr. Keresztes Borb\u00e1la (1702 \u2020 1795). Gyermekeik: Domokos (1726\u20131791), S\u00e1muel, Katalin (. \u2020 1791) \u2013 H\u00e9derf\u00e1ji birtokos. Az ikt\u00e1ri B.-ek \u00e1g\u00e1b\u00f3l \u0151 \u00e9s ut\u00f3dai nyertek gr\u00f3fi c\u00edmet (1742. szept. 24.). A mv.-i kir. t\u00e1bla \u00fcln\u00f6ke (1750\u201360-as \u00e9vek). H\u00e9derf\u00e1ji ref. egyh\u00e1z b\u0151kez\u0171 t\u00e1mogat\u00f3ja, ez\u00fcst t\u00e1ny\u00e9rt (1723), \u00farasztali ter\u00edt\u0151t (1760), aranyozott ez\u00fcst kelyhet (1772) aj\u00e1nd\u00e9kozott, templomot \u00e9p\u00edttetett (1758), amelyet fel\u00faj\u00edtottak (2008). Mv.-en polg\u00e1ri esk\u00fct tett (1760. m\u00e1j. 5.). Hal\u00e1l\u00e1ra Kov\u00e1sznai S\u00e1ndor \u00edrt b\u00facs\u00faztat\u00f3t. <br \/><strong>Irod.:<\/strong> \u00c1rva Bethlen K.; Ga\u00e1l: Kv. vonz\u00e1s\u00e1ban; Kov\u00e1sznai; K\u00fck\u00fcll\u0151i Ref. Egyh\u00e1zm. 2.; Orb\u00e1n J\u00e1nos: T\u00e1blab\u00edr\u00e1k, f\u0151nemesek, pall\u00e9rok \u00e9s h\u00e1zak: V\u00e1rosk\u00e9p \u00e9s t\u00e1rsadalom v\u00e1ltoz\u00e1sai Mv.-en a Kir\u00e1lyi T\u00e1bla bek\u00f6lt\u00f6z\u00e9se ut\u00e1n [1754] =  K\u00f6nyvek \u00e1ltal \u2026; H\u00e9derf\u00e1ja \u00e9s egyh\u00e1za<\/br><\/p>\n","protected":false},"excerpt":{"rendered":"<p>1698. febr. 10., \u2020 H\u00e9derf\u00e1ja, 1767. m\u00e1j. 14. Temett\u00e9k 1767. j\u00fan. 21. egy\u00fctt unok\u00e1j\u00e1val, gr. Sz\u00e9ki Teleki J\u00fali\u00e1n\u00e1val. Feles\u00e9g\u00e9vel a h\u00e9derf\u00e1ji ref. templom kript\u00e1j\u00e1ban nyugszanak: t\u00e1blai eln\u00f6k, bitokos. \u2013 Istv\u00e1n \u00e9s Macsk\u00e1si Krisztina fia. Feles\u00e9ge v\u00e1rhegyi gr. Keresztes Borb\u00e1la (1702 \u2020 1795). Gyermekeik: Domokos (1726\u20131791), S\u00e1muel, Katalin (. \u2020 1791) \u2013 H\u00e9derf\u00e1ji birtokos. Az ikt\u00e1ri [&hellip;]<\/p>\n","protected":false},"featured_media":0,"comment_status":"open","ping_status":"closed","template":"","meta":[],"product_brand":[],"product_cat":[137],"product_tag":[],"class_list":{"0":"post-4680","1":"product","2":"type-product","3":"status-publish","5":"product_cat-maros-megyei-eletrajzi-lexikon","7":"first","8":"instock","9":"shipping-taxable","10":"product-type-simple"},"_links":{"self":[{"href":"https:\/\/uj.adatbank.ro\/lexikon\/wp-json\/wp\/v2\/product\/4680","targetHints":{"allow":["GET"]}}],"collection":[{"href":"https:\/\/uj.adatbank.ro\/lexikon\/wp-json\/wp\/v2\/product"}],"about":[{"href":"https:\/\/uj.adatbank.ro\/lexikon\/wp-json\/wp\/v2\/types\/product"}],"replies":[{"embeddable":true,"href":"https:\/\/uj.adatbank.ro\/lexikon\/wp-json\/wp\/v2\/comments?post=4680"}],"wp:attachment":[{"href":"https:\/\/uj.adatbank.ro\/lexikon\/wp-json\/wp\/v2\/media?parent=4680"}],"wp:term":[{"taxonomy":"product_brand","embeddable":true,"href":"https:\/\/uj.adatbank.ro\/lexikon\/wp-json\/wp\/v2\/product_brand?post=4680"},{"taxonomy":"product_cat","embeddable":true,"href":"https:\/\/uj.adatbank.ro\/lexikon\/wp-json\/wp\/v2\/product_cat?post=4680"},{"taxonomy":"product_tag","embeddable":true,"href":"https:\/\/uj.adatbank.ro\/lexikon\/wp-json\/wp\/v2\/product_tag?post=4680"}],"curies":[{"name":"wp","href":"https:\/\/api.w.org\/{rel}","templated":true}]}}

BETHLEN Sámuel, iktári gr.

<p>1698. febr. 10., † Héderfája, 1767. máj. 14. Temették 1767. jún. 21. együtt unokájával, gr. Széki Teleki Júliánával. Feleségével a héderfáji ref. templom kriptájában nyugszanak: táblai elnök, bitokos. – István és Macskási Krisztina fia. Felesége várhegyi gr. Keresztes Borbála (1702 † 1795). Gyermekeik: Domokos (1726–1791), Sámuel, Katalin (. † 1791) – Héderfáji birtokos. Az iktári B.-ek ágából ő és utódai nyertek grófi címet (1742. szept. 24.). A mv.-i kir. tábla ülnöke (1750–60-as évek). Héderfáji ref. egyház bőkezű támogatója, ezüst tányért (1723), úrasztali terítőt (1760), aranyozott ezüst kelyhet (1772) ajándékozott, templomot építtetett (1758), amelyet felújítottak (2008). Mv.-en polgári esküt tett (1760. máj. 5.). Halálára Kovásznai Sándor írt búcsúztatót. <br /><strong>Irod.:</strong> Árva Bethlen K.; Gaál: Kv. vonzásában; Kovásznai; Küküllői Ref. Egyházm. 2.; Orbán János: Táblabírák, főnemesek, pallérok és házak: Városkép és társadalom változásai Mv.-en a Királyi Tábla beköltözése után [1754] =  Könyvek által …; Héderfája és egyháza</br></p>

<p>1698. febr. 10., † Héderfája, 1767. máj. 14. Temették 1767. jún. 21. együtt unokájával, gr. Széki Teleki Júliánával. Feleségével a héderfáji ref. templom kriptájában nyugszanak: táblai elnök, bitokos. – István és Macskási Krisztina fia. Felesége várhegyi gr. Keresztes Borbála (1702 † 1795). Gyermekeik: Domokos (1726–1791), Sámuel, Katalin (. † 1791) – Héderfáji birtokos. Az iktári [&hellip;]</p>
