{"id":4683,"date":"2025-06-28T16:49:56","date_gmt":"2025-06-28T14:49:56","guid":{"rendered":"https:\/\/uj.adatbank.ro\/lexikon\/termek\/bethlen-sandor-bethleni-gr\/"},"modified":"2025-06-28T16:49:56","modified_gmt":"2025-06-28T14:49:56","slug":"bethlen-sandor-bethleni-gr","status":"publish","type":"product","link":"https:\/\/uj.adatbank.ro\/lexikon\/termek\/bethlen-sandor-bethleni-gr\/","title":{"rendered":"BETHLEN S\u00e1ndor, bethleni gr."},"content":{"rendered":"<p>1777. okt. 18., \u2020\u00a0Kv., 1863. j\u00fan. 8.: H\u00e1zsong\u00e1rdi temet\u0151ben a bethleni Bethlen csal\u00e1d kript\u00e1j\u00e1ban nyugszik: f\u00f6ldbirtokos. \u2013 B. S\u00e1ndor (1741\u20131793), gr. B. Karolina (1753\u20131826) fia. Imre testv\u00e9re. Feles\u00e9ge br. Kem\u00e9ny M\u00e1ria (1781\u20131854). Gyermekeik: S\u00e1ndor; Karolina gr. Bethlen Ferencn\u00e9; Erzs\u00e9bet gr. Mik\u00f3 Gy\u00f6rgyn\u00e9; Johana gr. Toroczkai Mikl\u00f3sn\u00e9; J\u00e1nos; M\u00e1ria br. Kem\u00e9ny Gy\u00f6rgyn\u00e9 \u2013 A mv-i Ref. Koll.-ban tanult. Az udvarhelyi Ref. Koll. f\u0151gondnoka. A b\u00fani kast\u00e9ly \u00e9s uradalom tulajdonosa. Az \u0151 idej\u00e9ben nyerte el a kast\u00e9ly v\u00e9gleges form\u00e1j\u00e1t, ekkor k\u00e9sz\u00fclt a f\u0151homlokzat klasszicista timp\u00e1nos form\u00e1ja. Hal\u00e1la ut\u00e1n \u00f6r\u00f6k\u00f6sei eladt\u00e1k a kast\u00e9lyt \u00e9s birtokot a z\u00e1goni Szentkereszthy Zsigmondnak. <br \/><strong>Irod.:<\/strong> Bicsok\u2013Orb\u00e1n; Az Erd\u00e9lyi Ref. Egyh\u00e1zker\u00fclet Kv.-on 1888. szept. 29.-okt. 2. tartott k\u00f6zgy\u0171l\u00e9s\u00e9nek jegyz\u0151k\u00f6nyve (Kv., 1888); Fogarasi; Gudenus; H\u00e1zsong\u00e1rd; Kempelen; Lev\u00e9lt\u00e1ri gy\u00e1szj.; Lukinich<\/br><\/p>\n","protected":false},"excerpt":{"rendered":"<p>1777. okt. 18., \u2020\u00a0Kv., 1863. j\u00fan. 8.: H\u00e1zsong\u00e1rdi temet\u0151ben a bethleni Bethlen csal\u00e1d kript\u00e1j\u00e1ban nyugszik: f\u00f6ldbirtokos. \u2013 B. S\u00e1ndor (1741\u20131793), gr. B. Karolina (1753\u20131826) fia. Imre testv\u00e9re. Feles\u00e9ge br. Kem\u00e9ny M\u00e1ria (1781\u20131854). Gyermekeik: S\u00e1ndor; Karolina gr. Bethlen Ferencn\u00e9; Erzs\u00e9bet gr. Mik\u00f3 Gy\u00f6rgyn\u00e9; Johana gr. Toroczkai Mikl\u00f3sn\u00e9; J\u00e1nos; M\u00e1ria br. Kem\u00e9ny Gy\u00f6rgyn\u00e9 \u2013 A mv-i Ref. [&hellip;]<\/p>\n","protected":false},"featured_media":0,"comment_status":"open","ping_status":"closed","template":"","meta":[],"product_brand":[],"product_cat":[137],"product_tag":[],"class_list":{"0":"post-4683","1":"product","2":"type-product","3":"status-publish","5":"product_cat-maros-megyei-eletrajzi-lexikon","7":"first","8":"instock","9":"shipping-taxable","10":"product-type-simple"},"_links":{"self":[{"href":"https:\/\/uj.adatbank.ro\/lexikon\/wp-json\/wp\/v2\/product\/4683","targetHints":{"allow":["GET"]}}],"collection":[{"href":"https:\/\/uj.adatbank.ro\/lexikon\/wp-json\/wp\/v2\/product"}],"about":[{"href":"https:\/\/uj.adatbank.ro\/lexikon\/wp-json\/wp\/v2\/types\/product"}],"replies":[{"embeddable":true,"href":"https:\/\/uj.adatbank.ro\/lexikon\/wp-json\/wp\/v2\/comments?post=4683"}],"wp:attachment":[{"href":"https:\/\/uj.adatbank.ro\/lexikon\/wp-json\/wp\/v2\/media?parent=4683"}],"wp:term":[{"taxonomy":"product_brand","embeddable":true,"href":"https:\/\/uj.adatbank.ro\/lexikon\/wp-json\/wp\/v2\/product_brand?post=4683"},{"taxonomy":"product_cat","embeddable":true,"href":"https:\/\/uj.adatbank.ro\/lexikon\/wp-json\/wp\/v2\/product_cat?post=4683"},{"taxonomy":"product_tag","embeddable":true,"href":"https:\/\/uj.adatbank.ro\/lexikon\/wp-json\/wp\/v2\/product_tag?post=4683"}],"curies":[{"name":"wp","href":"https:\/\/api.w.org\/{rel}","templated":true}]}}