{"id":4686,"date":"2025-06-28T16:50:02","date_gmt":"2025-06-28T14:50:02","guid":{"rendered":"https:\/\/uj.adatbank.ro\/lexikon\/termek\/bethlen-sandor-bethleni-gr-4\/"},"modified":"2025-06-28T16:50:02","modified_gmt":"2025-06-28T14:50:02","slug":"bethlen-sandor-bethleni-gr-4","status":"publish","type":"product","link":"https:\/\/uj.adatbank.ro\/lexikon\/termek\/bethlen-sandor-bethleni-gr-4\/","title":{"rendered":"BETHLEN S\u00e1ndor; bethleni gr."},"content":{"rendered":"<p>Kisb\u00fan, 1805. febr. 8., \u2020\u00a01888. aug. 24.: jog\u00e1sz, t\u00e1blab\u00edr\u00f3. \u2013 B. S\u00e1ndor \u00e9s br. Kem\u00e9ny M\u00e1ria fia. Feles\u00e9ge: Toldalaghy Zs\u00f3fia (1830), T. Zsigmond le\u00e1nya. Gyermekeik: Zsigmond, Gyula, K\u00e1lm\u00e1n. \u2013 Tanul\u00e1s\u00e1t a sz\u00fcl\u0151i h\u00e1zn\u00e1l kezdte h\u00e1zi nevel\u0151vel, azut\u00e1n a nagyenyedi Bethlen F\u0151tanoda poeica-classica oszt\u00e1ly\u00e1ban tanult, v\u00e9gezve a teol\u00f3gi\u00e1t is. Mv.-i \u00edt\u00e9l\u0151t\u00e1bl\u00e1n \u00e9s k\u00e9s\u0151bb a guberniumn\u00e1l volt kancellista. Doboka megye t\u00e1blab\u00edr\u00e1ja (1839\u201348), a szabads\u00e1gharcban mint a kv.-i vad\u00e1szz\u00e1szl\u00f3alj tagja vett r\u00e9szt. A nagysaj\u00f3i ref. egyh\u00e1z f\u0151gondnoka (1840\u2013). T\u00f6bb \u00e9ven kereszt\u00fcl mint a canonica vizitatio tagja l\u00e1togatta egyh\u00e1zait. <br \/><strong>Irod.:<\/strong> Az Erd\u00e9lyi Ref. Egyh\u00e1zker\u00fclet k\u00f6zgy\u0171l\u00e9s\u00e9nek jegyz\u0151k\u00f6nyve (Kv., 1888); Gudenus<\/br><\/p>\n","protected":false},"excerpt":{"rendered":"<p>Kisb\u00fan, 1805. febr. 8., \u2020\u00a01888. aug. 24.: jog\u00e1sz, t\u00e1blab\u00edr\u00f3. \u2013 B. S\u00e1ndor \u00e9s br. Kem\u00e9ny M\u00e1ria fia. Feles\u00e9ge: Toldalaghy Zs\u00f3fia (1830), T. Zsigmond le\u00e1nya. Gyermekeik: Zsigmond, Gyula, K\u00e1lm\u00e1n. \u2013 Tanul\u00e1s\u00e1t a sz\u00fcl\u0151i h\u00e1zn\u00e1l kezdte h\u00e1zi nevel\u0151vel, azut\u00e1n a nagyenyedi Bethlen F\u0151tanoda poeica-classica oszt\u00e1ly\u00e1ban tanult, v\u00e9gezve a teol\u00f3gi\u00e1t is. Mv.-i \u00edt\u00e9l\u0151t\u00e1bl\u00e1n \u00e9s k\u00e9s\u0151bb a guberniumn\u00e1l volt [&hellip;]<\/p>\n","protected":false},"featured_media":0,"comment_status":"open","ping_status":"closed","template":"","meta":[],"product_brand":[],"product_cat":[137],"product_tag":[],"class_list":{"0":"post-4686","1":"product","2":"type-product","3":"status-publish","5":"product_cat-maros-megyei-eletrajzi-lexikon","7":"first","8":"instock","9":"shipping-taxable","10":"product-type-simple"},"_links":{"self":[{"href":"https:\/\/uj.adatbank.ro\/lexikon\/wp-json\/wp\/v2\/product\/4686","targetHints":{"allow":["GET"]}}],"collection":[{"href":"https:\/\/uj.adatbank.ro\/lexikon\/wp-json\/wp\/v2\/product"}],"about":[{"href":"https:\/\/uj.adatbank.ro\/lexikon\/wp-json\/wp\/v2\/types\/product"}],"replies":[{"embeddable":true,"href":"https:\/\/uj.adatbank.ro\/lexikon\/wp-json\/wp\/v2\/comments?post=4686"}],"wp:attachment":[{"href":"https:\/\/uj.adatbank.ro\/lexikon\/wp-json\/wp\/v2\/media?parent=4686"}],"wp:term":[{"taxonomy":"product_brand","embeddable":true,"href":"https:\/\/uj.adatbank.ro\/lexikon\/wp-json\/wp\/v2\/product_brand?post=4686"},{"taxonomy":"product_cat","embeddable":true,"href":"https:\/\/uj.adatbank.ro\/lexikon\/wp-json\/wp\/v2\/product_cat?post=4686"},{"taxonomy":"product_tag","embeddable":true,"href":"https:\/\/uj.adatbank.ro\/lexikon\/wp-json\/wp\/v2\/product_tag?post=4686"}],"curies":[{"name":"wp","href":"https:\/\/api.w.org\/{rel}","templated":true}]}}

BETHLEN Sándor; bethleni gr.

<p>Kisbún, 1805. febr. 8., † 1888. aug. 24.: jogász, táblabíró. – B. Sándor és br. Kemény Mária fia. Felesége: Toldalaghy Zsófia (1830), T. Zsigmond leánya. Gyermekeik: Zsigmond, Gyula, Kálmán. – Tanulását a szülői háznál kezdte házi nevelővel, azután a nagyenyedi Bethlen Főtanoda poeica-classica osztályában tanult, végezve a teológiát is. Mv.-i ítélőtáblán és később a guberniumnál volt kancellista. Doboka megye táblabírája (1839–48), a szabadságharcban mint a kv.-i vadászzászlóalj tagja vett részt. A nagysajói ref. egyház főgondnoka (1840–). Több éven keresztül mint a canonica vizitatio tagja látogatta egyházait. <br /><strong>Irod.:</strong> Az Erdélyi Ref. Egyházkerület közgyűlésének jegyzőkönyve (Kv., 1888); Gudenus</br></p>

<p>Kisbún, 1805. febr. 8., † 1888. aug. 24.: jogász, táblabíró. – B. Sándor és br. Kemény Mária fia. Felesége: Toldalaghy Zsófia (1830), T. Zsigmond leánya. Gyermekeik: Zsigmond, Gyula, Kálmán. – Tanulását a szülői háznál kezdte házi nevelővel, azután a nagyenyedi Bethlen Főtanoda poeica-classica osztályában tanult, végezve a teológiát is. Mv.-i ítélőtáblán és később a guberniumnál volt [&hellip;]</p>
