{"id":4689,"date":"2025-06-28T16:50:07","date_gmt":"2025-06-28T14:50:07","guid":{"rendered":"https:\/\/uj.adatbank.ro\/lexikon\/termek\/bethlen-zsofia-bethleni-szoverdi-gaspar-janosne\/"},"modified":"2025-06-28T16:50:07","modified_gmt":"2025-06-28T14:50:07","slug":"bethlen-zsofia-bethleni-szoverdi-gaspar-janosne","status":"publish","type":"product","link":"https:\/\/uj.adatbank.ro\/lexikon\/termek\/bethlen-zsofia-bethleni-szoverdi-gaspar-janosne\/","title":{"rendered":"BETHLEN Zs\u00f3fia, bethleni, Sz\u00f6v\u00e9rdi G\u00e1sp\u00e1r J\u00e1nosn\u00e9"},"content":{"rendered":"<p>1593 k., \u2020 ?: f\u00f6ldbirtokos. \u2013 B. Gy\u00f6rgy (\u2020 1589) \u00e9s Thoroczkay Kata le\u00e1nya. Testv\u00e9re: Gy\u00f6rgy. F\u00e9rje Sz\u00f6v\u00e9rdi G\u00e1sp\u00e1r J\u00e1nos (1571\u20131625). Esk\u00fcv\u0151 (1616). \u2013 F\u00e9rj\u00e9vel k\u00f6z\u00f6sen a gyulakutai ref. templom c\u00edmeres kazett\u00e1s mennyezet\u00e9nek megrendel\u0151je (1625), k\u00e9sz\u00edt\u0151je mez\u0151b\u00e1ndi Egerh\u00e1zi J\u00e1nos, Bethlen G\u00e1bor fejedelem udvari k\u00e9p\u00edr\u00f3ja. F\u00e9rje hal\u00e1la ut\u00e1n \u00f3v\u00e1st tett az ellen, hogy a fejedelem a Szentmikl\u00f3s, Cseb, Vadasd, \u00c1kosfalva, Cs\u00f3kfalva, Szov\u00e1ta falvakban l\u00e9v\u0151, f\u00e9rj\u00e9vel k\u00f6z\u00f6sen v\u00e1s\u00e1rolt birtokukat, ikl\u00f3di Toldalagi Mih\u00e1lynak adom\u00e1nyozta (1628). A mez\u0151paniti birtok tulajdonosa, ezt Gy\u00f6rgy testv\u00e9r\u00e9nek adom\u00e1nyozta az udvarh\u00e1zzal \u00e9s a malommal egy\u00fctt (1630). <br \/><strong>Irod.:<\/strong> Gudenus; Lukinich; K. L. M\u0171v. t\u00f6rt. tan. 1.; Mez\u0151panit; SzOkl, 4, ; Pesty 2014; Veress Endre 1917<\/br><\/p>\n","protected":false},"excerpt":{"rendered":"<p>1593 k., \u2020 ?: f\u00f6ldbirtokos. \u2013 B. Gy\u00f6rgy (\u2020 1589) \u00e9s Thoroczkay Kata le\u00e1nya. Testv\u00e9re: Gy\u00f6rgy. F\u00e9rje Sz\u00f6v\u00e9rdi G\u00e1sp\u00e1r J\u00e1nos (1571\u20131625). Esk\u00fcv\u0151 (1616). \u2013 F\u00e9rj\u00e9vel k\u00f6z\u00f6sen a gyulakutai ref. templom c\u00edmeres kazett\u00e1s mennyezet\u00e9nek megrendel\u0151je (1625), k\u00e9sz\u00edt\u0151je mez\u0151b\u00e1ndi Egerh\u00e1zi J\u00e1nos, Bethlen G\u00e1bor fejedelem udvari k\u00e9p\u00edr\u00f3ja. F\u00e9rje hal\u00e1la ut\u00e1n \u00f3v\u00e1st tett az ellen, hogy a fejedelem a [&hellip;]<\/p>\n","protected":false},"featured_media":0,"comment_status":"open","ping_status":"closed","template":"","meta":[],"product_brand":[],"product_cat":[137],"product_tag":[],"class_list":{"0":"post-4689","1":"product","2":"type-product","3":"status-publish","5":"product_cat-maros-megyei-eletrajzi-lexikon","7":"first","8":"instock","9":"shipping-taxable","10":"product-type-simple"},"_links":{"self":[{"href":"https:\/\/uj.adatbank.ro\/lexikon\/wp-json\/wp\/v2\/product\/4689","targetHints":{"allow":["GET"]}}],"collection":[{"href":"https:\/\/uj.adatbank.ro\/lexikon\/wp-json\/wp\/v2\/product"}],"about":[{"href":"https:\/\/uj.adatbank.ro\/lexikon\/wp-json\/wp\/v2\/types\/product"}],"replies":[{"embeddable":true,"href":"https:\/\/uj.adatbank.ro\/lexikon\/wp-json\/wp\/v2\/comments?post=4689"}],"wp:attachment":[{"href":"https:\/\/uj.adatbank.ro\/lexikon\/wp-json\/wp\/v2\/media?parent=4689"}],"wp:term":[{"taxonomy":"product_brand","embeddable":true,"href":"https:\/\/uj.adatbank.ro\/lexikon\/wp-json\/wp\/v2\/product_brand?post=4689"},{"taxonomy":"product_cat","embeddable":true,"href":"https:\/\/uj.adatbank.ro\/lexikon\/wp-json\/wp\/v2\/product_cat?post=4689"},{"taxonomy":"product_tag","embeddable":true,"href":"https:\/\/uj.adatbank.ro\/lexikon\/wp-json\/wp\/v2\/product_tag?post=4689"}],"curies":[{"name":"wp","href":"https:\/\/api.w.org\/{rel}","templated":true}]}}

BETHLEN Zsófia, bethleni, Szövérdi Gáspár Jánosné

<p>1593 k., † ?: földbirtokos. – B. György († 1589) és Thoroczkay Kata leánya. Testvére: György. Férje Szövérdi Gáspár János (1571–1625). Esküvő (1616). – Férjével közösen a gyulakutai ref. templom címeres kazettás mennyezetének megrendelője (1625), készítője mezőbándi Egerházi János, Bethlen Gábor fejedelem udvari képírója. Férje halála után óvást tett az ellen, hogy a fejedelem a Szentmiklós, Cseb, Vadasd, Ákosfalva, Csókfalva, Szováta falvakban lévő, férjével közösen vásárolt birtokukat, iklódi Toldalagi Mihálynak adományozta (1628). A mezőpaniti birtok tulajdonosa, ezt György testvérének adományozta az udvarházzal és a malommal együtt (1630). <br /><strong>Irod.:</strong> Gudenus; Lukinich; K. L. Műv. tört. tan. 1.; Mezőpanit; SzOkl, 4, ; Pesty 2014; Veress Endre 1917</br></p>

<p>1593 k., † ?: földbirtokos. – B. György († 1589) és Thoroczkay Kata leánya. Testvére: György. Férje Szövérdi Gáspár János (1571–1625). Esküvő (1616). – Férjével közösen a gyulakutai ref. templom címeres kazettás mennyezetének megrendelője (1625), készítője mezőbándi Egerházi János, Bethlen Gábor fejedelem udvari képírója. Férje halála után óvást tett az ellen, hogy a fejedelem a [&hellip;]</p>
