{"id":4696,"date":"2025-06-28T16:50:24","date_gmt":"2025-06-28T14:50:24","guid":{"rendered":"https:\/\/uj.adatbank.ro\/lexikon\/termek\/beu-dumitru\/"},"modified":"2025-06-28T16:50:24","modified_gmt":"2025-06-28T14:50:24","slug":"beu-dumitru","status":"publish","type":"product","link":"https:\/\/uj.adatbank.ro\/lexikon\/termek\/beu-dumitru\/","title":{"rendered":"BEU Dumitru"},"content":{"rendered":"<p>Kisapold, 1905. \u2020 Kv., 1984.: ezredes, f\u00f6ldbirtokos. \u2013 Feles\u00e9ge: Simon D\u00e9nes, szentp\u00e9treri f\u00f6dbirtokos l\u00e1nya. \u2013 Uzdiszentp\u00e9teri f\u00f6ldbirtokos, h\u00e1zas\u00e1g r\u00e9v\u00e9n jutott a nagy f\u00f6ldbirtok tulajdon\u00e1ba, ap\u00f3s\u00e1t\u00f3l 200 hold f\u00f6ldet \u00f6r\u00f6k\u00f6lt. \u2013 T\u00eergoviste-ben lovass\u00e1gi tiszti iskol\u00e1t v\u00e9gzett (1929) \u00e9s ezredesi rangig jutott. A birtokon udvarh\u00e1zat \u00e9p\u00edttetett, a f\u00f6ldeket b\u00e9rl\u0151knek adta ki \u00e9s katonai p\u00e1ly\u00e1t folytatott. R\u00e9szt vett a II. vh.-ban, harcolt Krimben, a Donkanyarn\u00e1l, Mo.-on, a T\u00e1tra hegys\u00e9gben. A harcok sor\u00e1n k\u00e9t alkalommal sebes\u00fclt meg. A h\u00e1bor\u00fa ut\u00e1n a kv.-i katonai parancsnoks\u00e1g parancsnoka volt. Ebb\u0151l a tiszts\u00e9gb\u0151l f\u00f6ldbirtokos volta miatt mentett\u00e9k fel \u00e9s tartal\u00e9kba helyezt\u00e9k (1947). A kommunista rendszerben oszt\u00e1lyellens\u00e9gnek nyilv\u00e1n\u00edtott\u00e1k, \u00fcld\u00f6zt\u00e9k, letart\u00f3ztatt\u00e1k \u00e9s a szamos\u00fajv\u00e1ri b\u00f6rt\u00f6nbe z\u00e1rt\u00e1k (1948), azut\u00e1n k\u00e9nyszerlakhelye Mv. volt (1950), v\u00e9g\u00fcl Cernavod\u00e1ra k\u00e9nyszermunk\u00e1ra hurcolt\u00e1k (1950\u201353). H\u00e1bor\u00fas b\u0171n\u0151snek \u00e9s a n\u00e9p ellens\u00e9g\u00e9nek nyilv\u00e1n\u00edtott\u00e1k, \u00e9s 12 \u00e9vi k\u00e9nyszermunk\u00e1ra \u00edt\u00e9lt\u00e9k. Buk.-ben, Jilav\u00e1n, Medgidi\u00e1n, Poarta Alb\u0103ban \u00e9s Nagyenyeden tartott\u00e1k fogva. Kiszabadult (1965), \u00e9s Kv.-on az \u00fat\u00e1szokn\u00e1l dolgozott, amig rehabilit\u00e1lt\u00e1k (1968), majd katonai nyugd\u00edjat kapott. <br \/><strong>Irod.:<\/strong> S\u00e2npetru de C\u00e2mpie<\/br><\/p>\n","protected":false},"excerpt":{"rendered":"<p>Kisapold, 1905. \u2020 Kv., 1984.: ezredes, f\u00f6ldbirtokos. \u2013 Feles\u00e9ge: Simon D\u00e9nes, szentp\u00e9treri f\u00f6dbirtokos l\u00e1nya. \u2013 Uzdiszentp\u00e9teri f\u00f6ldbirtokos, h\u00e1zas\u00e1g r\u00e9v\u00e9n jutott a nagy f\u00f6ldbirtok tulajdon\u00e1ba, ap\u00f3s\u00e1t\u00f3l 200 hold f\u00f6ldet \u00f6r\u00f6k\u00f6lt. \u2013 T\u00eergoviste-ben lovass\u00e1gi tiszti iskol\u00e1t v\u00e9gzett (1929) \u00e9s ezredesi rangig jutott. A birtokon udvarh\u00e1zat \u00e9p\u00edttetett, a f\u00f6ldeket b\u00e9rl\u0151knek adta ki \u00e9s katonai p\u00e1ly\u00e1t folytatott. R\u00e9szt vett [&hellip;]<\/p>\n","protected":false},"featured_media":0,"comment_status":"open","ping_status":"closed","template":"","meta":[],"product_brand":[],"product_cat":[137],"product_tag":[],"class_list":{"0":"post-4696","1":"product","2":"type-product","3":"status-publish","5":"product_cat-maros-megyei-eletrajzi-lexikon","7":"first","8":"instock","9":"shipping-taxable","10":"product-type-simple"},"_links":{"self":[{"href":"https:\/\/uj.adatbank.ro\/lexikon\/wp-json\/wp\/v2\/product\/4696","targetHints":{"allow":["GET"]}}],"collection":[{"href":"https:\/\/uj.adatbank.ro\/lexikon\/wp-json\/wp\/v2\/product"}],"about":[{"href":"https:\/\/uj.adatbank.ro\/lexikon\/wp-json\/wp\/v2\/types\/product"}],"replies":[{"embeddable":true,"href":"https:\/\/uj.adatbank.ro\/lexikon\/wp-json\/wp\/v2\/comments?post=4696"}],"wp:attachment":[{"href":"https:\/\/uj.adatbank.ro\/lexikon\/wp-json\/wp\/v2\/media?parent=4696"}],"wp:term":[{"taxonomy":"product_brand","embeddable":true,"href":"https:\/\/uj.adatbank.ro\/lexikon\/wp-json\/wp\/v2\/product_brand?post=4696"},{"taxonomy":"product_cat","embeddable":true,"href":"https:\/\/uj.adatbank.ro\/lexikon\/wp-json\/wp\/v2\/product_cat?post=4696"},{"taxonomy":"product_tag","embeddable":true,"href":"https:\/\/uj.adatbank.ro\/lexikon\/wp-json\/wp\/v2\/product_tag?post=4696"}],"curies":[{"name":"wp","href":"https:\/\/api.w.org\/{rel}","templated":true}]}}

<p>Kisapold, 1905. † Kv., 1984.: ezredes, földbirtokos. – Felesége: Simon Dénes, szentpétreri födbirtokos lánya. – Uzdiszentpéteri földbirtokos, házaság révén jutott a nagy földbirtok tulajdonába, apósától 200 hold földet örökölt. – Tîrgoviste-ben lovassági tiszti iskolát végzett (1929) és ezredesi rangig jutott. A birtokon udvarházat építtetett, a földeket bérlőknek adta ki és katonai pályát folytatott. Részt vett a II. vh.-ban, harcolt Krimben, a Donkanyarnál, Mo.-on, a Tátra hegységben. A harcok során két alkalommal sebesült meg. A háború után a kv.-i katonai parancsnokság parancsnoka volt. Ebből a tisztségből földbirtokos volta miatt mentették fel és tartalékba helyezték (1947). A kommunista rendszerben osztályellenségnek nyilvánították, üldözték, letartóztatták és a szamosújvári börtönbe zárták (1948), azután kényszerlakhelye Mv. volt (1950), végül Cernavodára kényszermunkára hurcolták (1950–53). Háborús bűnősnek és a nép ellenségének nyilvánították, és 12 évi kényszermunkára ítélték. Buk.-ben, Jilaván, Medgidián, Poarta Albăban és Nagyenyeden tartották fogva. Kiszabadult (1965), és Kv.-on az útászoknál dolgozott, amig rehabilitálták (1968), majd katonai nyugdíjat kapott. <br /><strong>Irod.:</strong> Sânpetru de Câmpie</br></p>

<p>Kisapold, 1905. † Kv., 1984.: ezredes, földbirtokos. – Felesége: Simon Dénes, szentpétreri födbirtokos lánya. – Uzdiszentpéteri földbirtokos, házaság révén jutott a nagy földbirtok tulajdonába, apósától 200 hold földet örökölt. – Tîrgoviste-ben lovassági tiszti iskolát végzett (1929) és ezredesi rangig jutott. A birtokon udvarházat építtetett, a földeket bérlőknek adta ki és katonai pályát folytatott. Részt vett [&hellip;]</p>
