{"id":4711,"date":"2025-06-28T16:50:51","date_gmt":"2025-06-28T14:50:51","guid":{"rendered":"https:\/\/uj.adatbank.ro\/lexikon\/termek\/bibo-samu\/"},"modified":"2025-06-28T16:50:51","modified_gmt":"2025-06-28T14:50:51","slug":"bibo-samu","status":"publish","type":"product","link":"https:\/\/uj.adatbank.ro\/lexikon\/termek\/bibo-samu\/","title":{"rendered":"BIB\u00d3 Samu"},"content":{"rendered":"<p>1874., \u2020\u00a0? : k\u00f6zs\u00e9gi jegyz\u0151. \u2013 Nagyenyeden \u00e9retts\u00e9gizett, majd Sz\u00e1szugr\u00e1n k\u00f6zs\u00e9gi jegyz\u0151 lett (1897\u20131927). K\u00e9nyszernyugd\u00edjaz\u00e1sa ut\u00e1n Mv.-en \u00e9lt. <br \/><strong>Irod.:<\/strong> Sz\u00e9kelyf\u00f6ld \u00ed. k<\/br><\/p>\n","protected":false},"excerpt":{"rendered":"<p>1874., \u2020\u00a0? : k\u00f6zs\u00e9gi jegyz\u0151. \u2013 Nagyenyeden \u00e9retts\u00e9gizett, majd Sz\u00e1szugr\u00e1n k\u00f6zs\u00e9gi jegyz\u0151 lett (1897\u20131927). K\u00e9nyszernyugd\u00edjaz\u00e1sa ut\u00e1n Mv.-en \u00e9lt. Irod.: Sz\u00e9kelyf\u00f6ld \u00ed. k<\/p>\n","protected":false},"featured_media":0,"comment_status":"open","ping_status":"closed","template":"","meta":[],"product_brand":[],"product_cat":[137],"product_tag":[],"class_list":{"0":"post-4711","1":"product","2":"type-product","3":"status-publish","5":"product_cat-maros-megyei-eletrajzi-lexikon","7":"first","8":"instock","9":"shipping-taxable","10":"product-type-simple"},"_links":{"self":[{"href":"https:\/\/uj.adatbank.ro\/lexikon\/wp-json\/wp\/v2\/product\/4711","targetHints":{"allow":["GET"]}}],"collection":[{"href":"https:\/\/uj.adatbank.ro\/lexikon\/wp-json\/wp\/v2\/product"}],"about":[{"href":"https:\/\/uj.adatbank.ro\/lexikon\/wp-json\/wp\/v2\/types\/product"}],"replies":[{"embeddable":true,"href":"https:\/\/uj.adatbank.ro\/lexikon\/wp-json\/wp\/v2\/comments?post=4711"}],"wp:attachment":[{"href":"https:\/\/uj.adatbank.ro\/lexikon\/wp-json\/wp\/v2\/media?parent=4711"}],"wp:term":[{"taxonomy":"product_brand","embeddable":true,"href":"https:\/\/uj.adatbank.ro\/lexikon\/wp-json\/wp\/v2\/product_brand?post=4711"},{"taxonomy":"product_cat","embeddable":true,"href":"https:\/\/uj.adatbank.ro\/lexikon\/wp-json\/wp\/v2\/product_cat?post=4711"},{"taxonomy":"product_tag","embeddable":true,"href":"https:\/\/uj.adatbank.ro\/lexikon\/wp-json\/wp\/v2\/product_tag?post=4711"}],"curies":[{"name":"wp","href":"https:\/\/api.w.org\/{rel}","templated":true}]}}