{"id":4712,"date":"2025-06-28T16:50:53","date_gmt":"2025-06-28T14:50:53","guid":{"rendered":"https:\/\/uj.adatbank.ro\/lexikon\/termek\/bica-iosif\/"},"modified":"2025-06-28T16:50:53","modified_gmt":"2025-06-28T14:50:53","slug":"bica-iosif","status":"publish","type":"product","link":"https:\/\/uj.adatbank.ro\/lexikon\/termek\/bica-iosif\/","title":{"rendered":"BICA Iosif"},"content":{"rendered":"<p>? \u2020\u00a0? : szolgab\u00edr\u00f3. \u2013 Nagys\u00e1rm\u00e1s szolgab\u00edr\u00f3ja, k\u00f6z\u00f6sen Lanz L\u00e1szl\u00f3 g\u00e1rdakapit\u00e1nnyal \u00e9s Szalai nagys\u00e1rm\u00e1si polg\u00e1rmesterrel parancsot adtak ki a Tord\u00e1ra \u00e9s S\u00e1rm\u00e1sra k\u00e9nyszerlakhelyre hurcolt zsid\u00f3 csal\u00e1dok kiv\u00e9gz\u00e9s\u00e9re. Kiss\u00e1rm\u00e1s mellett, a Kv.-Mv. \u00fat (53\u201354 km.) k\u00f6zel\u00e9ben kiv\u00e9geztek 126 zsid\u00f3 embert, a saj\u00e1t maguk \u00e1sta s\u00edrba dobt\u00e1k tetemeiket (1944. szept. 5.). A t\u00f6megs\u00edrt dr. Emil Mora s\u00e1rm\u00e1si orvos \u00e9s dr. Gavril Ghitta uzdiszentp\u00e9teri orvos jelenl\u00e9t\u00e9ben t\u00e1rt\u00e1k fel (1945.). <br \/><strong>Irod.:<\/strong> S\u00e2npetru de C\u00e2mpie<\/br><\/p>\n","protected":false},"excerpt":{"rendered":"<p>? \u2020\u00a0? : szolgab\u00edr\u00f3. \u2013 Nagys\u00e1rm\u00e1s szolgab\u00edr\u00f3ja, k\u00f6z\u00f6sen Lanz L\u00e1szl\u00f3 g\u00e1rdakapit\u00e1nnyal \u00e9s Szalai nagys\u00e1rm\u00e1si polg\u00e1rmesterrel parancsot adtak ki a Tord\u00e1ra \u00e9s S\u00e1rm\u00e1sra k\u00e9nyszerlakhelyre hurcolt zsid\u00f3 csal\u00e1dok kiv\u00e9gz\u00e9s\u00e9re. Kiss\u00e1rm\u00e1s mellett, a Kv.-Mv. \u00fat (53\u201354 km.) k\u00f6zel\u00e9ben kiv\u00e9geztek 126 zsid\u00f3 embert, a saj\u00e1t maguk \u00e1sta s\u00edrba dobt\u00e1k tetemeiket (1944. szept. 5.). A t\u00f6megs\u00edrt dr. Emil Mora s\u00e1rm\u00e1si [&hellip;]<\/p>\n","protected":false},"featured_media":0,"comment_status":"open","ping_status":"closed","template":"","meta":[],"product_brand":[],"product_cat":[137],"product_tag":[],"class_list":{"0":"post-4712","1":"product","2":"type-product","3":"status-publish","5":"product_cat-maros-megyei-eletrajzi-lexikon","7":"first","8":"instock","9":"shipping-taxable","10":"product-type-simple"},"_links":{"self":[{"href":"https:\/\/uj.adatbank.ro\/lexikon\/wp-json\/wp\/v2\/product\/4712","targetHints":{"allow":["GET"]}}],"collection":[{"href":"https:\/\/uj.adatbank.ro\/lexikon\/wp-json\/wp\/v2\/product"}],"about":[{"href":"https:\/\/uj.adatbank.ro\/lexikon\/wp-json\/wp\/v2\/types\/product"}],"replies":[{"embeddable":true,"href":"https:\/\/uj.adatbank.ro\/lexikon\/wp-json\/wp\/v2\/comments?post=4712"}],"wp:attachment":[{"href":"https:\/\/uj.adatbank.ro\/lexikon\/wp-json\/wp\/v2\/media?parent=4712"}],"wp:term":[{"taxonomy":"product_brand","embeddable":true,"href":"https:\/\/uj.adatbank.ro\/lexikon\/wp-json\/wp\/v2\/product_brand?post=4712"},{"taxonomy":"product_cat","embeddable":true,"href":"https:\/\/uj.adatbank.ro\/lexikon\/wp-json\/wp\/v2\/product_cat?post=4712"},{"taxonomy":"product_tag","embeddable":true,"href":"https:\/\/uj.adatbank.ro\/lexikon\/wp-json\/wp\/v2\/product_tag?post=4712"}],"curies":[{"name":"wp","href":"https:\/\/api.w.org\/{rel}","templated":true}]}}

<p>? † ? : szolgabíró. – Nagysármás szolgabírója, közösen Lanz László gárdakapitánnyal és Szalai nagysármási polgármesterrel parancsot adtak ki a Tordára és Sármásra kényszerlakhelyre hurcolt zsidó családok kivégzésére. Kissármás mellett, a Kv.-Mv. út (53–54 km.) közelében kivégeztek 126 zsidó embert, a saját maguk ásta sírba dobták tetemeiket (1944. szept. 5.). A tömegsírt dr. Emil Mora sármási orvos és dr. Gavril Ghitta uzdiszentpéteri orvos jelenlétében tárták fel (1945.). <br /><strong>Irod.:</strong> Sânpetru de Câmpie</br></p>

<p>? † ? : szolgabíró. – Nagysármás szolgabírója, közösen Lanz László gárdakapitánnyal és Szalai nagysármási polgármesterrel parancsot adtak ki a Tordára és Sármásra kényszerlakhelyre hurcolt zsidó családok kivégzésére. Kissármás mellett, a Kv.-Mv. út (53–54 km.) közelében kivégeztek 126 zsidó embert, a saját maguk ásta sírba dobták tetemeiket (1944. szept. 5.). A tömegsírt dr. Emil Mora sármási [&hellip;]</p>
